{"id":119888,"date":"2024-10-28T10:39:02","date_gmt":"2024-10-28T09:39:02","guid":{"rendered":"https:\/\/egidimadeinitaly.com\/?post_type=artisti&#038;p=119888"},"modified":"2025-03-02T10:02:20","modified_gmt":"2025-03-02T09:02:20","slug":"tomas-martin-rebollo","status":"publish","type":"artisti","link":"https:\/\/egidimadeinitaly.com\/fr\/artisti\/tomas-martin-rebollo\/","title":{"rendered":"Tom\u00e1s Mart\u00edn Rebollo"},"content":{"rendered":"<p><strong>Tom\u00e1s Mart\u00edn Rebollo <\/strong>est un artiste n\u00e9 \u00e0 Grenade, en Espagne, en 1858 et mort \u00e0 Madrid en 1919.<\/p>\n<p>Il se forme \u00e0 Grenade aupr\u00e8s de Juli\u00e1n Sanz del Valle, dont il suit rigoureusement et fid\u00e8lement le style pendant ses premi\u00e8res ann\u00e9es.<\/p>\n<p>\u00c0 partir de 1883, il \u00e9tudie \u00e0 l&rsquo;<strong>\u00c9cole sp\u00e9ciale de peinture<\/strong>, de <strong>sculpture et de gravure de l&rsquo;Acad\u00e9mie San Fernando de Madrid,<\/strong> o\u00f9 il se sp\u00e9cialise dans la peinture de paysages.<\/p>\n<p>Lors de son s\u00e9jour \u00e0 Madrid, on peut constater l&#8217;empreinte profonde que Mariano Fortuny a laiss\u00e9e sur son style.<\/p>\n<p>Il participe \u00e0 plusieurs expositions nationales des beaux-arts ; \u00e0 celle de 1881, il pr\u00e9sente deux aquarelles intitul\u00e9es <em>Recuerdos de Granada (\u00ab Souvenirs de Grenade \u00bb) <\/em>et \u00e0 celle de 1908, il re\u00e7oit une mention honorable.<\/p>\n<p>Il re\u00e7oit deux m\u00e9dailles d&rsquo;argent lors d&rsquo;expositions provinciales.<\/p>\n<h2><strong>La p\u00e9riode romaine<\/strong><\/h2>\n<p>En janvier 1912, il obtient une pension du Conseil provincial de Grenade pour vivre \u00e0 Rome et perfectionner ses techniques et ses comp\u00e9tences de peintre paysagiste. Cette ann\u00e9e-l\u00e0, il voyage dans toute l&rsquo;Italie, peignant des sc\u00e8nes populaires et des vues de paysages de diff\u00e9rentes villes \u00e0 la vie tr\u00e9pidante. Un bon exemple de son habilet\u00e9 technique est une <em>Veduta di Roma, <\/em>sign\u00e9e mais non dat\u00e9e, que le Museo del Prado a d\u00e9pos\u00e9e au Museo de Bellas Artes de Badajoz.<\/p>\n<p>\u00c0 son retour d&rsquo;Italie, en mai de la m\u00eame ann\u00e9e, il expose le fruit de son travail au Sal\u00f3n Iturrioz de Madrid, avec un succ\u00e8s consid\u00e9rable.<\/p>\n<p>On sait qu&rsquo;il s&rsquo;est sp\u00e9cialis\u00e9 dans les aquarelles et les paysages \u00e0 l&rsquo;huile, ainsi que dans de nombreux portraits de commande, comme celui d&rsquo;<em>Alphonse XIII, <\/em>peint en 1915 pour la Direction g\u00e9n\u00e9rale des beaux-arts et donn\u00e9 par Mariano Benlliure \u00e0 l&rsquo;Acad\u00e9mie royale d&rsquo;histoire <em>.<\/em><\/p>\n<p>Il meurt \u00e0 Madrid le 8 f\u00e9vrier 1919<\/p>\n<p>De notre magasin, une \u0153uvre sur panneau de <strong><a href=\"https:\/\/egidimadeinitaly.com\/fr\/produit\/art-ancien\/tableaux-anciens-fr\/tomas-martin-rebollo-oeuvre\/\">Tom\u00e1s Mart\u00edn Rebollo repr\u00e9sentant une excursion dans la campagne romaine<\/a>.<\/strong><\/p>\n<p>&nbsp;<\/p>\n","protected":false},"excerpt":{"rendered":"<p>En janvier 1912, il obtient une pension du Conseil provincial de Grenade pour vivre \u00e0 Rome et perfectionner ses techniques et ses comp\u00e9tences de peintre paysagiste.<\/p>\n","protected":false},"featured_media":119892,"parent":0,"template":"","format":"standard","meta":{"_acf_changed":false},"tags":[6513],"class_list":["post-119888","artisti","type-artisti","status-publish","format-standard","has-post-thumbnail","hentry","tags-r"],"acf":[],"yoast_head":"<!-- This site is optimized with the Yoast SEO Premium plugin v27.4 (Yoast SEO v27.5) - https:\/\/yoast.com\/product\/yoast-seo-premium-wordpress\/ -->\n<title>Tom\u00e1s Mart\u00edn Rebollo - Egidi MadeinItaly<\/title>\n<meta name=\"description\" content=\"Achat et vente d&#039;\u0153uvres de Mart\u00edn Rebollo (\u00e9galement connu sous le nom de Tomas Martin Y Robollo) Artiste espagnol du 19e si\u00e8cle\" \/>\n<meta name=\"robots\" content=\"index, follow, max-snippet:-1, max-image-preview:large, max-video-preview:-1\" \/>\n<link rel=\"canonical\" href=\"https:\/\/egidimadeinitaly.com\/fr\/artistes\/tomas-martin-rebollo\/\" \/>\n<meta property=\"og:locale\" content=\"fr_FR\" \/>\n<meta property=\"og:type\" content=\"article\" \/>\n<meta property=\"og:title\" content=\"Tom\u00e1s Mart\u00edn Rebollo\" \/>\n<meta property=\"og:description\" content=\"En janvier 1912, il obtient une pension du Conseil provincial de Grenade pour vivre \u00e0 Rome et perfectionner ses techniques et ses comp\u00e9tences de peintre paysagiste.\" \/>\n<meta property=\"og:url\" content=\"https:\/\/egidimadeinitaly.com\/fr\/artistes\/tomas-martin-rebollo\/\" \/>\n<meta property=\"og:site_name\" content=\"Egidi MadeinItaly\" \/>\n<meta property=\"article:publisher\" content=\"https:\/\/www.facebook.com\/egidimadeinitaly\/\" \/>\n<meta property=\"article:modified_time\" content=\"2025-03-02T09:02:20+00:00\" \/>\n<meta property=\"og:image\" content=\"https:\/\/egidimadeinitaly.com\/wp-content\/uploads\/2024\/10\/tomas-martin-rebollo-opera-su-tavola-scaled.webp\" \/>\n\t<meta property=\"og:image:width\" content=\"2560\" \/>\n\t<meta property=\"og:image:height\" content=\"1481\" \/>\n\t<meta property=\"og:image:type\" content=\"image\/webp\" \/>\n<script type=\"application\/ld+json\" class=\"yoast-schema-graph\">{\"@context\":\"https:\\\/\\\/schema.org\",\"@graph\":[{\"@type\":\"WebPage\",\"@id\":\"https:\\\/\\\/egidimadeinitaly.com\\\/fr\\\/artisti\\\/tomas-martin-rebollo\\\/\",\"url\":\"https:\\\/\\\/egidimadeinitaly.com\\\/fr\\\/artistes\\\/tomas-martin-rebollo\\\/\",\"name\":\"Tom\u00e1s Mart\u00edn Rebollo - Egidi MadeinItaly\",\"isPartOf\":{\"@id\":\"https:\\\/\\\/egidimadeinitaly.com\\\/fr\\\/#website\"},\"primaryImageOfPage\":{\"@id\":\"https:\\\/\\\/egidimadeinitaly.com\\\/fr\\\/artistes\\\/tomas-martin-rebollo\\\/#primaryimage\"},\"image\":{\"@id\":\"https:\\\/\\\/egidimadeinitaly.com\\\/fr\\\/artistes\\\/tomas-martin-rebollo\\\/#primaryimage\"},\"thumbnailUrl\":\"https:\\\/\\\/egidimadeinitaly.com\\\/v25\\\/wp-content\\\/uploads\\\/2024\\\/10\\\/tomas-martin-rebollo-opera-su-tavola-scaled.webp\",\"datePublished\":\"2024-10-28T09:39:02+00:00\",\"dateModified\":\"2025-03-02T09:02:20+00:00\",\"description\":\"Achat et vente d'\u0153uvres de Mart\u00edn Rebollo (\u00e9galement connu sous le nom de Tomas Martin Y Robollo) Artiste espagnol du 19e si\u00e8cle\",\"breadcrumb\":{\"@id\":\"https:\\\/\\\/egidimadeinitaly.com\\\/fr\\\/artistes\\\/tomas-martin-rebollo\\\/#breadcrumb\"},\"inLanguage\":\"fr-FR\",\"potentialAction\":[{\"@type\":\"ReadAction\",\"target\":[\"https:\\\/\\\/egidimadeinitaly.com\\\/fr\\\/artistes\\\/tomas-martin-rebollo\\\/\"]}]},{\"@type\":\"ImageObject\",\"inLanguage\":\"fr-FR\",\"@id\":\"https:\\\/\\\/egidimadeinitaly.com\\\/fr\\\/artistes\\\/tomas-martin-rebollo\\\/#primaryimage\",\"url\":\"https:\\\/\\\/egidimadeinitaly.com\\\/v25\\\/wp-content\\\/uploads\\\/2024\\\/10\\\/tomas-martin-rebollo-opera-su-tavola-scaled.webp\",\"contentUrl\":\"https:\\\/\\\/egidimadeinitaly.com\\\/v25\\\/wp-content\\\/uploads\\\/2024\\\/10\\\/tomas-martin-rebollo-opera-su-tavola-scaled.webp\",\"width\":2560,\"height\":1481,\"caption\":\"Un p\u00e8lerinage\"},{\"@type\":\"BreadcrumbList\",\"@id\":\"https:\\\/\\\/egidimadeinitaly.com\\\/fr\\\/artistes\\\/tomas-martin-rebollo\\\/#breadcrumb\",\"itemListElement\":[{\"@type\":\"ListItem\",\"position\":1,\"name\":\"Home\",\"item\":\"https:\\\/\\\/egidimadeinitaly.com\\\/fr\\\/\"},{\"@type\":\"ListItem\",\"position\":2,\"name\":\"Tom\u00e1s Mart\u00edn Rebollo\"}]},{\"@type\":\"WebSite\",\"@id\":\"https:\\\/\\\/egidimadeinitaly.com\\\/fr\\\/#website\",\"url\":\"https:\\\/\\\/egidimadeinitaly.com\\\/fr\\\/\",\"name\":\"Egidi MadeinItaly\",\"description\":\"Fine Art\",\"potentialAction\":[{\"@type\":\"SearchAction\",\"target\":{\"@type\":\"EntryPoint\",\"urlTemplate\":\"https:\\\/\\\/egidimadeinitaly.com\\\/fr\\\/?s={search_term_string}\"},\"query-input\":{\"@type\":\"PropertyValueSpecification\",\"valueRequired\":true,\"valueName\":\"search_term_string\"}}],\"inLanguage\":\"fr-FR\"}]}<\/script>\n<!-- \/ Yoast SEO Premium plugin. -->","yoast_head_json":{"title":"Tom\u00e1s Mart\u00edn Rebollo - Egidi MadeinItaly","description":"Achat et vente d'\u0153uvres de Mart\u00edn Rebollo (\u00e9galement connu sous le nom de Tomas Martin Y Robollo) Artiste espagnol du 19e si\u00e8cle","robots":{"index":"index","follow":"follow","max-snippet":"max-snippet:-1","max-image-preview":"max-image-preview:large","max-video-preview":"max-video-preview:-1"},"canonical":"https:\/\/egidimadeinitaly.com\/fr\/artistes\/tomas-martin-rebollo\/","og_locale":"fr_FR","og_type":"article","og_title":"Tom\u00e1s Mart\u00edn Rebollo","og_description":"En janvier 1912, il obtient une pension du Conseil provincial de Grenade pour vivre \u00e0 Rome et perfectionner ses techniques et ses comp\u00e9tences de peintre paysagiste.","og_url":"https:\/\/egidimadeinitaly.com\/fr\/artistes\/tomas-martin-rebollo\/","og_site_name":"Egidi MadeinItaly","article_publisher":"https:\/\/www.facebook.com\/egidimadeinitaly\/","article_modified_time":"2025-03-02T09:02:20+00:00","og_image":[{"width":2560,"height":1481,"url":"https:\/\/egidimadeinitaly.com\/wp-content\/uploads\/2024\/10\/tomas-martin-rebollo-opera-su-tavola-scaled.webp","type":"image\/webp"}],"schema":{"@context":"https:\/\/schema.org","@graph":[{"@type":"WebPage","@id":"https:\/\/egidimadeinitaly.com\/fr\/artisti\/tomas-martin-rebollo\/","url":"https:\/\/egidimadeinitaly.com\/fr\/artistes\/tomas-martin-rebollo\/","name":"Tom\u00e1s Mart\u00edn Rebollo - Egidi MadeinItaly","isPartOf":{"@id":"https:\/\/egidimadeinitaly.com\/fr\/#website"},"primaryImageOfPage":{"@id":"https:\/\/egidimadeinitaly.com\/fr\/artistes\/tomas-martin-rebollo\/#primaryimage"},"image":{"@id":"https:\/\/egidimadeinitaly.com\/fr\/artistes\/tomas-martin-rebollo\/#primaryimage"},"thumbnailUrl":"https:\/\/egidimadeinitaly.com\/v25\/wp-content\/uploads\/2024\/10\/tomas-martin-rebollo-opera-su-tavola-scaled.webp","datePublished":"2024-10-28T09:39:02+00:00","dateModified":"2025-03-02T09:02:20+00:00","description":"Achat et vente d'\u0153uvres de Mart\u00edn Rebollo (\u00e9galement connu sous le nom de Tomas Martin Y Robollo) Artiste espagnol du 19e si\u00e8cle","breadcrumb":{"@id":"https:\/\/egidimadeinitaly.com\/fr\/artistes\/tomas-martin-rebollo\/#breadcrumb"},"inLanguage":"fr-FR","potentialAction":[{"@type":"ReadAction","target":["https:\/\/egidimadeinitaly.com\/fr\/artistes\/tomas-martin-rebollo\/"]}]},{"@type":"ImageObject","inLanguage":"fr-FR","@id":"https:\/\/egidimadeinitaly.com\/fr\/artistes\/tomas-martin-rebollo\/#primaryimage","url":"https:\/\/egidimadeinitaly.com\/v25\/wp-content\/uploads\/2024\/10\/tomas-martin-rebollo-opera-su-tavola-scaled.webp","contentUrl":"https:\/\/egidimadeinitaly.com\/v25\/wp-content\/uploads\/2024\/10\/tomas-martin-rebollo-opera-su-tavola-scaled.webp","width":2560,"height":1481,"caption":"Un p\u00e8lerinage"},{"@type":"BreadcrumbList","@id":"https:\/\/egidimadeinitaly.com\/fr\/artistes\/tomas-martin-rebollo\/#breadcrumb","itemListElement":[{"@type":"ListItem","position":1,"name":"Home","item":"https:\/\/egidimadeinitaly.com\/fr\/"},{"@type":"ListItem","position":2,"name":"Tom\u00e1s Mart\u00edn Rebollo"}]},{"@type":"WebSite","@id":"https:\/\/egidimadeinitaly.com\/fr\/#website","url":"https:\/\/egidimadeinitaly.com\/fr\/","name":"Egidi MadeinItaly","description":"Fine Art","potentialAction":[{"@type":"SearchAction","target":{"@type":"EntryPoint","urlTemplate":"https:\/\/egidimadeinitaly.com\/fr\/?s={search_term_string}"},"query-input":{"@type":"PropertyValueSpecification","valueRequired":true,"valueName":"search_term_string"}}],"inLanguage":"fr-FR"}]}},"_links":{"self":[{"href":"https:\/\/egidimadeinitaly.com\/fr\/wp-json\/wp\/v2\/artisti\/119888","targetHints":{"allow":["GET"]}}],"collection":[{"href":"https:\/\/egidimadeinitaly.com\/fr\/wp-json\/wp\/v2\/artisti"}],"about":[{"href":"https:\/\/egidimadeinitaly.com\/fr\/wp-json\/wp\/v2\/types\/artisti"}],"wp:featuredmedia":[{"embeddable":true,"href":"https:\/\/egidimadeinitaly.com\/fr\/wp-json\/wp\/v2\/media\/119892"}],"wp:attachment":[{"href":"https:\/\/egidimadeinitaly.com\/fr\/wp-json\/wp\/v2\/media?parent=119888"}],"wp:term":[{"taxonomy":"post_tag","embeddable":true,"href":"https:\/\/egidimadeinitaly.com\/fr\/wp-json\/wp\/v2\/tags?post=119888"},{"taxonomy":"tags","embeddable":true,"href":"https:\/\/egidimadeinitaly.com\/fr\/wp-json\/wp\/v2\/tags?post=119888"}],"curies":[{"name":"wp","href":"https:\/\/api.w.org\/{rel}","templated":true}]}}

Tomás Martín Rebollo

<p><strong>Tomás Martín Rebollo </strong>est un artiste né à Grenade, en Espagne, en 1858 et mort à Madrid en 1919.</p>
<p>Il se forme à Grenade auprès de Julián Sanz del Valle, dont il suit rigoureusement et fidèlement le style pendant ses premières années.</p>
<p>À partir de 1883, il étudie à l&rsquo;<strong>École spéciale de peinture</strong>, de <strong>sculpture et de gravure de l&rsquo;Académie San Fernando de Madrid,</strong> où il se spécialise dans la peinture de paysages.</p>
<p>Lors de son séjour à Madrid, on peut constater l&#8217;empreinte profonde que Mariano Fortuny a laissée sur son style.</p>
<p>Il participe à plusieurs expositions nationales des beaux-arts ; à celle de 1881, il présente deux aquarelles intitulées <em>Recuerdos de Granada (« Souvenirs de Grenade ») </em>et à celle de 1908, il reçoit une mention honorable.</p>
<p>Il reçoit deux médailles d&rsquo;argent lors d&rsquo;expositions provinciales.</p>
<h2><strong>La période romaine</strong></h2>
<p>En janvier 1912, il obtient une pension du Conseil provincial de Grenade pour vivre à Rome et perfectionner ses techniques et ses compétences de peintre paysagiste. Cette année-là, il voyage dans toute l&rsquo;Italie, peignant des scènes populaires et des vues de paysages de différentes villes à la vie trépidante. Un bon exemple de son habileté technique est une <em>Veduta di Roma, </em>signée mais non datée, que le Museo del Prado a déposée au Museo de Bellas Artes de Badajoz.</p>
<p>À son retour d&rsquo;Italie, en mai de la même année, il expose le fruit de son travail au Salón Iturrioz de Madrid, avec un succès considérable.</p>
<p>On sait qu&rsquo;il s&rsquo;est spécialisé dans les aquarelles et les paysages à l&rsquo;huile, ainsi que dans de nombreux portraits de commande, comme celui d&rsquo;<em>Alphonse XIII, </em>peint en 1915 pour la Direction générale des beaux-arts et donné par Mariano Benlliure à l&rsquo;Académie royale d&rsquo;histoire <em>.</em></p>
<p>Il meurt à Madrid le 8 février 1919</p>
<p>De notre magasin, une œuvre sur panneau de <strong><a href="https://egidimadeinitaly.com/fr/produit/art-ancien/tableaux-anciens-fr/tomas-martin-rebollo-oeuvre/">Tomás Martín Rebollo représentant une excursion dans la campagne romaine</a>.</strong></p>
<p>&nbsp;</p>

<p>En janvier 1912, il obtient une pension du Conseil provincial de Grenade pour vivre à Rome et perfectionner ses techniques et ses compétences de peintre paysagiste.</p>

<!-- This site is optimized with the Yoast SEO Premium plugin v27.4 (Yoast SEO v27.5) - https://yoast.com/product/yoast-seo-premium-wordpress/ -->
<title>Tomás Martín Rebollo - Egidi MadeinItaly</title>
<meta name="description" content="Achat et vente d&#039;œuvres de Martín Rebollo (également connu sous le nom de Tomas Martin Y Robollo) Artiste espagnol du 19e siècle" />
<meta name="robots" content="index, follow, max-snippet:-1, max-image-preview:large, max-video-preview:-1" />
<link rel="canonical" href="https://egidimadeinitaly.com/fr/artistes/tomas-martin-rebollo/" />
<meta property="og:locale" content="fr_FR" />
<meta property="og:type" content="article" />
<meta property="og:title" content="Tomás Martín Rebollo" />
<meta property="og:description" content="En janvier 1912, il obtient une pension du Conseil provincial de Grenade pour vivre à Rome et perfectionner ses techniques et ses compétences de peintre paysagiste." />
<meta property="og:url" content="https://egidimadeinitaly.com/fr/artistes/tomas-martin-rebollo/" />
<meta property="og:site_name" content="Egidi MadeinItaly" />
<meta property="article:publisher" content="https://www.facebook.com/egidimadeinitaly/" />
<meta property="article:modified_time" content="2025-03-02T09:02:20+00:00" />
<meta property="og:image" content="https://egidimadeinitaly.com/wp-content/uploads/2024/10/tomas-martin-rebollo-opera-su-tavola-scaled.webp" />
	<meta property="og:image:width" content="2560" />
	<meta property="og:image:height" content="1481" />
	<meta property="og:image:type" content="image/webp" />
<script type="application/ld+json" class="yoast-schema-graph">{"@context":"https:\/\/schema.org","@graph":[{"@type":"WebPage","@id":"https:\/\/egidimadeinitaly.com\/fr\/artisti\/tomas-martin-rebollo\/","url":"https:\/\/egidimadeinitaly.com\/fr\/artistes\/tomas-martin-rebollo\/","name":"Tomás Martín Rebollo - Egidi MadeinItaly","isPartOf":{"@id":"https:\/\/egidimadeinitaly.com\/fr\/#website"},"primaryImageOfPage":{"@id":"https:\/\/egidimadeinitaly.com\/fr\/artistes\/tomas-martin-rebollo\/#primaryimage"},"image":{"@id":"https:\/\/egidimadeinitaly.com\/fr\/artistes\/tomas-martin-rebollo\/#primaryimage"},"thumbnailUrl":"https:\/\/egidimadeinitaly.com\/v25\/wp-content\/uploads\/2024\/10\/tomas-martin-rebollo-opera-su-tavola-scaled.webp","datePublished":"2024-10-28T09:39:02+00:00","dateModified":"2025-03-02T09:02:20+00:00","description":"Achat et vente d'œuvres de Martín Rebollo (également connu sous le nom de Tomas Martin Y Robollo) Artiste espagnol du 19e siècle","breadcrumb":{"@id":"https:\/\/egidimadeinitaly.com\/fr\/artistes\/tomas-martin-rebollo\/#breadcrumb"},"inLanguage":"fr-FR","potentialAction":[{"@type":"ReadAction","target":["https:\/\/egidimadeinitaly.com\/fr\/artistes\/tomas-martin-rebollo\/"]}]},{"@type":"ImageObject","inLanguage":"fr-FR","@id":"https:\/\/egidimadeinitaly.com\/fr\/artistes\/tomas-martin-rebollo\/#primaryimage","url":"https:\/\/egidimadeinitaly.com\/v25\/wp-content\/uploads\/2024\/10\/tomas-martin-rebollo-opera-su-tavola-scaled.webp","contentUrl":"https:\/\/egidimadeinitaly.com\/v25\/wp-content\/uploads\/2024\/10\/tomas-martin-rebollo-opera-su-tavola-scaled.webp","width":2560,"height":1481,"caption":"Un pèlerinage"},{"@type":"BreadcrumbList","@id":"https:\/\/egidimadeinitaly.com\/fr\/artistes\/tomas-martin-rebollo\/#breadcrumb","itemListElement":[{"@type":"ListItem","position":1,"name":"Home","item":"https:\/\/egidimadeinitaly.com\/fr\/"},{"@type":"ListItem","position":2,"name":"Tomás Martín Rebollo"}]},{"@type":"WebSite","@id":"https:\/\/egidimadeinitaly.com\/fr\/#website","url":"https:\/\/egidimadeinitaly.com\/fr\/","name":"Egidi MadeinItaly","description":"Fine Art","potentialAction":[{"@type":"SearchAction","target":{"@type":"EntryPoint","urlTemplate":"https:\/\/egidimadeinitaly.com\/fr\/?s={search_term_string}"},"query-input":{"@type":"PropertyValueSpecification","valueRequired":true,"valueName":"search_term_string"}}],"inLanguage":"fr-FR"}]}</script>
<!-- / Yoast SEO Premium plugin. -->

Tomás Martín Rebollo - Egidi MadeinItaly

Achat et vente d'œuvres de Martín Rebollo (également connu sous le nom de Tomas Martin Y Robollo) Artiste espagnol du 19e siècle

En janvier 1912, il obtient une pension du Conseil provincial de Grenade pour vivre à Rome et perfectionner ses techniques et ses compétences de peintre paysagiste.

Un pèlerinage
