{"id":117632,"date":"2024-01-31T11:48:23","date_gmt":"2024-01-31T10:48:23","guid":{"rendered":"https:\/\/egidimadeinitaly.com\/?post_type=artisti&#038;p=117632"},"modified":"2025-03-13T16:04:30","modified_gmt":"2025-03-13T15:04:30","slug":"antonietta-brandeis","status":"publish","type":"artisti","link":"https:\/\/egidimadeinitaly.com\/fr\/artisti\/antonietta-brandeis\/","title":{"rendered":"Antonietta Brandeis"},"content":{"rendered":"<h1><span style=\"font-weight: 400;\"><strong>Antonietta Brandeis<\/strong><\/span><\/h1>\n<p><span style=\"font-weight: 400;\"><strong>Antonietta Brandeis<\/strong> est n\u00e9e en 1848 \u00e0 Miskovice de parents tch\u00e8ques.<\/span><\/p>\n<p><span style=\"font-weight: 400;\">\u00a0Le peintre Karol Javurek de Prague est son premier professeur de dessin.\u00a0\u00a0<\/span><\/p>\n<p><span style=\"font-weight: 400;\">Apr\u00e8s avoir perdu son p\u00e8re, sa m\u00e8re \u00e9pouse en secondes noces le V\u00e9nitien Giovanni Nobile Scaramella. <\/span><\/p>\n<p><span style=\"font-weight: 400;\">Antonietta Brandeis, \u00e2g\u00e9e de 21 ans, s&rsquo;installe \u00e0 Venise avec sa m\u00e8re.\u00a0<\/span><\/p>\n<p><span style=\"font-weight: 400;\">Elle se consacre avec passion \u00e0 la peinture.<\/span><\/p>\n<p><span style=\"font-weight: 400;\">\u00c0 cette \u00e9poque, elle est l&rsquo;une des premi\u00e8res femmes \u00e0 suivre des cours \u00e0 l&rsquo;Acad\u00e9mie des Beaux-Arts de Venise.<\/span><\/p>\n<p><span style=\"font-weight: 400;\">Apr\u00e8s cinq ans d&rsquo;\u00e9tudes, son nom appara\u00eet \u00e0 plusieurs reprises dans la liste des \u00e9l\u00e8ves prim\u00e9s dans les \u00ab\u00a0Actes de l&rsquo;Acad\u00e9mie royale des Beaux-Arts de Venise pour les ann\u00e9es 1866-1872\u00a0\u00bb et elle obtient quinze prix.\u00a0\u00a0<\/span><\/p>\n<p><span style=\"font-weight: 400;\">Ses premiers tableaux expos\u00e9s sont \u00e0 la fois lou\u00e9s et critiqu\u00e9s, la critique venant du fait qu&rsquo;elle est une femme.<\/span><\/p>\n<p><span style=\"font-weight: 400;\">Elle d\u00e9cide donc de se signer du nom d&rsquo;Antonio Brandeis.\u00a0<\/span><\/p>\n<p><span style=\"font-weight: 400;\">Antonietta Brandeis peint des tableaux de sujets sacr\u00e9s pour des \u00e9glises et des retables, mais sa sp\u00e9cialit\u00e9, ce sont les perspectives de Venise, les vues des canaux, et surtout les gondoles, qu&rsquo;elle \u00e9tudie dans les moindres d\u00e9tails.\u00a0<\/span><\/p>\n<p><span style=\"font-weight: 400;\">Elle expose principalement en Angleterre et en Allemagne.\u00a0<\/span><\/p>\n<p><span style=\"font-weight: 400;\">Brandeis meurt \u00e0 Florence en 1910.<\/span><\/p>\n<h2 style=\"text-align: center;\">Vous poss\u00e9dez une \u0153uvre de Antonietta Brandeis et vous voulez la vendre ?<\/h2>\n<p style=\"text-align: center;\">Pour toute expertise ou estimation de vos \u0153uvres et de vos collections,<\/p>\n<p style=\"text-align: center;\">vous pouvez nous contacter \u00e0 l&rsquo;adresse sabrina@egidimadeinitaly.com<\/p>\n<p style=\"text-align: center;\">ou<\/p>\n<p style=\"text-align: center;\">\u00a0envoyez-nous un message WhatsApp au au\u00a0 +39 3356585431<\/p>\n<p style=\"text-align: center;\"><span style=\"color: #ff6600;\"><strong>VOUS POUVEZ NOUS FAIRE CONFIANCE<\/strong><\/span><\/p>\n<p style=\"text-align: center;\"><strong>Les meilleures estimations, comp\u00e9tence, s\u00e9rieux<\/strong><\/p>\n<p>&nbsp;<\/p>\n","protected":false},"excerpt":{"rendered":"<p>Elle d\u00e9cide donc de se signer du nom d&rsquo;Antonio Brandeis.\u00a0<\/p>\n","protected":false},"featured_media":122288,"parent":0,"template":"","format":"standard","meta":{"_acf_changed":false},"tags":[],"class_list":["post-117632","artisti","type-artisti","status-publish","format-standard","has-post-thumbnail","hentry"],"acf":[],"yoast_head":"<!-- This site is optimized with the Yoast SEO Premium plugin v27.4 (Yoast SEO v27.5) - https:\/\/yoast.com\/product\/yoast-seo-premium-wordpress\/ -->\n<title>Antonietta Brandeis - Egidi MadeinItaly<\/title>\n<meta name=\"description\" content=\"Antonietta Brandeis est consid\u00e9r\u00e9e comme l&#039;une des artistes les plus talentueuses du 19e si\u00e8cle d\u00e9couvrez plus sur Egidi MadeinItaly\" \/>\n<meta name=\"robots\" content=\"index, follow, max-snippet:-1, max-image-preview:large, max-video-preview:-1\" \/>\n<link rel=\"canonical\" href=\"https:\/\/egidimadeinitaly.com\/fr\/artistes\/antonietta-brandeis\/\" \/>\n<meta property=\"og:locale\" content=\"fr_FR\" \/>\n<meta property=\"og:type\" content=\"article\" \/>\n<meta property=\"og:title\" content=\"Antonietta Brandeis\" \/>\n<meta property=\"og:description\" content=\"Elle d\u00e9cide donc de se signer du nom d&#039;Antonio Brandeis.\u00a0\" \/>\n<meta property=\"og:url\" content=\"https:\/\/egidimadeinitaly.com\/fr\/artistes\/antonietta-brandeis\/\" \/>\n<meta property=\"og:site_name\" content=\"Egidi MadeinItaly\" \/>\n<meta property=\"article:publisher\" content=\"https:\/\/www.facebook.com\/egidimadeinitaly\/\" \/>\n<meta property=\"article:modified_time\" content=\"2025-03-13T15:04:30+00:00\" \/>\n<meta property=\"og:image\" content=\"https:\/\/egidimadeinitaly.com\/wp-content\/uploads\/2024\/01\/Brandeis-Antonietta-1.jpg\" \/>\n\t<meta property=\"og:image:width\" content=\"1235\" \/>\n\t<meta property=\"og:image:height\" content=\"1536\" \/>\n\t<meta property=\"og:image:type\" content=\"image\/jpeg\" \/>\n<script type=\"application\/ld+json\" class=\"yoast-schema-graph\">{\"@context\":\"https:\\\/\\\/schema.org\",\"@graph\":[{\"@type\":\"WebPage\",\"@id\":\"https:\\\/\\\/egidimadeinitaly.com\\\/fr\\\/artisti\\\/antonietta-brandeis\\\/\",\"url\":\"https:\\\/\\\/egidimadeinitaly.com\\\/fr\\\/artistes\\\/antonietta-brandeis\\\/\",\"name\":\"Antonietta Brandeis - Egidi MadeinItaly\",\"isPartOf\":{\"@id\":\"https:\\\/\\\/egidimadeinitaly.com\\\/fr\\\/#website\"},\"primaryImageOfPage\":{\"@id\":\"https:\\\/\\\/egidimadeinitaly.com\\\/fr\\\/artistes\\\/antonietta-brandeis\\\/#primaryimage\"},\"image\":{\"@id\":\"https:\\\/\\\/egidimadeinitaly.com\\\/fr\\\/artistes\\\/antonietta-brandeis\\\/#primaryimage\"},\"thumbnailUrl\":\"https:\\\/\\\/egidimadeinitaly.com\\\/v25\\\/wp-content\\\/uploads\\\/2024\\\/01\\\/Brandeis-Antonietta-1.jpg\",\"datePublished\":\"2024-01-31T10:48:23+00:00\",\"dateModified\":\"2025-03-13T15:04:30+00:00\",\"description\":\"Antonietta Brandeis est consid\u00e9r\u00e9e comme l'une des artistes les plus talentueuses du 19e si\u00e8cle d\u00e9couvrez plus sur Egidi MadeinItaly\",\"breadcrumb\":{\"@id\":\"https:\\\/\\\/egidimadeinitaly.com\\\/fr\\\/artistes\\\/antonietta-brandeis\\\/#breadcrumb\"},\"inLanguage\":\"fr-FR\",\"potentialAction\":[{\"@type\":\"ReadAction\",\"target\":[\"https:\\\/\\\/egidimadeinitaly.com\\\/fr\\\/artistes\\\/antonietta-brandeis\\\/\"]}]},{\"@type\":\"ImageObject\",\"inLanguage\":\"fr-FR\",\"@id\":\"https:\\\/\\\/egidimadeinitaly.com\\\/fr\\\/artistes\\\/antonietta-brandeis\\\/#primaryimage\",\"url\":\"https:\\\/\\\/egidimadeinitaly.com\\\/v25\\\/wp-content\\\/uploads\\\/2024\\\/01\\\/Brandeis-Antonietta-1.jpg\",\"contentUrl\":\"https:\\\/\\\/egidimadeinitaly.com\\\/v25\\\/wp-content\\\/uploads\\\/2024\\\/01\\\/Brandeis-Antonietta-1.jpg\",\"width\":1235,\"height\":1536,\"caption\":\"Traghetto di San Geremia\"},{\"@type\":\"BreadcrumbList\",\"@id\":\"https:\\\/\\\/egidimadeinitaly.com\\\/fr\\\/artistes\\\/antonietta-brandeis\\\/#breadcrumb\",\"itemListElement\":[{\"@type\":\"ListItem\",\"position\":1,\"name\":\"Home\",\"item\":\"https:\\\/\\\/egidimadeinitaly.com\\\/fr\\\/\"},{\"@type\":\"ListItem\",\"position\":2,\"name\":\"Antonietta Brandeis\"}]},{\"@type\":\"WebSite\",\"@id\":\"https:\\\/\\\/egidimadeinitaly.com\\\/fr\\\/#website\",\"url\":\"https:\\\/\\\/egidimadeinitaly.com\\\/fr\\\/\",\"name\":\"Egidi MadeinItaly\",\"description\":\"Fine Art\",\"potentialAction\":[{\"@type\":\"SearchAction\",\"target\":{\"@type\":\"EntryPoint\",\"urlTemplate\":\"https:\\\/\\\/egidimadeinitaly.com\\\/fr\\\/?s={search_term_string}\"},\"query-input\":{\"@type\":\"PropertyValueSpecification\",\"valueRequired\":true,\"valueName\":\"search_term_string\"}}],\"inLanguage\":\"fr-FR\"}]}<\/script>\n<!-- \/ Yoast SEO Premium plugin. -->","yoast_head_json":{"title":"Antonietta Brandeis - Egidi MadeinItaly","description":"Antonietta Brandeis est consid\u00e9r\u00e9e comme l'une des artistes les plus talentueuses du 19e si\u00e8cle d\u00e9couvrez plus sur Egidi MadeinItaly","robots":{"index":"index","follow":"follow","max-snippet":"max-snippet:-1","max-image-preview":"max-image-preview:large","max-video-preview":"max-video-preview:-1"},"canonical":"https:\/\/egidimadeinitaly.com\/fr\/artistes\/antonietta-brandeis\/","og_locale":"fr_FR","og_type":"article","og_title":"Antonietta Brandeis","og_description":"Elle d\u00e9cide donc de se signer du nom d'Antonio Brandeis.\u00a0","og_url":"https:\/\/egidimadeinitaly.com\/fr\/artistes\/antonietta-brandeis\/","og_site_name":"Egidi MadeinItaly","article_publisher":"https:\/\/www.facebook.com\/egidimadeinitaly\/","article_modified_time":"2025-03-13T15:04:30+00:00","og_image":[{"width":1235,"height":1536,"url":"https:\/\/egidimadeinitaly.com\/wp-content\/uploads\/2024\/01\/Brandeis-Antonietta-1.jpg","type":"image\/jpeg"}],"schema":{"@context":"https:\/\/schema.org","@graph":[{"@type":"WebPage","@id":"https:\/\/egidimadeinitaly.com\/fr\/artisti\/antonietta-brandeis\/","url":"https:\/\/egidimadeinitaly.com\/fr\/artistes\/antonietta-brandeis\/","name":"Antonietta Brandeis - Egidi MadeinItaly","isPartOf":{"@id":"https:\/\/egidimadeinitaly.com\/fr\/#website"},"primaryImageOfPage":{"@id":"https:\/\/egidimadeinitaly.com\/fr\/artistes\/antonietta-brandeis\/#primaryimage"},"image":{"@id":"https:\/\/egidimadeinitaly.com\/fr\/artistes\/antonietta-brandeis\/#primaryimage"},"thumbnailUrl":"https:\/\/egidimadeinitaly.com\/v25\/wp-content\/uploads\/2024\/01\/Brandeis-Antonietta-1.jpg","datePublished":"2024-01-31T10:48:23+00:00","dateModified":"2025-03-13T15:04:30+00:00","description":"Antonietta Brandeis est consid\u00e9r\u00e9e comme l'une des artistes les plus talentueuses du 19e si\u00e8cle d\u00e9couvrez plus sur Egidi MadeinItaly","breadcrumb":{"@id":"https:\/\/egidimadeinitaly.com\/fr\/artistes\/antonietta-brandeis\/#breadcrumb"},"inLanguage":"fr-FR","potentialAction":[{"@type":"ReadAction","target":["https:\/\/egidimadeinitaly.com\/fr\/artistes\/antonietta-brandeis\/"]}]},{"@type":"ImageObject","inLanguage":"fr-FR","@id":"https:\/\/egidimadeinitaly.com\/fr\/artistes\/antonietta-brandeis\/#primaryimage","url":"https:\/\/egidimadeinitaly.com\/v25\/wp-content\/uploads\/2024\/01\/Brandeis-Antonietta-1.jpg","contentUrl":"https:\/\/egidimadeinitaly.com\/v25\/wp-content\/uploads\/2024\/01\/Brandeis-Antonietta-1.jpg","width":1235,"height":1536,"caption":"Traghetto di San Geremia"},{"@type":"BreadcrumbList","@id":"https:\/\/egidimadeinitaly.com\/fr\/artistes\/antonietta-brandeis\/#breadcrumb","itemListElement":[{"@type":"ListItem","position":1,"name":"Home","item":"https:\/\/egidimadeinitaly.com\/fr\/"},{"@type":"ListItem","position":2,"name":"Antonietta Brandeis"}]},{"@type":"WebSite","@id":"https:\/\/egidimadeinitaly.com\/fr\/#website","url":"https:\/\/egidimadeinitaly.com\/fr\/","name":"Egidi MadeinItaly","description":"Fine Art","potentialAction":[{"@type":"SearchAction","target":{"@type":"EntryPoint","urlTemplate":"https:\/\/egidimadeinitaly.com\/fr\/?s={search_term_string}"},"query-input":{"@type":"PropertyValueSpecification","valueRequired":true,"valueName":"search_term_string"}}],"inLanguage":"fr-FR"}]}},"_links":{"self":[{"href":"https:\/\/egidimadeinitaly.com\/fr\/wp-json\/wp\/v2\/artisti\/117632","targetHints":{"allow":["GET"]}}],"collection":[{"href":"https:\/\/egidimadeinitaly.com\/fr\/wp-json\/wp\/v2\/artisti"}],"about":[{"href":"https:\/\/egidimadeinitaly.com\/fr\/wp-json\/wp\/v2\/types\/artisti"}],"wp:featuredmedia":[{"embeddable":true,"href":"https:\/\/egidimadeinitaly.com\/fr\/wp-json\/wp\/v2\/media\/122288"}],"wp:attachment":[{"href":"https:\/\/egidimadeinitaly.com\/fr\/wp-json\/wp\/v2\/media?parent=117632"}],"wp:term":[{"taxonomy":"post_tag","embeddable":true,"href":"https:\/\/egidimadeinitaly.com\/fr\/wp-json\/wp\/v2\/tags?post=117632"},{"taxonomy":"tags","embeddable":true,"href":"https:\/\/egidimadeinitaly.com\/fr\/wp-json\/wp\/v2\/tags?post=117632"}],"curies":[{"name":"wp","href":"https:\/\/api.w.org\/{rel}","templated":true}]}}

<h1><span style="font-weight: 400;"><strong>Antonietta Brandeis</strong></span></h1>
<p><span style="font-weight: 400;"><strong>Antonietta Brandeis</strong> est née en 1848 à Miskovice de parents tchèques.</span></p>
<p><span style="font-weight: 400;"> Le peintre Karol Javurek de Prague est son premier professeur de dessin.  </span></p>
<p><span style="font-weight: 400;">Après avoir perdu son père, sa mère épouse en secondes noces le Vénitien Giovanni Nobile Scaramella. </span></p>
<p><span style="font-weight: 400;">Antonietta Brandeis, âgée de 21 ans, s&rsquo;installe à Venise avec sa mère. </span></p>
<p><span style="font-weight: 400;">Elle se consacre avec passion à la peinture.</span></p>
<p><span style="font-weight: 400;">À cette époque, elle est l&rsquo;une des premières femmes à suivre des cours à l&rsquo;Académie des Beaux-Arts de Venise.</span></p>
<p><span style="font-weight: 400;">Après cinq ans d&rsquo;études, son nom apparaît à plusieurs reprises dans la liste des élèves primés dans les « Actes de l&rsquo;Académie royale des Beaux-Arts de Venise pour les années 1866-1872 » et elle obtient quinze prix.  </span></p>
<p><span style="font-weight: 400;">Ses premiers tableaux exposés sont à la fois loués et critiqués, la critique venant du fait qu&rsquo;elle est une femme.</span></p>
<p><span style="font-weight: 400;">Elle décide donc de se signer du nom d&rsquo;Antonio Brandeis. </span></p>
<p><span style="font-weight: 400;">Antonietta Brandeis peint des tableaux de sujets sacrés pour des églises et des retables, mais sa spécialité, ce sont les perspectives de Venise, les vues des canaux, et surtout les gondoles, qu&rsquo;elle étudie dans les moindres détails. </span></p>
<p><span style="font-weight: 400;">Elle expose principalement en Angleterre et en Allemagne. </span></p>
<p><span style="font-weight: 400;">Brandeis meurt à Florence en 1910.</span></p>
<h2 style="text-align: center;">Vous possédez une œuvre de Antonietta Brandeis et vous voulez la vendre ?</h2>
<p style="text-align: center;">Pour toute expertise ou estimation de vos œuvres et de vos collections,</p>
<p style="text-align: center;">vous pouvez nous contacter à l&rsquo;adresse sabrina@egidimadeinitaly.com</p>
<p style="text-align: center;">ou</p>
<p style="text-align: center;"> envoyez-nous un message WhatsApp au au  +39 3356585431</p>
<p style="text-align: center;"><span style="color: #ff6600;"><strong>VOUS POUVEZ NOUS FAIRE CONFIANCE</strong></span></p>
<p style="text-align: center;"><strong>Les meilleures estimations, compétence, sérieux</strong></p>
<p>&nbsp;</p>

<p>Elle décide donc de se signer du nom d&rsquo;Antonio Brandeis. </p>

<!-- This site is optimized with the Yoast SEO Premium plugin v27.4 (Yoast SEO v27.5) - https://yoast.com/product/yoast-seo-premium-wordpress/ -->
<title>Antonietta Brandeis - Egidi MadeinItaly</title>
<meta name="description" content="Antonietta Brandeis est considérée comme l&#039;une des artistes les plus talentueuses du 19e siècle découvrez plus sur Egidi MadeinItaly" />
<meta name="robots" content="index, follow, max-snippet:-1, max-image-preview:large, max-video-preview:-1" />
<link rel="canonical" href="https://egidimadeinitaly.com/fr/artistes/antonietta-brandeis/" />
<meta property="og:locale" content="fr_FR" />
<meta property="og:type" content="article" />
<meta property="og:title" content="Antonietta Brandeis" />
<meta property="og:description" content="Elle décide donc de se signer du nom d&#039;Antonio Brandeis. " />
<meta property="og:url" content="https://egidimadeinitaly.com/fr/artistes/antonietta-brandeis/" />
<meta property="og:site_name" content="Egidi MadeinItaly" />
<meta property="article:publisher" content="https://www.facebook.com/egidimadeinitaly/" />
<meta property="article:modified_time" content="2025-03-13T15:04:30+00:00" />
<meta property="og:image" content="https://egidimadeinitaly.com/wp-content/uploads/2024/01/Brandeis-Antonietta-1.jpg" />
	<meta property="og:image:width" content="1235" />
	<meta property="og:image:height" content="1536" />
	<meta property="og:image:type" content="image/jpeg" />
<script type="application/ld+json" class="yoast-schema-graph">{"@context":"https:\/\/schema.org","@graph":[{"@type":"WebPage","@id":"https:\/\/egidimadeinitaly.com\/fr\/artisti\/antonietta-brandeis\/","url":"https:\/\/egidimadeinitaly.com\/fr\/artistes\/antonietta-brandeis\/","name":"Antonietta Brandeis - Egidi MadeinItaly","isPartOf":{"@id":"https:\/\/egidimadeinitaly.com\/fr\/#website"},"primaryImageOfPage":{"@id":"https:\/\/egidimadeinitaly.com\/fr\/artistes\/antonietta-brandeis\/#primaryimage"},"image":{"@id":"https:\/\/egidimadeinitaly.com\/fr\/artistes\/antonietta-brandeis\/#primaryimage"},"thumbnailUrl":"https:\/\/egidimadeinitaly.com\/v25\/wp-content\/uploads\/2024\/01\/Brandeis-Antonietta-1.jpg","datePublished":"2024-01-31T10:48:23+00:00","dateModified":"2025-03-13T15:04:30+00:00","description":"Antonietta Brandeis est considérée comme l'une des artistes les plus talentueuses du 19e siècle découvrez plus sur Egidi MadeinItaly","breadcrumb":{"@id":"https:\/\/egidimadeinitaly.com\/fr\/artistes\/antonietta-brandeis\/#breadcrumb"},"inLanguage":"fr-FR","potentialAction":[{"@type":"ReadAction","target":["https:\/\/egidimadeinitaly.com\/fr\/artistes\/antonietta-brandeis\/"]}]},{"@type":"ImageObject","inLanguage":"fr-FR","@id":"https:\/\/egidimadeinitaly.com\/fr\/artistes\/antonietta-brandeis\/#primaryimage","url":"https:\/\/egidimadeinitaly.com\/v25\/wp-content\/uploads\/2024\/01\/Brandeis-Antonietta-1.jpg","contentUrl":"https:\/\/egidimadeinitaly.com\/v25\/wp-content\/uploads\/2024\/01\/Brandeis-Antonietta-1.jpg","width":1235,"height":1536,"caption":"Traghetto di San Geremia"},{"@type":"BreadcrumbList","@id":"https:\/\/egidimadeinitaly.com\/fr\/artistes\/antonietta-brandeis\/#breadcrumb","itemListElement":[{"@type":"ListItem","position":1,"name":"Home","item":"https:\/\/egidimadeinitaly.com\/fr\/"},{"@type":"ListItem","position":2,"name":"Antonietta Brandeis"}]},{"@type":"WebSite","@id":"https:\/\/egidimadeinitaly.com\/fr\/#website","url":"https:\/\/egidimadeinitaly.com\/fr\/","name":"Egidi MadeinItaly","description":"Fine Art","potentialAction":[{"@type":"SearchAction","target":{"@type":"EntryPoint","urlTemplate":"https:\/\/egidimadeinitaly.com\/fr\/?s={search_term_string}"},"query-input":{"@type":"PropertyValueSpecification","valueRequired":true,"valueName":"search_term_string"}}],"inLanguage":"fr-FR"}]}</script>
<!-- / Yoast SEO Premium plugin. -->

Antonietta Brandeis est considérée comme l'une des artistes les plus talentueuses du 19e siècle découvrez plus sur Egidi MadeinItaly

Elle décide donc de se signer du nom d'Antonio Brandeis.
