{"id":117572,"date":"2024-01-30T15:02:32","date_gmt":"2024-01-30T14:02:32","guid":{"rendered":"https:\/\/egidimadeinitaly.com\/?post_type=artisti&#038;p=117572"},"modified":"2025-03-27T11:00:29","modified_gmt":"2025-03-27T10:00:29","slug":"achille-perilli","status":"publish","type":"artisti","link":"https:\/\/egidimadeinitaly.com\/fr\/artisti\/achille-perilli\/","title":{"rendered":"Achille Perilli"},"content":{"rendered":"<p><span style=\"font-weight: 400;\">Achille Perilli (Rome 1927 &#8211; Orvieto 2021)\u00a0\u00a0<\/span><\/p>\n<h2><b>Gruppo Forma 1<\/b><\/h2>\n<p><span style=\"font-weight: 400;\">Il a \u00e9t\u00e9 co-fondateur et signataire, avec les artistes Carla Accardi, Ugo Attardi, Pietro Consagra, Piero Dorazio, son camarade de lyc\u00e9e au Giulio Cesare, Mino Guerrini, et Antonio Sanfilippo du groupe d&rsquo;avant-garde connu sous le nom de <\/span><b>Gruppo Forma 1<\/b><span style=\"font-weight: 400;\">, clairement inspir\u00e9 par le marxisme et le formalisme, avec une attention particuli\u00e8re accord\u00e9e \u00e0 la forme et au signe.<\/span><\/p>\n<h2><b>Galerie de Rome<\/b><\/h2>\n<p><span style=\"font-weight: 400;\">Il collabore avec Sottsass Jr \u00e0 l&rsquo;organisation de <a href=\"https:\/\/egidimadeinitaly.com\/fr\/galerie-de-rome\/\">la premi\u00e8re exposition d&rsquo;art abstrait en Italie, qui se tient \u00e0 la Galerie de Rome<\/a> (1948).<\/span><\/p>\n<h2><b>MAC <span style=\"font-weight: 400;\">Mouvement d&rsquo;art concret<\/span><\/b><\/h2>\n<p><span style=\"font-weight: 400;\"><strong>Achille Perilli<\/strong> rejoint le <a href=\"https:\/\/egidimadeinitaly.com\/fr\/mac-mouvement-dart-concret\/\">MAC (Movimento Arte Concreta\/ Mouvement d&rsquo;art concret)<\/a>\u00a0en 1948, avec Soldati, Munari, Monnet et Dorfles pour prendre part \u00e0 la forte pol\u00e9mique contre le n\u00e9o-r\u00e9alisme qui se propageait dans ces ann\u00e9es-l\u00e0.\u00a0\u00a0<\/span><\/p>\n<p><span style=\"font-weight: 400;\">Il est un artiste de renomm\u00e9e mondiale qui influence encore aujourd&rsquo;hui l&rsquo;analyse et la recherche artistique actuelle.<\/span><\/p>\n<p><span style=\"font-weight: 400;\">Il participe \u00e0 plusieurs \u00e9ditions de la Biennale de Venise (1952, 1958, 1962).<\/span><\/p>\n<h3><b>Curiosit\u00e9<\/b><\/h3>\n<p><span style=\"font-weight: 400;\">Achille Perilli participe \u00e0 la <em>XXXIV<\/em><\/span><em><span style=\"font-weight: 400;\">e <\/span><\/em><span style=\"font-weight: 400;\"><em>Biennale de Venise<\/em> en 1968, celle de la grande contestation, avec une salle qui lui est d\u00e9di\u00e9e et qu&rsquo;il ferme, par adh\u00e9sion aux contestations en cours.<\/span><\/p>\n<h3><b>Autres expositions<\/b><\/h3>\n<p><span style=\"font-weight: 400;\">En 1959, il participe \u00e9galement \u00e0 la Biennale de S\u00e3o Paulo.\u00a0<\/span><\/p>\n<p><span style=\"font-weight: 400;\">De 1948 \u00e0 1986, il participe \u00e0 cinq \u00e9ditions de la Quadriennale de Rome ; en 1995, il devient membre de l&rsquo;Acad\u00e9mie nationale de Saint-Luc.<\/span><\/p>\n<p>&nbsp;<\/p>\n","protected":false},"excerpt":{"rendered":"<p>Il participe \u00e0 la XXXIVe Biennale de Venise en 1968, celle de la grande contestation, avec une salle qui lui est d\u00e9di\u00e9e et qu&rsquo;il ferme, par adh\u00e9sion aux contestations en cours.<\/p>\n","protected":false},"featured_media":117571,"parent":0,"template":"","format":"standard","meta":{"_acf_changed":false},"tags":[6517],"class_list":["post-117572","artisti","type-artisti","status-publish","format-standard","has-post-thumbnail","hentry","tags-p"],"acf":[],"yoast_head":"<!-- This site is optimized with the Yoast SEO Premium plugin v27.4 (Yoast SEO v27.5) - https:\/\/yoast.com\/product\/yoast-seo-premium-wordpress\/ -->\n<title>Achille Perilli - Egidi MadeinItaly<\/title>\n<meta name=\"description\" content=\"Achille Perilli promoteur de la plus pure abstraction et co-fondateur du Gruppo Forma 1 sur Egidi MadeinItaly\" \/>\n<meta name=\"robots\" content=\"index, follow, max-snippet:-1, max-image-preview:large, max-video-preview:-1\" \/>\n<link rel=\"canonical\" href=\"https:\/\/egidimadeinitaly.com\/fr\/artistes\/achille-perilli\/\" \/>\n<meta property=\"og:locale\" content=\"fr_FR\" \/>\n<meta property=\"og:type\" content=\"article\" \/>\n<meta property=\"og:title\" content=\"Achille Perilli\" \/>\n<meta property=\"og:description\" content=\"Il participe \u00e0 la XXXIVe Biennale de Venise en 1968, celle de la grande contestation, avec une salle qui lui est d\u00e9di\u00e9e et qu&#039;il ferme, par adh\u00e9sion aux contestations en cours.\" \/>\n<meta property=\"og:url\" content=\"https:\/\/egidimadeinitaly.com\/fr\/artistes\/achille-perilli\/\" \/>\n<meta property=\"og:site_name\" content=\"Egidi MadeinItaly\" \/>\n<meta property=\"article:publisher\" content=\"https:\/\/www.facebook.com\/egidimadeinitaly\/\" \/>\n<meta property=\"article:modified_time\" content=\"2025-03-27T10:00:29+00:00\" \/>\n<meta property=\"og:image\" content=\"https:\/\/egidimadeinitaly.com\/wp-content\/uploads\/2024\/01\/Achille-Perilli.jpg\" \/>\n\t<meta property=\"og:image:width\" content=\"397\" \/>\n\t<meta property=\"og:image:height\" content=\"600\" \/>\n\t<meta property=\"og:image:type\" content=\"image\/jpeg\" \/>\n<script type=\"application\/ld+json\" class=\"yoast-schema-graph\">{\"@context\":\"https:\\\/\\\/schema.org\",\"@graph\":[{\"@type\":\"WebPage\",\"@id\":\"https:\\\/\\\/egidimadeinitaly.com\\\/fr\\\/artisti\\\/achille-perilli\\\/\",\"url\":\"https:\\\/\\\/egidimadeinitaly.com\\\/fr\\\/artistes\\\/achille-perilli\\\/\",\"name\":\"Achille Perilli - Egidi MadeinItaly\",\"isPartOf\":{\"@id\":\"https:\\\/\\\/egidimadeinitaly.com\\\/fr\\\/#website\"},\"primaryImageOfPage\":{\"@id\":\"https:\\\/\\\/egidimadeinitaly.com\\\/fr\\\/artistes\\\/achille-perilli\\\/#primaryimage\"},\"image\":{\"@id\":\"https:\\\/\\\/egidimadeinitaly.com\\\/fr\\\/artistes\\\/achille-perilli\\\/#primaryimage\"},\"thumbnailUrl\":\"https:\\\/\\\/egidimadeinitaly.com\\\/v25\\\/wp-content\\\/uploads\\\/2024\\\/01\\\/Achille-Perilli.jpg\",\"datePublished\":\"2024-01-30T14:02:32+00:00\",\"dateModified\":\"2025-03-27T10:00:29+00:00\",\"description\":\"Achille Perilli promoteur de la plus pure abstraction et co-fondateur du Gruppo Forma 1 sur Egidi MadeinItaly\",\"breadcrumb\":{\"@id\":\"https:\\\/\\\/egidimadeinitaly.com\\\/fr\\\/artistes\\\/achille-perilli\\\/#breadcrumb\"},\"inLanguage\":\"fr-FR\",\"potentialAction\":[{\"@type\":\"ReadAction\",\"target\":[\"https:\\\/\\\/egidimadeinitaly.com\\\/fr\\\/artistes\\\/achille-perilli\\\/\"]}]},{\"@type\":\"ImageObject\",\"inLanguage\":\"fr-FR\",\"@id\":\"https:\\\/\\\/egidimadeinitaly.com\\\/fr\\\/artistes\\\/achille-perilli\\\/#primaryimage\",\"url\":\"https:\\\/\\\/egidimadeinitaly.com\\\/v25\\\/wp-content\\\/uploads\\\/2024\\\/01\\\/Achille-Perilli.jpg\",\"contentUrl\":\"https:\\\/\\\/egidimadeinitaly.com\\\/v25\\\/wp-content\\\/uploads\\\/2024\\\/01\\\/Achille-Perilli.jpg\",\"width\":397,\"height\":600,\"caption\":\"Achille Perilli\"},{\"@type\":\"BreadcrumbList\",\"@id\":\"https:\\\/\\\/egidimadeinitaly.com\\\/fr\\\/artistes\\\/achille-perilli\\\/#breadcrumb\",\"itemListElement\":[{\"@type\":\"ListItem\",\"position\":1,\"name\":\"Home\",\"item\":\"https:\\\/\\\/egidimadeinitaly.com\\\/fr\\\/\"},{\"@type\":\"ListItem\",\"position\":2,\"name\":\"Achille Perilli\"}]},{\"@type\":\"WebSite\",\"@id\":\"https:\\\/\\\/egidimadeinitaly.com\\\/fr\\\/#website\",\"url\":\"https:\\\/\\\/egidimadeinitaly.com\\\/fr\\\/\",\"name\":\"Egidi MadeinItaly\",\"description\":\"Fine Art\",\"potentialAction\":[{\"@type\":\"SearchAction\",\"target\":{\"@type\":\"EntryPoint\",\"urlTemplate\":\"https:\\\/\\\/egidimadeinitaly.com\\\/fr\\\/?s={search_term_string}\"},\"query-input\":{\"@type\":\"PropertyValueSpecification\",\"valueRequired\":true,\"valueName\":\"search_term_string\"}}],\"inLanguage\":\"fr-FR\"}]}<\/script>\n<!-- \/ Yoast SEO Premium plugin. -->","yoast_head_json":{"title":"Achille Perilli - Egidi MadeinItaly","description":"Achille Perilli promoteur de la plus pure abstraction et co-fondateur du Gruppo Forma 1 sur Egidi MadeinItaly","robots":{"index":"index","follow":"follow","max-snippet":"max-snippet:-1","max-image-preview":"max-image-preview:large","max-video-preview":"max-video-preview:-1"},"canonical":"https:\/\/egidimadeinitaly.com\/fr\/artistes\/achille-perilli\/","og_locale":"fr_FR","og_type":"article","og_title":"Achille Perilli","og_description":"Il participe \u00e0 la XXXIVe Biennale de Venise en 1968, celle de la grande contestation, avec une salle qui lui est d\u00e9di\u00e9e et qu'il ferme, par adh\u00e9sion aux contestations en cours.","og_url":"https:\/\/egidimadeinitaly.com\/fr\/artistes\/achille-perilli\/","og_site_name":"Egidi MadeinItaly","article_publisher":"https:\/\/www.facebook.com\/egidimadeinitaly\/","article_modified_time":"2025-03-27T10:00:29+00:00","og_image":[{"width":397,"height":600,"url":"https:\/\/egidimadeinitaly.com\/wp-content\/uploads\/2024\/01\/Achille-Perilli.jpg","type":"image\/jpeg"}],"schema":{"@context":"https:\/\/schema.org","@graph":[{"@type":"WebPage","@id":"https:\/\/egidimadeinitaly.com\/fr\/artisti\/achille-perilli\/","url":"https:\/\/egidimadeinitaly.com\/fr\/artistes\/achille-perilli\/","name":"Achille Perilli - Egidi MadeinItaly","isPartOf":{"@id":"https:\/\/egidimadeinitaly.com\/fr\/#website"},"primaryImageOfPage":{"@id":"https:\/\/egidimadeinitaly.com\/fr\/artistes\/achille-perilli\/#primaryimage"},"image":{"@id":"https:\/\/egidimadeinitaly.com\/fr\/artistes\/achille-perilli\/#primaryimage"},"thumbnailUrl":"https:\/\/egidimadeinitaly.com\/v25\/wp-content\/uploads\/2024\/01\/Achille-Perilli.jpg","datePublished":"2024-01-30T14:02:32+00:00","dateModified":"2025-03-27T10:00:29+00:00","description":"Achille Perilli promoteur de la plus pure abstraction et co-fondateur du Gruppo Forma 1 sur Egidi MadeinItaly","breadcrumb":{"@id":"https:\/\/egidimadeinitaly.com\/fr\/artistes\/achille-perilli\/#breadcrumb"},"inLanguage":"fr-FR","potentialAction":[{"@type":"ReadAction","target":["https:\/\/egidimadeinitaly.com\/fr\/artistes\/achille-perilli\/"]}]},{"@type":"ImageObject","inLanguage":"fr-FR","@id":"https:\/\/egidimadeinitaly.com\/fr\/artistes\/achille-perilli\/#primaryimage","url":"https:\/\/egidimadeinitaly.com\/v25\/wp-content\/uploads\/2024\/01\/Achille-Perilli.jpg","contentUrl":"https:\/\/egidimadeinitaly.com\/v25\/wp-content\/uploads\/2024\/01\/Achille-Perilli.jpg","width":397,"height":600,"caption":"Achille Perilli"},{"@type":"BreadcrumbList","@id":"https:\/\/egidimadeinitaly.com\/fr\/artistes\/achille-perilli\/#breadcrumb","itemListElement":[{"@type":"ListItem","position":1,"name":"Home","item":"https:\/\/egidimadeinitaly.com\/fr\/"},{"@type":"ListItem","position":2,"name":"Achille Perilli"}]},{"@type":"WebSite","@id":"https:\/\/egidimadeinitaly.com\/fr\/#website","url":"https:\/\/egidimadeinitaly.com\/fr\/","name":"Egidi MadeinItaly","description":"Fine Art","potentialAction":[{"@type":"SearchAction","target":{"@type":"EntryPoint","urlTemplate":"https:\/\/egidimadeinitaly.com\/fr\/?s={search_term_string}"},"query-input":{"@type":"PropertyValueSpecification","valueRequired":true,"valueName":"search_term_string"}}],"inLanguage":"fr-FR"}]}},"_links":{"self":[{"href":"https:\/\/egidimadeinitaly.com\/fr\/wp-json\/wp\/v2\/artisti\/117572","targetHints":{"allow":["GET"]}}],"collection":[{"href":"https:\/\/egidimadeinitaly.com\/fr\/wp-json\/wp\/v2\/artisti"}],"about":[{"href":"https:\/\/egidimadeinitaly.com\/fr\/wp-json\/wp\/v2\/types\/artisti"}],"wp:featuredmedia":[{"embeddable":true,"href":"https:\/\/egidimadeinitaly.com\/fr\/wp-json\/wp\/v2\/media\/117571"}],"wp:attachment":[{"href":"https:\/\/egidimadeinitaly.com\/fr\/wp-json\/wp\/v2\/media?parent=117572"}],"wp:term":[{"taxonomy":"post_tag","embeddable":true,"href":"https:\/\/egidimadeinitaly.com\/fr\/wp-json\/wp\/v2\/tags?post=117572"},{"taxonomy":"tags","embeddable":true,"href":"https:\/\/egidimadeinitaly.com\/fr\/wp-json\/wp\/v2\/tags?post=117572"}],"curies":[{"name":"wp","href":"https:\/\/api.w.org\/{rel}","templated":true}]}}

<p><span style="font-weight: 400;">Achille Perilli (Rome 1927 &#8211; Orvieto 2021)  </span></p>
<h2><b>Gruppo Forma 1</b></h2>
<p><span style="font-weight: 400;">Il a été co-fondateur et signataire, avec les artistes Carla Accardi, Ugo Attardi, Pietro Consagra, Piero Dorazio, son camarade de lycée au Giulio Cesare, Mino Guerrini, et Antonio Sanfilippo du groupe d&rsquo;avant-garde connu sous le nom de </span><b>Gruppo Forma 1</b><span style="font-weight: 400;">, clairement inspiré par le marxisme et le formalisme, avec une attention particulière accordée à la forme et au signe.</span></p>
<h2><b>Galerie de Rome</b></h2>
<p><span style="font-weight: 400;">Il collabore avec Sottsass Jr à l&rsquo;organisation de <a href="https://egidimadeinitaly.com/fr/galerie-de-rome/">la première exposition d&rsquo;art abstrait en Italie, qui se tient à la Galerie de Rome</a> (1948).</span></p>
<h2><b>MAC <span style="font-weight: 400;">Mouvement d&rsquo;art concret</span></b></h2>
<p><span style="font-weight: 400;"><strong>Achille Perilli</strong> rejoint le <a href="https://egidimadeinitaly.com/fr/mac-mouvement-dart-concret/">MAC (Movimento Arte Concreta/ Mouvement d&rsquo;art concret)</a> en 1948, avec Soldati, Munari, Monnet et Dorfles pour prendre part à la forte polémique contre le néo-réalisme qui se propageait dans ces années-là.  </span></p>
<p><span style="font-weight: 400;">Il est un artiste de renommée mondiale qui influence encore aujourd&rsquo;hui l&rsquo;analyse et la recherche artistique actuelle.</span></p>
<p><span style="font-weight: 400;">Il participe à plusieurs éditions de la Biennale de Venise (1952, 1958, 1962).</span></p>
<h3><b>Curiosité</b></h3>
<p><span style="font-weight: 400;">Achille Perilli participe à la <em>XXXIV</em></span><em><span style="font-weight: 400;">e </span></em><span style="font-weight: 400;"><em>Biennale de Venise</em> en 1968, celle de la grande contestation, avec une salle qui lui est dédiée et qu&rsquo;il ferme, par adhésion aux contestations en cours.</span></p>
<h3><b>Autres expositions</b></h3>
<p><span style="font-weight: 400;">En 1959, il participe également à la Biennale de São Paulo. </span></p>
<p><span style="font-weight: 400;">De 1948 à 1986, il participe à cinq éditions de la Quadriennale de Rome ; en 1995, il devient membre de l&rsquo;Académie nationale de Saint-Luc.</span></p>
<p>&nbsp;</p>

<p>Il participe à la XXXIVe Biennale de Venise en 1968, celle de la grande contestation, avec une salle qui lui est dédiée et qu&rsquo;il ferme, par adhésion aux contestations en cours.</p>

<!-- This site is optimized with the Yoast SEO Premium plugin v27.4 (Yoast SEO v27.5) - https://yoast.com/product/yoast-seo-premium-wordpress/ -->
<title>Achille Perilli - Egidi MadeinItaly</title>
<meta name="description" content="Achille Perilli promoteur de la plus pure abstraction et co-fondateur du Gruppo Forma 1 sur Egidi MadeinItaly" />
<meta name="robots" content="index, follow, max-snippet:-1, max-image-preview:large, max-video-preview:-1" />
<link rel="canonical" href="https://egidimadeinitaly.com/fr/artistes/achille-perilli/" />
<meta property="og:locale" content="fr_FR" />
<meta property="og:type" content="article" />
<meta property="og:title" content="Achille Perilli" />
<meta property="og:description" content="Il participe à la XXXIVe Biennale de Venise en 1968, celle de la grande contestation, avec une salle qui lui est dédiée et qu&#039;il ferme, par adhésion aux contestations en cours." />
<meta property="og:url" content="https://egidimadeinitaly.com/fr/artistes/achille-perilli/" />
<meta property="og:site_name" content="Egidi MadeinItaly" />
<meta property="article:publisher" content="https://www.facebook.com/egidimadeinitaly/" />
<meta property="article:modified_time" content="2025-03-27T10:00:29+00:00" />
<meta property="og:image" content="https://egidimadeinitaly.com/wp-content/uploads/2024/01/Achille-Perilli.jpg" />
	<meta property="og:image:width" content="397" />
	<meta property="og:image:height" content="600" />
	<meta property="og:image:type" content="image/jpeg" />
<script type="application/ld+json" class="yoast-schema-graph">{"@context":"https:\/\/schema.org","@graph":[{"@type":"WebPage","@id":"https:\/\/egidimadeinitaly.com\/fr\/artisti\/achille-perilli\/","url":"https:\/\/egidimadeinitaly.com\/fr\/artistes\/achille-perilli\/","name":"Achille Perilli - Egidi MadeinItaly","isPartOf":{"@id":"https:\/\/egidimadeinitaly.com\/fr\/#website"},"primaryImageOfPage":{"@id":"https:\/\/egidimadeinitaly.com\/fr\/artistes\/achille-perilli\/#primaryimage"},"image":{"@id":"https:\/\/egidimadeinitaly.com\/fr\/artistes\/achille-perilli\/#primaryimage"},"thumbnailUrl":"https:\/\/egidimadeinitaly.com\/v25\/wp-content\/uploads\/2024\/01\/Achille-Perilli.jpg","datePublished":"2024-01-30T14:02:32+00:00","dateModified":"2025-03-27T10:00:29+00:00","description":"Achille Perilli promoteur de la plus pure abstraction et co-fondateur du Gruppo Forma 1 sur Egidi MadeinItaly","breadcrumb":{"@id":"https:\/\/egidimadeinitaly.com\/fr\/artistes\/achille-perilli\/#breadcrumb"},"inLanguage":"fr-FR","potentialAction":[{"@type":"ReadAction","target":["https:\/\/egidimadeinitaly.com\/fr\/artistes\/achille-perilli\/"]}]},{"@type":"ImageObject","inLanguage":"fr-FR","@id":"https:\/\/egidimadeinitaly.com\/fr\/artistes\/achille-perilli\/#primaryimage","url":"https:\/\/egidimadeinitaly.com\/v25\/wp-content\/uploads\/2024\/01\/Achille-Perilli.jpg","contentUrl":"https:\/\/egidimadeinitaly.com\/v25\/wp-content\/uploads\/2024\/01\/Achille-Perilli.jpg","width":397,"height":600,"caption":"Achille Perilli"},{"@type":"BreadcrumbList","@id":"https:\/\/egidimadeinitaly.com\/fr\/artistes\/achille-perilli\/#breadcrumb","itemListElement":[{"@type":"ListItem","position":1,"name":"Home","item":"https:\/\/egidimadeinitaly.com\/fr\/"},{"@type":"ListItem","position":2,"name":"Achille Perilli"}]},{"@type":"WebSite","@id":"https:\/\/egidimadeinitaly.com\/fr\/#website","url":"https:\/\/egidimadeinitaly.com\/fr\/","name":"Egidi MadeinItaly","description":"Fine Art","potentialAction":[{"@type":"SearchAction","target":{"@type":"EntryPoint","urlTemplate":"https:\/\/egidimadeinitaly.com\/fr\/?s={search_term_string}"},"query-input":{"@type":"PropertyValueSpecification","valueRequired":true,"valueName":"search_term_string"}}],"inLanguage":"fr-FR"}]}</script>
<!-- / Yoast SEO Premium plugin. -->

Il participe à la XXXIVe Biennale de Venise en 1968, celle de la grande contestation, avec une salle qui lui est dédiée et qu'il ferme, par adhésion aux contestations en cours.
