{"id":112759,"date":"2023-01-02T16:44:36","date_gmt":"2023-01-02T15:44:36","guid":{"rendered":"https:\/\/egidimadeinitaly.com\/ecomsite\/?post_type=artisti&#038;p=112759"},"modified":"2025-05-10T07:02:10","modified_gmt":"2025-05-10T06:02:10","slug":"mario-tozzi","status":"publish","type":"artisti","link":"https:\/\/egidimadeinitaly.com\/fr\/artisti\/mario-tozzi\/","title":{"rendered":"Mario Tozzi"},"content":{"rendered":"<p><strong>Mario Tozzi<\/strong> Peintre italien (Fossombrone, 1895 \u2013 Saint-Jean-du-Gard, 1979)<\/p>\n<p>Il a pass\u00e9 sa jeunesse \u00e0 Suna di Verbania, sur le lac Majeur, o\u00f9 il a interrompu les \u00e9tudes de chimie qu\u2019il avait entreprises pour suivre les cours de l&rsquo;Acad\u00e9mie des beaux-arts de Bologne.<\/p>\n<p>Dans l\u2019imm\u00e9diat apr\u00e8s-guerre, il s&rsquo;installe au 44 rue de Rennes \u00e0 Paris avec sa femme, Marie Th\u00e9r\u00e8se Lemaire, qui est fran\u00e7aise.<\/p>\n<p>\u00c0 Paris, il participe r\u00e9guli\u00e8rement et avec succ\u00e8s aux <em>Salons des Ind\u00e9pendants des Tuileries<\/em> et au <em>Salon d&rsquo; Automne<\/em>.<\/p>\n<p>C&rsquo;est <strong>Mario Tozzi<\/strong> qui forma <a href=\"https:\/\/egidimadeinitaly.com\/fr\/les-italiens-de-paris\/\">le c\u00e9l\u00e8bre groupe des Italiens de Paris<\/a> et qui organisa les expositions d&rsquo;art italien \u00e0 la Galerie Bonaparte et \u00e0 la Galerie Georges Bernheim.<\/p>\n<p>Aux Biennales de Venise de 1926 et de 1928, il pr\u00e9sente l\u2019\u00c9cole de Paris et l\u2019exposition qu\u2019il intitule \u00ab Appels d\u2019Italie \u00bb qui fit sensation.<\/p>\n<p>Son art aux lignes ferm\u00e9es, \u00e0 la plasticit\u00e9 statuaire et aux plans d\u00e9finis, qui contraste nettement avec la peinture qui pr\u00e9valait \u00e0 l&rsquo; \u00e9poque, le place au premier rang des partisans de la r\u00e9surgence d&rsquo;un art m\u00e9diterran\u00e9en.<\/p>\n<p><strong>Le groupe de Sept<\/strong><\/p>\n<p>Il fonde le Groupe des Sept avec <strong>Massimo Campigli<\/strong>, <strong>Giorgio de Chirico<\/strong>, <a href=\"https:\/\/egidimadeinitaly.com\/fr\/filippo-de-pisis\/\"><strong>Filippo de Pisis<\/strong><\/a>, <strong>Ren\u00e9 Paresce<\/strong>, <strong>Alberto Savinio<\/strong> et <strong>Gino Severini<\/strong>.<\/p>\n<p>Parmi les distinctions :<\/p>\n<p>L\u00e9gion d\u2019honneur pour le m\u00e9rite artistique en 1935<\/p>\n<p>M\u00e9daille d&rsquo;or \u00e0 l&rsquo;exposition d&rsquo;art italien \u00e0 Budapest et \u00e0 Paris.<\/p>\n<p>Premier prix de peinture de l\u2019Acad\u00e9mie d\u2019Italie en 1943<\/p>\n<h2 style=\"text-align: center;\">Vous poss\u00e9dez une \u0153uvre de Mario Tozzi et vous voulez la vendre ?<\/h2>\n<p style=\"text-align: center;\">Pour toute expertise ou estimation de vos \u0153uvres et de vos collections, vous pouvez nous contacter \u00e0 l&rsquo;adresse sabrina@egidimadeinitaly.com<\/p>\n<p style=\"text-align: center;\">ou<\/p>\n<p style=\"text-align: center;\">\u00a0envoyez-nous un message WhatsApp au au\u00a0 +39 3356585431<\/p>\n<p style=\"text-align: center;\"><span style=\"color: #ff6600;\"><strong>VOUS POUVEZ NOUS FAIRE CONFIANCE<\/strong><\/span><\/p>\n<p style=\"text-align: center;\"><strong>Les meilleures estimations, comp\u00e9tence, s\u00e9rieux<\/strong><\/p>\n<p style=\"text-align: center;\">\n","protected":false},"excerpt":{"rendered":"<p>Il fonde le Groupe des Sept avec Massimo Campigli, Giorgio de Chirico, Filippo de Pisis, Ren\u00e9 Paresce, Alberto Savinio et Gino Severini.<\/p>\n","protected":false},"featured_media":115709,"parent":0,"template":"","format":"standard","meta":{"_acf_changed":false},"tags":[6525],"class_list":["post-112759","artisti","type-artisti","status-publish","format-standard","has-post-thumbnail","hentry","tags-t"],"acf":[],"yoast_head":"<!-- This site is optimized with the Yoast SEO Premium plugin v27.4 (Yoast SEO v27.5) - https:\/\/yoast.com\/product\/yoast-seo-premium-wordpress\/ -->\n<title>Mario Tozzi - Egidi MadeinItaly<\/title>\n<meta name=\"description\" content=\"Mario Tozzi peintre italien du 20\u00e8me si\u00e8cle. Nous achetons des \u0153uvres de ce peintre : les meilleures estimations, comp\u00e9tence, s\u00e9rieux\" \/>\n<meta name=\"robots\" content=\"index, follow, max-snippet:-1, max-image-preview:large, max-video-preview:-1\" \/>\n<link rel=\"canonical\" href=\"https:\/\/egidimadeinitaly.com\/fr\/artistes\/mario-tozzi\/\" \/>\n<meta property=\"og:locale\" content=\"fr_FR\" \/>\n<meta property=\"og:type\" content=\"article\" \/>\n<meta property=\"og:title\" content=\"Mario Tozzi\" \/>\n<meta property=\"og:description\" content=\"Il fonde le Groupe des Sept avec Massimo Campigli, Giorgio de Chirico, Filippo de Pisis, Ren\u00e9 Paresce, Alberto Savinio et Gino Severini.\" \/>\n<meta property=\"og:url\" content=\"https:\/\/egidimadeinitaly.com\/fr\/artistes\/mario-tozzi\/\" \/>\n<meta property=\"og:site_name\" content=\"Egidi MadeinItaly\" \/>\n<meta property=\"article:publisher\" content=\"https:\/\/www.facebook.com\/egidimadeinitaly\/\" \/>\n<meta property=\"article:modified_time\" content=\"2025-05-10T06:02:10+00:00\" \/>\n<meta property=\"og:image\" content=\"https:\/\/egidimadeinitaly.com\/v25\/wp-content\/uploads\/2023\/01\/Souvenir-denfance-1929-scaled-e1687247376898.jpg\" \/>\n\t<meta property=\"og:image:width\" content=\"675\" \/>\n\t<meta property=\"og:image:height\" content=\"900\" \/>\n\t<meta property=\"og:image:type\" content=\"image\/jpeg\" \/>\n<script type=\"application\/ld+json\" class=\"yoast-schema-graph\">{\"@context\":\"https:\\\/\\\/schema.org\",\"@graph\":[{\"@type\":\"WebPage\",\"@id\":\"https:\\\/\\\/egidimadeinitaly.com\\\/fr\\\/artisti\\\/mario-tozzi\\\/\",\"url\":\"https:\\\/\\\/egidimadeinitaly.com\\\/fr\\\/artistes\\\/mario-tozzi\\\/\",\"name\":\"Mario Tozzi - Egidi MadeinItaly\",\"isPartOf\":{\"@id\":\"https:\\\/\\\/egidimadeinitaly.com\\\/fr\\\/#website\"},\"primaryImageOfPage\":{\"@id\":\"https:\\\/\\\/egidimadeinitaly.com\\\/fr\\\/artistes\\\/mario-tozzi\\\/#primaryimage\"},\"image\":{\"@id\":\"https:\\\/\\\/egidimadeinitaly.com\\\/fr\\\/artistes\\\/mario-tozzi\\\/#primaryimage\"},\"thumbnailUrl\":\"https:\\\/\\\/egidimadeinitaly.com\\\/v25\\\/wp-content\\\/uploads\\\/2023\\\/01\\\/Souvenir-denfance-1929-scaled-e1687247376898.jpg\",\"datePublished\":\"2023-01-02T15:44:36+00:00\",\"dateModified\":\"2025-05-10T06:02:10+00:00\",\"description\":\"Mario Tozzi peintre italien du 20\u00e8me si\u00e8cle. Nous achetons des \u0153uvres de ce peintre : les meilleures estimations, comp\u00e9tence, s\u00e9rieux\",\"breadcrumb\":{\"@id\":\"https:\\\/\\\/egidimadeinitaly.com\\\/fr\\\/artistes\\\/mario-tozzi\\\/#breadcrumb\"},\"inLanguage\":\"fr-FR\",\"potentialAction\":[{\"@type\":\"ReadAction\",\"target\":[\"https:\\\/\\\/egidimadeinitaly.com\\\/fr\\\/artistes\\\/mario-tozzi\\\/\"]}]},{\"@type\":\"ImageObject\",\"inLanguage\":\"fr-FR\",\"@id\":\"https:\\\/\\\/egidimadeinitaly.com\\\/fr\\\/artistes\\\/mario-tozzi\\\/#primaryimage\",\"url\":\"https:\\\/\\\/egidimadeinitaly.com\\\/v25\\\/wp-content\\\/uploads\\\/2023\\\/01\\\/Souvenir-denfance-1929-scaled-e1687247376898.jpg\",\"contentUrl\":\"https:\\\/\\\/egidimadeinitaly.com\\\/v25\\\/wp-content\\\/uploads\\\/2023\\\/01\\\/Souvenir-denfance-1929-scaled-e1687247376898.jpg\",\"width\":675,\"height\":900,\"caption\":\"Souvenir d'enfance 1929\"},{\"@type\":\"BreadcrumbList\",\"@id\":\"https:\\\/\\\/egidimadeinitaly.com\\\/fr\\\/artistes\\\/mario-tozzi\\\/#breadcrumb\",\"itemListElement\":[{\"@type\":\"ListItem\",\"position\":1,\"name\":\"Home\",\"item\":\"https:\\\/\\\/egidimadeinitaly.com\\\/fr\\\/\"},{\"@type\":\"ListItem\",\"position\":2,\"name\":\"Mario Tozzi\"}]},{\"@type\":\"WebSite\",\"@id\":\"https:\\\/\\\/egidimadeinitaly.com\\\/fr\\\/#website\",\"url\":\"https:\\\/\\\/egidimadeinitaly.com\\\/fr\\\/\",\"name\":\"Egidi MadeinItaly\",\"description\":\"Fine Art\",\"potentialAction\":[{\"@type\":\"SearchAction\",\"target\":{\"@type\":\"EntryPoint\",\"urlTemplate\":\"https:\\\/\\\/egidimadeinitaly.com\\\/fr\\\/?s={search_term_string}\"},\"query-input\":{\"@type\":\"PropertyValueSpecification\",\"valueRequired\":true,\"valueName\":\"search_term_string\"}}],\"inLanguage\":\"fr-FR\"}]}<\/script>\n<!-- \/ Yoast SEO Premium plugin. -->","yoast_head_json":{"title":"Mario Tozzi - Egidi MadeinItaly","description":"Mario Tozzi peintre italien du 20\u00e8me si\u00e8cle. Nous achetons des \u0153uvres de ce peintre : les meilleures estimations, comp\u00e9tence, s\u00e9rieux","robots":{"index":"index","follow":"follow","max-snippet":"max-snippet:-1","max-image-preview":"max-image-preview:large","max-video-preview":"max-video-preview:-1"},"canonical":"https:\/\/egidimadeinitaly.com\/fr\/artistes\/mario-tozzi\/","og_locale":"fr_FR","og_type":"article","og_title":"Mario Tozzi","og_description":"Il fonde le Groupe des Sept avec Massimo Campigli, Giorgio de Chirico, Filippo de Pisis, Ren\u00e9 Paresce, Alberto Savinio et Gino Severini.","og_url":"https:\/\/egidimadeinitaly.com\/fr\/artistes\/mario-tozzi\/","og_site_name":"Egidi MadeinItaly","article_publisher":"https:\/\/www.facebook.com\/egidimadeinitaly\/","article_modified_time":"2025-05-10T06:02:10+00:00","og_image":[{"width":675,"height":900,"url":"https:\/\/egidimadeinitaly.com\/v25\/wp-content\/uploads\/2023\/01\/Souvenir-denfance-1929-scaled-e1687247376898.jpg","type":"image\/jpeg"}],"schema":{"@context":"https:\/\/schema.org","@graph":[{"@type":"WebPage","@id":"https:\/\/egidimadeinitaly.com\/fr\/artisti\/mario-tozzi\/","url":"https:\/\/egidimadeinitaly.com\/fr\/artistes\/mario-tozzi\/","name":"Mario Tozzi - Egidi MadeinItaly","isPartOf":{"@id":"https:\/\/egidimadeinitaly.com\/fr\/#website"},"primaryImageOfPage":{"@id":"https:\/\/egidimadeinitaly.com\/fr\/artistes\/mario-tozzi\/#primaryimage"},"image":{"@id":"https:\/\/egidimadeinitaly.com\/fr\/artistes\/mario-tozzi\/#primaryimage"},"thumbnailUrl":"https:\/\/egidimadeinitaly.com\/v25\/wp-content\/uploads\/2023\/01\/Souvenir-denfance-1929-scaled-e1687247376898.jpg","datePublished":"2023-01-02T15:44:36+00:00","dateModified":"2025-05-10T06:02:10+00:00","description":"Mario Tozzi peintre italien du 20\u00e8me si\u00e8cle. Nous achetons des \u0153uvres de ce peintre : les meilleures estimations, comp\u00e9tence, s\u00e9rieux","breadcrumb":{"@id":"https:\/\/egidimadeinitaly.com\/fr\/artistes\/mario-tozzi\/#breadcrumb"},"inLanguage":"fr-FR","potentialAction":[{"@type":"ReadAction","target":["https:\/\/egidimadeinitaly.com\/fr\/artistes\/mario-tozzi\/"]}]},{"@type":"ImageObject","inLanguage":"fr-FR","@id":"https:\/\/egidimadeinitaly.com\/fr\/artistes\/mario-tozzi\/#primaryimage","url":"https:\/\/egidimadeinitaly.com\/v25\/wp-content\/uploads\/2023\/01\/Souvenir-denfance-1929-scaled-e1687247376898.jpg","contentUrl":"https:\/\/egidimadeinitaly.com\/v25\/wp-content\/uploads\/2023\/01\/Souvenir-denfance-1929-scaled-e1687247376898.jpg","width":675,"height":900,"caption":"Souvenir d'enfance 1929"},{"@type":"BreadcrumbList","@id":"https:\/\/egidimadeinitaly.com\/fr\/artistes\/mario-tozzi\/#breadcrumb","itemListElement":[{"@type":"ListItem","position":1,"name":"Home","item":"https:\/\/egidimadeinitaly.com\/fr\/"},{"@type":"ListItem","position":2,"name":"Mario Tozzi"}]},{"@type":"WebSite","@id":"https:\/\/egidimadeinitaly.com\/fr\/#website","url":"https:\/\/egidimadeinitaly.com\/fr\/","name":"Egidi MadeinItaly","description":"Fine Art","potentialAction":[{"@type":"SearchAction","target":{"@type":"EntryPoint","urlTemplate":"https:\/\/egidimadeinitaly.com\/fr\/?s={search_term_string}"},"query-input":{"@type":"PropertyValueSpecification","valueRequired":true,"valueName":"search_term_string"}}],"inLanguage":"fr-FR"}]}},"_links":{"self":[{"href":"https:\/\/egidimadeinitaly.com\/fr\/wp-json\/wp\/v2\/artisti\/112759","targetHints":{"allow":["GET"]}}],"collection":[{"href":"https:\/\/egidimadeinitaly.com\/fr\/wp-json\/wp\/v2\/artisti"}],"about":[{"href":"https:\/\/egidimadeinitaly.com\/fr\/wp-json\/wp\/v2\/types\/artisti"}],"wp:featuredmedia":[{"embeddable":true,"href":"https:\/\/egidimadeinitaly.com\/fr\/wp-json\/wp\/v2\/media\/115709"}],"wp:attachment":[{"href":"https:\/\/egidimadeinitaly.com\/fr\/wp-json\/wp\/v2\/media?parent=112759"}],"wp:term":[{"taxonomy":"post_tag","embeddable":true,"href":"https:\/\/egidimadeinitaly.com\/fr\/wp-json\/wp\/v2\/tags?post=112759"},{"taxonomy":"tags","embeddable":true,"href":"https:\/\/egidimadeinitaly.com\/fr\/wp-json\/wp\/v2\/tags?post=112759"}],"curies":[{"name":"wp","href":"https:\/\/api.w.org\/{rel}","templated":true}]}}

<p><strong>Mario Tozzi</strong> Peintre italien (Fossombrone, 1895 – Saint-Jean-du-Gard, 1979)</p>
<p>Il a passé sa jeunesse à Suna di Verbania, sur le lac Majeur, où il a interrompu les études de chimie qu’il avait entreprises pour suivre les cours de l&rsquo;Académie des beaux-arts de Bologne.</p>
<p>Dans l’immédiat après-guerre, il s&rsquo;installe au 44 rue de Rennes à Paris avec sa femme, Marie Thérèse Lemaire, qui est française.</p>
<p>À Paris, il participe régulièrement et avec succès aux <em>Salons des Indépendants des Tuileries</em> et au <em>Salon d&rsquo; Automne</em>.</p>
<p>C&rsquo;est <strong>Mario Tozzi</strong> qui forma <a href="https://egidimadeinitaly.com/fr/les-italiens-de-paris/">le célèbre groupe des Italiens de Paris</a> et qui organisa les expositions d&rsquo;art italien à la Galerie Bonaparte et à la Galerie Georges Bernheim.</p>
<p>Aux Biennales de Venise de 1926 et de 1928, il présente l’École de Paris et l’exposition qu’il intitule « Appels d’Italie » qui fit sensation.</p>
<p>Son art aux lignes fermées, à la plasticité statuaire et aux plans définis, qui contraste nettement avec la peinture qui prévalait à l&rsquo; époque, le place au premier rang des partisans de la résurgence d&rsquo;un art méditerranéen.</p>
<p><strong>Le groupe de Sept</strong></p>
<p>Il fonde le Groupe des Sept avec <strong>Massimo Campigli</strong>, <strong>Giorgio de Chirico</strong>, <a href="https://egidimadeinitaly.com/fr/filippo-de-pisis/"><strong>Filippo de Pisis</strong></a>, <strong>René Paresce</strong>, <strong>Alberto Savinio</strong> et <strong>Gino Severini</strong>.</p>
<p>Parmi les distinctions :</p>
<p>Légion d’honneur pour le mérite artistique en 1935</p>
<p>Médaille d&rsquo;or à l&rsquo;exposition d&rsquo;art italien à Budapest et à Paris.</p>
<p>Premier prix de peinture de l’Académie d’Italie en 1943</p>
<h2 style="text-align: center;">Vous possédez une œuvre de Mario Tozzi et vous voulez la vendre ?</h2>
<p style="text-align: center;">Pour toute expertise ou estimation de vos œuvres et de vos collections, vous pouvez nous contacter à l&rsquo;adresse sabrina@egidimadeinitaly.com</p>
<p style="text-align: center;">ou</p>
<p style="text-align: center;"> envoyez-nous un message WhatsApp au au  +39 3356585431</p>
<p style="text-align: center;"><span style="color: #ff6600;"><strong>VOUS POUVEZ NOUS FAIRE CONFIANCE</strong></span></p>
<p style="text-align: center;"><strong>Les meilleures estimations, compétence, sérieux</strong></p>
<p style="text-align: center;">

<p>Il fonde le Groupe des Sept avec Massimo Campigli, Giorgio de Chirico, Filippo de Pisis, René Paresce, Alberto Savinio et Gino Severini.</p>

<!-- This site is optimized with the Yoast SEO Premium plugin v27.4 (Yoast SEO v27.5) - https://yoast.com/product/yoast-seo-premium-wordpress/ -->
<title>Mario Tozzi - Egidi MadeinItaly</title>
<meta name="description" content="Mario Tozzi peintre italien du 20ème siècle. Nous achetons des œuvres de ce peintre : les meilleures estimations, compétence, sérieux" />
<meta name="robots" content="index, follow, max-snippet:-1, max-image-preview:large, max-video-preview:-1" />
<link rel="canonical" href="https://egidimadeinitaly.com/fr/artistes/mario-tozzi/" />
<meta property="og:locale" content="fr_FR" />
<meta property="og:type" content="article" />
<meta property="og:title" content="Mario Tozzi" />
<meta property="og:description" content="Il fonde le Groupe des Sept avec Massimo Campigli, Giorgio de Chirico, Filippo de Pisis, René Paresce, Alberto Savinio et Gino Severini." />
<meta property="og:url" content="https://egidimadeinitaly.com/fr/artistes/mario-tozzi/" />
<meta property="og:site_name" content="Egidi MadeinItaly" />
<meta property="article:publisher" content="https://www.facebook.com/egidimadeinitaly/" />
<meta property="article:modified_time" content="2025-05-10T06:02:10+00:00" />
<meta property="og:image" content="https://egidimadeinitaly.com/v25/wp-content/uploads/2023/01/Souvenir-denfance-1929-scaled-e1687247376898.jpg" />
	<meta property="og:image:width" content="675" />
	<meta property="og:image:height" content="900" />
	<meta property="og:image:type" content="image/jpeg" />
<script type="application/ld+json" class="yoast-schema-graph">{"@context":"https:\/\/schema.org","@graph":[{"@type":"WebPage","@id":"https:\/\/egidimadeinitaly.com\/fr\/artisti\/mario-tozzi\/","url":"https:\/\/egidimadeinitaly.com\/fr\/artistes\/mario-tozzi\/","name":"Mario Tozzi - Egidi MadeinItaly","isPartOf":{"@id":"https:\/\/egidimadeinitaly.com\/fr\/#website"},"primaryImageOfPage":{"@id":"https:\/\/egidimadeinitaly.com\/fr\/artistes\/mario-tozzi\/#primaryimage"},"image":{"@id":"https:\/\/egidimadeinitaly.com\/fr\/artistes\/mario-tozzi\/#primaryimage"},"thumbnailUrl":"https:\/\/egidimadeinitaly.com\/v25\/wp-content\/uploads\/2023\/01\/Souvenir-denfance-1929-scaled-e1687247376898.jpg","datePublished":"2023-01-02T15:44:36+00:00","dateModified":"2025-05-10T06:02:10+00:00","description":"Mario Tozzi peintre italien du 20ème siècle. Nous achetons des œuvres de ce peintre : les meilleures estimations, compétence, sérieux","breadcrumb":{"@id":"https:\/\/egidimadeinitaly.com\/fr\/artistes\/mario-tozzi\/#breadcrumb"},"inLanguage":"fr-FR","potentialAction":[{"@type":"ReadAction","target":["https:\/\/egidimadeinitaly.com\/fr\/artistes\/mario-tozzi\/"]}]},{"@type":"ImageObject","inLanguage":"fr-FR","@id":"https:\/\/egidimadeinitaly.com\/fr\/artistes\/mario-tozzi\/#primaryimage","url":"https:\/\/egidimadeinitaly.com\/v25\/wp-content\/uploads\/2023\/01\/Souvenir-denfance-1929-scaled-e1687247376898.jpg","contentUrl":"https:\/\/egidimadeinitaly.com\/v25\/wp-content\/uploads\/2023\/01\/Souvenir-denfance-1929-scaled-e1687247376898.jpg","width":675,"height":900,"caption":"Souvenir d'enfance 1929"},{"@type":"BreadcrumbList","@id":"https:\/\/egidimadeinitaly.com\/fr\/artistes\/mario-tozzi\/#breadcrumb","itemListElement":[{"@type":"ListItem","position":1,"name":"Home","item":"https:\/\/egidimadeinitaly.com\/fr\/"},{"@type":"ListItem","position":2,"name":"Mario Tozzi"}]},{"@type":"WebSite","@id":"https:\/\/egidimadeinitaly.com\/fr\/#website","url":"https:\/\/egidimadeinitaly.com\/fr\/","name":"Egidi MadeinItaly","description":"Fine Art","potentialAction":[{"@type":"SearchAction","target":{"@type":"EntryPoint","urlTemplate":"https:\/\/egidimadeinitaly.com\/fr\/?s={search_term_string}"},"query-input":{"@type":"PropertyValueSpecification","valueRequired":true,"valueName":"search_term_string"}}],"inLanguage":"fr-FR"}]}</script>
<!-- / Yoast SEO Premium plugin. -->

Mario Tozzi peintre italien du 20ème siècle. Nous achetons des œuvres de ce peintre : les meilleures estimations, compétence, sérieux

Il fonde le Groupe des Sept avec Massimo Campigli, Giorgio de Chirico, Filippo de Pisis, René Paresce, Alberto Savinio et Gino Severini.
