{"id":111721,"date":"2022-09-27T14:17:43","date_gmt":"2022-09-27T13:17:43","guid":{"rendered":"https:\/\/egidimadeinitaly.com\/ecomsite\/?post_type=artisti&#038;p=111721"},"modified":"2025-03-02T10:12:47","modified_gmt":"2025-03-02T09:12:47","slug":"afro-basaldella","status":"publish","type":"artisti","link":"https:\/\/egidimadeinitaly.com\/fr\/artisti\/afro-basaldella\/","title":{"rendered":"Afro Basaldella"},"content":{"rendered":"<p>Afro Basaldella, connu sous le nom Afro, est n\u00e9 en 1912 \u00e0 Udine (Italie) dans une famille d\u2019artistes. Ses fr\u00e8res Dino et Mirko sont sculpteurs.<\/p>\n<p>Il a suivi des \u00e9tudes au lyc\u00e9e artistique de Florence, puis \u00e0 Venise.<\/p>\n<p>En 1933, il pr\u00e9sente sa premi\u00e8re exposition personnelle \u00e0 la galerie <strong>il Milione<\/strong> \u00e0 Milan.<\/p>\n<figure id=\"attachment_111021\" aria-describedby=\"caption-attachment-111021\" style=\"width: 150px\" class=\"wp-caption alignnone\"><img decoding=\"async\" class=\"size-thumbnail wp-image-111021\" src=\"https:\/\/egidimadeinitaly.com\/ecomsite\/wp-content\/uploads\/2022\/08\/Graffiti-Afro-Basaldella-1-scaled-e1675677599734.jpeg\" alt=\"Graffitis Afro Basaldella\" width=\"150\" height=\"150\" srcset=\"https:\/\/egidimadeinitaly.com\/v25\/wp-content\/uploads\/2022\/08\/Graffiti-Afro-Basaldella-1-scaled-e1675677599734-150x150.jpeg 150w, https:\/\/egidimadeinitaly.com\/v25\/wp-content\/uploads\/2022\/08\/Graffiti-Afro-Basaldella-1-scaled-e1675677599734-300x300.jpeg 300w, https:\/\/egidimadeinitaly.com\/v25\/wp-content\/uploads\/2022\/08\/Graffiti-Afro-Basaldella-1-scaled-e1675677599734-100x100.jpeg 100w\" sizes=\"(max-width: 150px) 100vw, 150px\" \/><figcaption id=\"caption-attachment-111021\" class=\"wp-caption-text\">Afro Basaldella Graffitis<\/figcaption><\/figure>\n<p>En 1937, \u00e0 Paris, il s&rsquo;initie \u00e0 la peinture impressionniste et cubiste.<\/p>\n<p>\u00c0 l&rsquo;instar <a href=\"https:\/\/egidimadeinitaly.com\/fr\/ecole-romaine\/\">des artistes de l&rsquo;<strong>\u00c9cole romaine<\/strong><\/a>, il aborde lui aussi <a href=\"https:\/\/egidimadeinitaly.com\/fr\/produit\/art-moderne\/tableaux-modernes-fr\/giovanni-omiccioli-tableau\/\">le sujet des D\u00e9molitions<\/a>.<\/p>\n<p>Son long s\u00e9jour aux \u00c9tats-Unis s\u2019av\u00e8re d\u00e9terminant pour sa carri\u00e8re. Au cours des ann\u00e9es 1950 \u00e0 New York, il rencontre la galeriste Catherine Viviano qui lui ouvrira le march\u00e9 am\u00e9ricain.<\/p>\n<h2><strong>Groupe des huit<\/strong><\/h2>\n<p>En 1952, il rejoint le groupe d\u2019artistes italiens <em>Gruppo degli otto,<\/em>\u00a0avec Emilio Vedova, Renato Birolli, Antonio Corpora, Mattia Moreni, Ennio Morlotti, Giuseppe Santomaso et Giulio Turcato.<\/p>\n<p>Il participe \u00e0 plusieurs \u00e9ditions de la Biennale de Venise o\u00f9 il re\u00e7oit le prix du meilleur peintre italien en 1956.<\/p>\n<p>Afro Basaldella enseigne la peinture \u00e0 l&rsquo;acad\u00e9mie de Florence jusqu&rsquo;en 1973.<\/p>\n<p>Il est mort en 1976 \u00e0 Zurich.<\/p>\n<h2 style=\"text-align: center;\">Vous poss\u00e9dez une \u0153uvre de Afro Basaldella et vous voulez la vendre ?<\/h2>\n<p style=\"text-align: center;\">Pour toute expertise ou estimation de vos \u0153uvres et de vos collections,<\/p>\n<p style=\"text-align: center;\">vous pouvez nous contacter \u00e0 l&rsquo;adresse sabrina@egidimadeinitaly.com<\/p>\n<p style=\"text-align: center;\">ou<\/p>\n<p style=\"text-align: center;\">\u00a0envoyez-nous un message WhatsApp au au\u00a0 +39 3356585431<\/p>\n<p style=\"text-align: center;\"><span style=\"color: #ff6600;\"><strong>VOUS POUVEZ NOUS FAIRE CONFIANCE<\/strong><\/span><\/p>\n<p style=\"text-align: center;\"><strong>Les meilleures estimations, comp\u00e9tence, s\u00e9rieux<\/strong><\/p>\n<p style=\"text-align: center;\">\n","protected":false},"excerpt":{"rendered":"<p>En 1952, il rejoint le groupe d\u2019artistes italiens Gruppo degli otto (Groupe des huit) avec  Vedova,  Birolli,  Corpora, Moreni,  Morlotti,  Santomaso et Giulio Turcato.<\/p>\n","protected":false},"featured_media":117219,"parent":0,"template":"","format":"standard","meta":{"_acf_changed":false},"tags":[6506],"class_list":["post-111721","artisti","type-artisti","status-publish","format-standard","has-post-thumbnail","hentry","tags-b"],"acf":[],"yoast_head":"<!-- This site is optimized with the Yoast SEO Premium plugin v27.4 (Yoast SEO v27.5) - https:\/\/yoast.com\/product\/yoast-seo-premium-wordpress\/ -->\n<title>Afro Basaldella - Egidi MadeinItaly<\/title>\n<meta name=\"description\" content=\"Afro Basaldella peintre, decorateur su XXeme siecle, repr\u00e9sentant de l&#039;art informel italien et du groupe Corrente\" \/>\n<meta name=\"robots\" content=\"index, follow, max-snippet:-1, max-image-preview:large, max-video-preview:-1\" \/>\n<link rel=\"canonical\" href=\"https:\/\/egidimadeinitaly.com\/fr\/artistes\/afro-basaldella\/\" \/>\n<meta property=\"og:locale\" content=\"fr_FR\" \/>\n<meta property=\"og:type\" content=\"article\" \/>\n<meta property=\"og:title\" content=\"Afro Basaldella\" \/>\n<meta property=\"og:description\" content=\"En 1952, il rejoint le groupe d\u2019artistes italiens Gruppo degli otto (Groupe des huit) avec Vedova, Birolli, Corpora, Moreni, Morlotti, Santomaso et Giulio Turcato.\" \/>\n<meta property=\"og:url\" content=\"https:\/\/egidimadeinitaly.com\/fr\/artistes\/afro-basaldella\/\" \/>\n<meta property=\"og:site_name\" content=\"Egidi MadeinItaly\" \/>\n<meta property=\"article:publisher\" content=\"https:\/\/www.facebook.com\/egidimadeinitaly\/\" \/>\n<meta property=\"article:modified_time\" content=\"2025-03-02T09:12:47+00:00\" \/>\n<meta property=\"og:image\" content=\"https:\/\/egidimadeinitaly.com\/wp-content\/uploads\/2022\/09\/Minotauro-1949-scaled-e1717677793306.jpg\" \/>\n\t<meta property=\"og:image:width\" content=\"675\" \/>\n\t<meta property=\"og:image:height\" content=\"900\" \/>\n\t<meta property=\"og:image:type\" content=\"image\/jpeg\" \/>\n<script type=\"application\/ld+json\" class=\"yoast-schema-graph\">{\"@context\":\"https:\\\/\\\/schema.org\",\"@graph\":[{\"@type\":\"WebPage\",\"@id\":\"https:\\\/\\\/egidimadeinitaly.com\\\/fr\\\/artisti\\\/afro-basaldella\\\/\",\"url\":\"https:\\\/\\\/egidimadeinitaly.com\\\/fr\\\/artistes\\\/afro-basaldella\\\/\",\"name\":\"Afro Basaldella - Egidi MadeinItaly\",\"isPartOf\":{\"@id\":\"https:\\\/\\\/egidimadeinitaly.com\\\/fr\\\/#website\"},\"primaryImageOfPage\":{\"@id\":\"https:\\\/\\\/egidimadeinitaly.com\\\/fr\\\/artistes\\\/afro-basaldella\\\/#primaryimage\"},\"image\":{\"@id\":\"https:\\\/\\\/egidimadeinitaly.com\\\/fr\\\/artistes\\\/afro-basaldella\\\/#primaryimage\"},\"thumbnailUrl\":\"https:\\\/\\\/egidimadeinitaly.com\\\/v25\\\/wp-content\\\/uploads\\\/2022\\\/09\\\/Minotauro-1949-scaled-e1717677793306.jpg\",\"datePublished\":\"2022-09-27T13:17:43+00:00\",\"dateModified\":\"2025-03-02T09:12:47+00:00\",\"description\":\"Afro Basaldella peintre, decorateur su XXeme siecle, repr\u00e9sentant de l'art informel italien et du groupe Corrente\",\"breadcrumb\":{\"@id\":\"https:\\\/\\\/egidimadeinitaly.com\\\/fr\\\/artistes\\\/afro-basaldella\\\/#breadcrumb\"},\"inLanguage\":\"fr-FR\",\"potentialAction\":[{\"@type\":\"ReadAction\",\"target\":[\"https:\\\/\\\/egidimadeinitaly.com\\\/fr\\\/artistes\\\/afro-basaldella\\\/\"]}]},{\"@type\":\"ImageObject\",\"inLanguage\":\"fr-FR\",\"@id\":\"https:\\\/\\\/egidimadeinitaly.com\\\/fr\\\/artistes\\\/afro-basaldella\\\/#primaryimage\",\"url\":\"https:\\\/\\\/egidimadeinitaly.com\\\/v25\\\/wp-content\\\/uploads\\\/2022\\\/09\\\/Minotauro-1949-scaled-e1717677793306.jpg\",\"contentUrl\":\"https:\\\/\\\/egidimadeinitaly.com\\\/v25\\\/wp-content\\\/uploads\\\/2022\\\/09\\\/Minotauro-1949-scaled-e1717677793306.jpg\",\"width\":675,\"height\":900,\"caption\":\"Minotauro\"},{\"@type\":\"BreadcrumbList\",\"@id\":\"https:\\\/\\\/egidimadeinitaly.com\\\/fr\\\/artistes\\\/afro-basaldella\\\/#breadcrumb\",\"itemListElement\":[{\"@type\":\"ListItem\",\"position\":1,\"name\":\"Home\",\"item\":\"https:\\\/\\\/egidimadeinitaly.com\\\/fr\\\/\"},{\"@type\":\"ListItem\",\"position\":2,\"name\":\"Afro Basaldella\"}]},{\"@type\":\"WebSite\",\"@id\":\"https:\\\/\\\/egidimadeinitaly.com\\\/fr\\\/#website\",\"url\":\"https:\\\/\\\/egidimadeinitaly.com\\\/fr\\\/\",\"name\":\"Egidi MadeinItaly\",\"description\":\"Fine Art\",\"potentialAction\":[{\"@type\":\"SearchAction\",\"target\":{\"@type\":\"EntryPoint\",\"urlTemplate\":\"https:\\\/\\\/egidimadeinitaly.com\\\/fr\\\/?s={search_term_string}\"},\"query-input\":{\"@type\":\"PropertyValueSpecification\",\"valueRequired\":true,\"valueName\":\"search_term_string\"}}],\"inLanguage\":\"fr-FR\"}]}<\/script>\n<!-- \/ Yoast SEO Premium plugin. -->","yoast_head_json":{"title":"Afro Basaldella - Egidi MadeinItaly","description":"Afro Basaldella peintre, decorateur su XXeme siecle, repr\u00e9sentant de l'art informel italien et du groupe Corrente","robots":{"index":"index","follow":"follow","max-snippet":"max-snippet:-1","max-image-preview":"max-image-preview:large","max-video-preview":"max-video-preview:-1"},"canonical":"https:\/\/egidimadeinitaly.com\/fr\/artistes\/afro-basaldella\/","og_locale":"fr_FR","og_type":"article","og_title":"Afro Basaldella","og_description":"En 1952, il rejoint le groupe d\u2019artistes italiens Gruppo degli otto (Groupe des huit) avec Vedova, Birolli, Corpora, Moreni, Morlotti, Santomaso et Giulio Turcato.","og_url":"https:\/\/egidimadeinitaly.com\/fr\/artistes\/afro-basaldella\/","og_site_name":"Egidi MadeinItaly","article_publisher":"https:\/\/www.facebook.com\/egidimadeinitaly\/","article_modified_time":"2025-03-02T09:12:47+00:00","og_image":[{"width":675,"height":900,"url":"https:\/\/egidimadeinitaly.com\/wp-content\/uploads\/2022\/09\/Minotauro-1949-scaled-e1717677793306.jpg","type":"image\/jpeg"}],"schema":{"@context":"https:\/\/schema.org","@graph":[{"@type":"WebPage","@id":"https:\/\/egidimadeinitaly.com\/fr\/artisti\/afro-basaldella\/","url":"https:\/\/egidimadeinitaly.com\/fr\/artistes\/afro-basaldella\/","name":"Afro Basaldella - Egidi MadeinItaly","isPartOf":{"@id":"https:\/\/egidimadeinitaly.com\/fr\/#website"},"primaryImageOfPage":{"@id":"https:\/\/egidimadeinitaly.com\/fr\/artistes\/afro-basaldella\/#primaryimage"},"image":{"@id":"https:\/\/egidimadeinitaly.com\/fr\/artistes\/afro-basaldella\/#primaryimage"},"thumbnailUrl":"https:\/\/egidimadeinitaly.com\/v25\/wp-content\/uploads\/2022\/09\/Minotauro-1949-scaled-e1717677793306.jpg","datePublished":"2022-09-27T13:17:43+00:00","dateModified":"2025-03-02T09:12:47+00:00","description":"Afro Basaldella peintre, decorateur su XXeme siecle, repr\u00e9sentant de l'art informel italien et du groupe Corrente","breadcrumb":{"@id":"https:\/\/egidimadeinitaly.com\/fr\/artistes\/afro-basaldella\/#breadcrumb"},"inLanguage":"fr-FR","potentialAction":[{"@type":"ReadAction","target":["https:\/\/egidimadeinitaly.com\/fr\/artistes\/afro-basaldella\/"]}]},{"@type":"ImageObject","inLanguage":"fr-FR","@id":"https:\/\/egidimadeinitaly.com\/fr\/artistes\/afro-basaldella\/#primaryimage","url":"https:\/\/egidimadeinitaly.com\/v25\/wp-content\/uploads\/2022\/09\/Minotauro-1949-scaled-e1717677793306.jpg","contentUrl":"https:\/\/egidimadeinitaly.com\/v25\/wp-content\/uploads\/2022\/09\/Minotauro-1949-scaled-e1717677793306.jpg","width":675,"height":900,"caption":"Minotauro"},{"@type":"BreadcrumbList","@id":"https:\/\/egidimadeinitaly.com\/fr\/artistes\/afro-basaldella\/#breadcrumb","itemListElement":[{"@type":"ListItem","position":1,"name":"Home","item":"https:\/\/egidimadeinitaly.com\/fr\/"},{"@type":"ListItem","position":2,"name":"Afro Basaldella"}]},{"@type":"WebSite","@id":"https:\/\/egidimadeinitaly.com\/fr\/#website","url":"https:\/\/egidimadeinitaly.com\/fr\/","name":"Egidi MadeinItaly","description":"Fine Art","potentialAction":[{"@type":"SearchAction","target":{"@type":"EntryPoint","urlTemplate":"https:\/\/egidimadeinitaly.com\/fr\/?s={search_term_string}"},"query-input":{"@type":"PropertyValueSpecification","valueRequired":true,"valueName":"search_term_string"}}],"inLanguage":"fr-FR"}]}},"_links":{"self":[{"href":"https:\/\/egidimadeinitaly.com\/fr\/wp-json\/wp\/v2\/artisti\/111721","targetHints":{"allow":["GET"]}}],"collection":[{"href":"https:\/\/egidimadeinitaly.com\/fr\/wp-json\/wp\/v2\/artisti"}],"about":[{"href":"https:\/\/egidimadeinitaly.com\/fr\/wp-json\/wp\/v2\/types\/artisti"}],"wp:featuredmedia":[{"embeddable":true,"href":"https:\/\/egidimadeinitaly.com\/fr\/wp-json\/wp\/v2\/media\/117219"}],"wp:attachment":[{"href":"https:\/\/egidimadeinitaly.com\/fr\/wp-json\/wp\/v2\/media?parent=111721"}],"wp:term":[{"taxonomy":"post_tag","embeddable":true,"href":"https:\/\/egidimadeinitaly.com\/fr\/wp-json\/wp\/v2\/tags?post=111721"},{"taxonomy":"tags","embeddable":true,"href":"https:\/\/egidimadeinitaly.com\/fr\/wp-json\/wp\/v2\/tags?post=111721"}],"curies":[{"name":"wp","href":"https:\/\/api.w.org\/{rel}","templated":true}]}}

<p>Afro Basaldella, connu sous le nom Afro, est né en 1912 à Udine (Italie) dans une famille d’artistes. Ses frères Dino et Mirko sont sculpteurs.</p>
<p>Il a suivi des études au lycée artistique de Florence, puis à Venise.</p>
<p>En 1933, il présente sa première exposition personnelle à la galerie <strong>il Milione</strong> à Milan.</p>
<figure id="attachment_111021" aria-describedby="caption-attachment-111021" style="width: 150px" class="wp-caption alignnone"><img decoding="async" class="size-thumbnail wp-image-111021" src="https://egidimadeinitaly.com/ecomsite/wp-content/uploads/2022/08/Graffiti-Afro-Basaldella-1-scaled-e1675677599734.jpeg" alt="Graffitis Afro Basaldella" width="150" height="150" srcset="https://egidimadeinitaly.com/v25/wp-content/uploads/2022/08/Graffiti-Afro-Basaldella-1-scaled-e1675677599734-150x150.jpeg 150w, https://egidimadeinitaly.com/v25/wp-content/uploads/2022/08/Graffiti-Afro-Basaldella-1-scaled-e1675677599734-300x300.jpeg 300w, https://egidimadeinitaly.com/v25/wp-content/uploads/2022/08/Graffiti-Afro-Basaldella-1-scaled-e1675677599734-100x100.jpeg 100w" sizes="(max-width: 150px) 100vw, 150px" /><figcaption id="caption-attachment-111021" class="wp-caption-text">Afro Basaldella Graffitis</figcaption></figure>
<p>En 1937, à Paris, il s&rsquo;initie à la peinture impressionniste et cubiste.</p>
<p>À l&rsquo;instar <a href="https://egidimadeinitaly.com/fr/ecole-romaine/">des artistes de l&rsquo;<strong>École romaine</strong></a>, il aborde lui aussi <a href="https://egidimadeinitaly.com/fr/produit/art-moderne/tableaux-modernes-fr/giovanni-omiccioli-tableau/">le sujet des Démolitions</a>.</p>
<p>Son long séjour aux États-Unis s’avère déterminant pour sa carrière. Au cours des années 1950 à New York, il rencontre la galeriste Catherine Viviano qui lui ouvrira le marché américain.</p>
<h2><strong>Groupe des huit</strong></h2>
<p>En 1952, il rejoint le groupe d’artistes italiens <em>Gruppo degli otto,</em> avec Emilio Vedova, Renato Birolli, Antonio Corpora, Mattia Moreni, Ennio Morlotti, Giuseppe Santomaso et Giulio Turcato.</p>
<p>Il participe à plusieurs éditions de la Biennale de Venise où il reçoit le prix du meilleur peintre italien en 1956.</p>
<p>Afro Basaldella enseigne la peinture à l&rsquo;académie de Florence jusqu&rsquo;en 1973.</p>
<p>Il est mort en 1976 à Zurich.</p>
<h2 style="text-align: center;">Vous possédez une œuvre de Afro Basaldella et vous voulez la vendre ?</h2>
<p style="text-align: center;">Pour toute expertise ou estimation de vos œuvres et de vos collections,</p>
<p style="text-align: center;">vous pouvez nous contacter à l&rsquo;adresse sabrina@egidimadeinitaly.com</p>
<p style="text-align: center;">ou</p>
<p style="text-align: center;"> envoyez-nous un message WhatsApp au au  +39 3356585431</p>
<p style="text-align: center;"><span style="color: #ff6600;"><strong>VOUS POUVEZ NOUS FAIRE CONFIANCE</strong></span></p>
<p style="text-align: center;"><strong>Les meilleures estimations, compétence, sérieux</strong></p>
<p style="text-align: center;">

<!-- This site is optimized with the Yoast SEO Premium plugin v27.4 (Yoast SEO v27.5) - https://yoast.com/product/yoast-seo-premium-wordpress/ -->
<title>Afro Basaldella - Egidi MadeinItaly</title>
<meta name="description" content="Afro Basaldella peintre, decorateur su XXeme siecle, représentant de l&#039;art informel italien et du groupe Corrente" />
<meta name="robots" content="index, follow, max-snippet:-1, max-image-preview:large, max-video-preview:-1" />
<link rel="canonical" href="https://egidimadeinitaly.com/fr/artistes/afro-basaldella/" />
<meta property="og:locale" content="fr_FR" />
<meta property="og:type" content="article" />
<meta property="og:title" content="Afro Basaldella" />
<meta property="og:description" content="En 1952, il rejoint le groupe d’artistes italiens Gruppo degli otto (Groupe des huit) avec Vedova, Birolli, Corpora, Moreni, Morlotti, Santomaso et Giulio Turcato." />
<meta property="og:url" content="https://egidimadeinitaly.com/fr/artistes/afro-basaldella/" />
<meta property="og:site_name" content="Egidi MadeinItaly" />
<meta property="article:publisher" content="https://www.facebook.com/egidimadeinitaly/" />
<meta property="article:modified_time" content="2025-03-02T09:12:47+00:00" />
<meta property="og:image" content="https://egidimadeinitaly.com/wp-content/uploads/2022/09/Minotauro-1949-scaled-e1717677793306.jpg" />
	<meta property="og:image:width" content="675" />
	<meta property="og:image:height" content="900" />
	<meta property="og:image:type" content="image/jpeg" />
<script type="application/ld+json" class="yoast-schema-graph">{"@context":"https:\/\/schema.org","@graph":[{"@type":"WebPage","@id":"https:\/\/egidimadeinitaly.com\/fr\/artisti\/afro-basaldella\/","url":"https:\/\/egidimadeinitaly.com\/fr\/artistes\/afro-basaldella\/","name":"Afro Basaldella - Egidi MadeinItaly","isPartOf":{"@id":"https:\/\/egidimadeinitaly.com\/fr\/#website"},"primaryImageOfPage":{"@id":"https:\/\/egidimadeinitaly.com\/fr\/artistes\/afro-basaldella\/#primaryimage"},"image":{"@id":"https:\/\/egidimadeinitaly.com\/fr\/artistes\/afro-basaldella\/#primaryimage"},"thumbnailUrl":"https:\/\/egidimadeinitaly.com\/v25\/wp-content\/uploads\/2022\/09\/Minotauro-1949-scaled-e1717677793306.jpg","datePublished":"2022-09-27T13:17:43+00:00","dateModified":"2025-03-02T09:12:47+00:00","description":"Afro Basaldella peintre, decorateur su XXeme siecle, représentant de l'art informel italien et du groupe Corrente","breadcrumb":{"@id":"https:\/\/egidimadeinitaly.com\/fr\/artistes\/afro-basaldella\/#breadcrumb"},"inLanguage":"fr-FR","potentialAction":[{"@type":"ReadAction","target":["https:\/\/egidimadeinitaly.com\/fr\/artistes\/afro-basaldella\/"]}]},{"@type":"ImageObject","inLanguage":"fr-FR","@id":"https:\/\/egidimadeinitaly.com\/fr\/artistes\/afro-basaldella\/#primaryimage","url":"https:\/\/egidimadeinitaly.com\/v25\/wp-content\/uploads\/2022\/09\/Minotauro-1949-scaled-e1717677793306.jpg","contentUrl":"https:\/\/egidimadeinitaly.com\/v25\/wp-content\/uploads\/2022\/09\/Minotauro-1949-scaled-e1717677793306.jpg","width":675,"height":900,"caption":"Minotauro"},{"@type":"BreadcrumbList","@id":"https:\/\/egidimadeinitaly.com\/fr\/artistes\/afro-basaldella\/#breadcrumb","itemListElement":[{"@type":"ListItem","position":1,"name":"Home","item":"https:\/\/egidimadeinitaly.com\/fr\/"},{"@type":"ListItem","position":2,"name":"Afro Basaldella"}]},{"@type":"WebSite","@id":"https:\/\/egidimadeinitaly.com\/fr\/#website","url":"https:\/\/egidimadeinitaly.com\/fr\/","name":"Egidi MadeinItaly","description":"Fine Art","potentialAction":[{"@type":"SearchAction","target":{"@type":"EntryPoint","urlTemplate":"https:\/\/egidimadeinitaly.com\/fr\/?s={search_term_string}"},"query-input":{"@type":"PropertyValueSpecification","valueRequired":true,"valueName":"search_term_string"}}],"inLanguage":"fr-FR"}]}</script>
<!-- / Yoast SEO Premium plugin. -->

Afro Basaldella peintre, decorateur su XXeme siecle, représentant de l'art informel italien et du groupe Corrente
