{"id":109491,"date":"2022-04-29T13:25:07","date_gmt":"2022-04-29T12:25:07","guid":{"rendered":"https:\/\/egidimadeinitaly.com\/ecomsite\/?post_type=artisti&#038;p=109491"},"modified":"2025-03-02T10:16:09","modified_gmt":"2025-03-02T09:16:09","slug":"aldo-caron","status":"publish","type":"artisti","link":"https:\/\/egidimadeinitaly.com\/fr\/artisti\/aldo-caron\/","title":{"rendered":"Aldo Caron"},"content":{"rendered":"<p><span style=\"font-weight: 400;\">Aldo Caron\u00a0<\/span>(1919-2006)<\/p>\n<p><span style=\"font-weight: 400;\">N\u00e9 en V\u00e9n\u00e9tie, Aldo Caron a suivi ses \u00e9tudes \u00e0 l&rsquo;Acad\u00e9mie des beaux-arts de Brera \u00e0 Milan, o\u00f9 il a \u00e9t\u00e9 l&rsquo;\u00e9l\u00e8ve de <a href=\"https:\/\/egidimadeinitaly.com\/fr\/la-collection-giacomo-manzu\/\">Giacomo Manz\u00f9<\/a> et de Marino Marini auquel il \u00e9tait particuli\u00e8rement li\u00e9.<\/span><\/p>\n<p><span style=\"font-weight: 400;\"> C&rsquo;est aupr\u00e8s de ce dernier qu&rsquo;il apprendra \u00e0 appr\u00e9cier la sculpture et les possibilit\u00e9s infinies du bronze.<\/span><\/p>\n<p><span style=\"font-weight: 400;\">Sa sculpture, qui a rapidement d\u00e9barqu\u00e9 sur les rives de l&rsquo;<strong>art informel<\/strong> o\u00f9 travaillaient alors des artistes tels que Mirko Basaldella et Leoncillo Leonardi, y est rest\u00e9e solidement ancr\u00e9e.<\/span><\/p>\n<p><span style=\"font-weight: 400;\">Il a s\u00e9journ\u00e9 longtemps \u00e0 Rome o\u00f9 le minist\u00e8re de l&rsquo;\u00c9ducation nationale mit \u00e0 sa disposition un atelier dans la Villa Massimo.<\/span><\/p>\n<p><span style=\"font-weight: 400;\"> Dans la capitale, il fr\u00e9quente <a href=\"https:\/\/egidimadeinitaly.com\/fr\/artistes\/leoncillo-leonardi\/\">Leoncillo<\/a>, Emilio Greco, Renato Guttuso, Marino Mazzacurati, Franco Gentilini, Afro et Mirko Basaldella.<\/span><\/p>\n<p><span style=\"font-weight: 400;\">Il est le directeur de l&rsquo;Acad\u00e9mie des Beaux-Arts de Viterbe.<\/span><\/p>\n<p><span style=\"font-weight: 400;\">Il re\u00e7oit de nombreuses commandes publiques et participe aux expositions les plus importantes de l&rsquo;\u00e9poque telles que les biennales et les quadriennales romaines.<\/span><\/p>\n<p><span style=\"font-weight: 400;\">Au d\u00e9but des ann\u00e9es 1990, il se retire dans le <\/span><span style=\"font-weight: 400;\">Trentin-Haut-Adige<\/span><span style=\"font-weight: 400;\"> o\u00f9 il restera jusqu&rsquo;\u00e0 sa mort.<\/span><\/p>\n<p><span style=\"font-weight: 400;\">En 1992, la Galerie d&rsquo;Art contemporain de Trente lui consacre une grande r\u00e9trospective.<\/span><\/p>\n<p>&nbsp;<\/p>\n","protected":false},"excerpt":{"rendered":"<p>C&rsquo;est aupr\u00e8s Giacomo Manz\u00f9 et Marino Marini  qu&rsquo;il apprendra \u00e0 appr\u00e9cier la sculpture et les possibilit\u00e9s infinies du bronze.<\/p>\n","protected":false},"featured_media":109239,"parent":0,"template":"","format":"standard","meta":{"_acf_changed":false},"tags":[6511],"class_list":["post-109491","artisti","type-artisti","status-publish","format-standard","has-post-thumbnail","hentry","tags-c"],"acf":[],"yoast_head":"<!-- This site is optimized with the Yoast SEO Premium plugin v27.4 (Yoast SEO v27.5) - https:\/\/yoast.com\/product\/yoast-seo-premium-wordpress\/ -->\n<title>Aldo Caron - Egidi MadeinItaly<\/title>\n<meta name=\"description\" content=\"Aldo Caron Peintre et sculpteur a \u00e9tudi\u00e9 \u00e0 l&#039;Acad\u00e9mie des Beaux-Arts de Brera, \u00e9l\u00e8ve de Manz\u00f9 et Marino Marini Travaille \u00e0 Rome\" \/>\n<meta name=\"robots\" content=\"index, follow, max-snippet:-1, max-image-preview:large, max-video-preview:-1\" \/>\n<link rel=\"canonical\" href=\"https:\/\/egidimadeinitaly.com\/fr\/artistes\/aldo-caron\/\" \/>\n<meta property=\"og:locale\" content=\"fr_FR\" \/>\n<meta property=\"og:type\" content=\"article\" \/>\n<meta property=\"og:title\" content=\"Aldo Caron\" \/>\n<meta property=\"og:description\" content=\"C&#039;est aupr\u00e8s Giacomo Manz\u00f9 et Marino Marini qu&#039;il apprendra \u00e0 appr\u00e9cier la sculpture et les possibilit\u00e9s infinies du bronze.\" \/>\n<meta property=\"og:url\" content=\"https:\/\/egidimadeinitaly.com\/fr\/artistes\/aldo-caron\/\" \/>\n<meta property=\"og:site_name\" content=\"Egidi MadeinItaly\" \/>\n<meta property=\"article:publisher\" content=\"https:\/\/www.facebook.com\/egidimadeinitaly\/\" \/>\n<meta property=\"article:modified_time\" content=\"2025-03-02T09:16:09+00:00\" \/>\n<meta property=\"og:image\" content=\"https:\/\/egidimadeinitaly.com\/wp-content\/uploads\/2022\/04\/2021-12-18-EgidimadeinItaly-21-11-scaled-e1678818703938.jpg\" \/>\n\t<meta property=\"og:image:width\" content=\"900\" \/>\n\t<meta property=\"og:image:height\" content=\"900\" \/>\n\t<meta property=\"og:image:type\" content=\"image\/jpeg\" \/>\n<script type=\"application\/ld+json\" class=\"yoast-schema-graph\">{\"@context\":\"https:\\\/\\\/schema.org\",\"@graph\":[{\"@type\":\"WebPage\",\"@id\":\"https:\\\/\\\/egidimadeinitaly.com\\\/fr\\\/artisti\\\/aldo-caron\\\/\",\"url\":\"https:\\\/\\\/egidimadeinitaly.com\\\/fr\\\/artistes\\\/aldo-caron\\\/\",\"name\":\"Aldo Caron - Egidi MadeinItaly\",\"isPartOf\":{\"@id\":\"https:\\\/\\\/egidimadeinitaly.com\\\/fr\\\/#website\"},\"primaryImageOfPage\":{\"@id\":\"https:\\\/\\\/egidimadeinitaly.com\\\/fr\\\/artistes\\\/aldo-caron\\\/#primaryimage\"},\"image\":{\"@id\":\"https:\\\/\\\/egidimadeinitaly.com\\\/fr\\\/artistes\\\/aldo-caron\\\/#primaryimage\"},\"thumbnailUrl\":\"https:\\\/\\\/egidimadeinitaly.com\\\/v25\\\/wp-content\\\/uploads\\\/2022\\\/04\\\/2021-12-18-EgidimadeinItaly-21-11-scaled-e1678818703938.jpg\",\"datePublished\":\"2022-04-29T12:25:07+00:00\",\"dateModified\":\"2025-03-02T09:16:09+00:00\",\"description\":\"Aldo Caron Peintre et sculpteur a \u00e9tudi\u00e9 \u00e0 l'Acad\u00e9mie des Beaux-Arts de Brera, \u00e9l\u00e8ve de Manz\u00f9 et Marino Marini Travaille \u00e0 Rome\",\"breadcrumb\":{\"@id\":\"https:\\\/\\\/egidimadeinitaly.com\\\/fr\\\/artistes\\\/aldo-caron\\\/#breadcrumb\"},\"inLanguage\":\"fr-FR\",\"potentialAction\":[{\"@type\":\"ReadAction\",\"target\":[\"https:\\\/\\\/egidimadeinitaly.com\\\/fr\\\/artistes\\\/aldo-caron\\\/\"]}]},{\"@type\":\"ImageObject\",\"inLanguage\":\"fr-FR\",\"@id\":\"https:\\\/\\\/egidimadeinitaly.com\\\/fr\\\/artistes\\\/aldo-caron\\\/#primaryimage\",\"url\":\"https:\\\/\\\/egidimadeinitaly.com\\\/v25\\\/wp-content\\\/uploads\\\/2022\\\/04\\\/2021-12-18-EgidimadeinItaly-21-11-scaled-e1678818703938.jpg\",\"contentUrl\":\"https:\\\/\\\/egidimadeinitaly.com\\\/v25\\\/wp-content\\\/uploads\\\/2022\\\/04\\\/2021-12-18-EgidimadeinItaly-21-11-scaled-e1678818703938.jpg\",\"width\":900,\"height\":900,\"caption\":\"Aldo Caron Sculpture en bronze sign\u00e9 et dat\u00e9\"},{\"@type\":\"BreadcrumbList\",\"@id\":\"https:\\\/\\\/egidimadeinitaly.com\\\/fr\\\/artistes\\\/aldo-caron\\\/#breadcrumb\",\"itemListElement\":[{\"@type\":\"ListItem\",\"position\":1,\"name\":\"Home\",\"item\":\"https:\\\/\\\/egidimadeinitaly.com\\\/fr\\\/\"},{\"@type\":\"ListItem\",\"position\":2,\"name\":\"Aldo Caron\"}]},{\"@type\":\"WebSite\",\"@id\":\"https:\\\/\\\/egidimadeinitaly.com\\\/fr\\\/#website\",\"url\":\"https:\\\/\\\/egidimadeinitaly.com\\\/fr\\\/\",\"name\":\"Egidi MadeinItaly\",\"description\":\"Fine Art\",\"potentialAction\":[{\"@type\":\"SearchAction\",\"target\":{\"@type\":\"EntryPoint\",\"urlTemplate\":\"https:\\\/\\\/egidimadeinitaly.com\\\/fr\\\/?s={search_term_string}\"},\"query-input\":{\"@type\":\"PropertyValueSpecification\",\"valueRequired\":true,\"valueName\":\"search_term_string\"}}],\"inLanguage\":\"fr-FR\"}]}<\/script>\n<!-- \/ Yoast SEO Premium plugin. -->","yoast_head_json":{"title":"Aldo Caron - Egidi MadeinItaly","description":"Aldo Caron Peintre et sculpteur a \u00e9tudi\u00e9 \u00e0 l'Acad\u00e9mie des Beaux-Arts de Brera, \u00e9l\u00e8ve de Manz\u00f9 et Marino Marini Travaille \u00e0 Rome","robots":{"index":"index","follow":"follow","max-snippet":"max-snippet:-1","max-image-preview":"max-image-preview:large","max-video-preview":"max-video-preview:-1"},"canonical":"https:\/\/egidimadeinitaly.com\/fr\/artistes\/aldo-caron\/","og_locale":"fr_FR","og_type":"article","og_title":"Aldo Caron","og_description":"C'est aupr\u00e8s Giacomo Manz\u00f9 et Marino Marini qu'il apprendra \u00e0 appr\u00e9cier la sculpture et les possibilit\u00e9s infinies du bronze.","og_url":"https:\/\/egidimadeinitaly.com\/fr\/artistes\/aldo-caron\/","og_site_name":"Egidi MadeinItaly","article_publisher":"https:\/\/www.facebook.com\/egidimadeinitaly\/","article_modified_time":"2025-03-02T09:16:09+00:00","og_image":[{"width":900,"height":900,"url":"https:\/\/egidimadeinitaly.com\/wp-content\/uploads\/2022\/04\/2021-12-18-EgidimadeinItaly-21-11-scaled-e1678818703938.jpg","type":"image\/jpeg"}],"schema":{"@context":"https:\/\/schema.org","@graph":[{"@type":"WebPage","@id":"https:\/\/egidimadeinitaly.com\/fr\/artisti\/aldo-caron\/","url":"https:\/\/egidimadeinitaly.com\/fr\/artistes\/aldo-caron\/","name":"Aldo Caron - Egidi MadeinItaly","isPartOf":{"@id":"https:\/\/egidimadeinitaly.com\/fr\/#website"},"primaryImageOfPage":{"@id":"https:\/\/egidimadeinitaly.com\/fr\/artistes\/aldo-caron\/#primaryimage"},"image":{"@id":"https:\/\/egidimadeinitaly.com\/fr\/artistes\/aldo-caron\/#primaryimage"},"thumbnailUrl":"https:\/\/egidimadeinitaly.com\/v25\/wp-content\/uploads\/2022\/04\/2021-12-18-EgidimadeinItaly-21-11-scaled-e1678818703938.jpg","datePublished":"2022-04-29T12:25:07+00:00","dateModified":"2025-03-02T09:16:09+00:00","description":"Aldo Caron Peintre et sculpteur a \u00e9tudi\u00e9 \u00e0 l'Acad\u00e9mie des Beaux-Arts de Brera, \u00e9l\u00e8ve de Manz\u00f9 et Marino Marini Travaille \u00e0 Rome","breadcrumb":{"@id":"https:\/\/egidimadeinitaly.com\/fr\/artistes\/aldo-caron\/#breadcrumb"},"inLanguage":"fr-FR","potentialAction":[{"@type":"ReadAction","target":["https:\/\/egidimadeinitaly.com\/fr\/artistes\/aldo-caron\/"]}]},{"@type":"ImageObject","inLanguage":"fr-FR","@id":"https:\/\/egidimadeinitaly.com\/fr\/artistes\/aldo-caron\/#primaryimage","url":"https:\/\/egidimadeinitaly.com\/v25\/wp-content\/uploads\/2022\/04\/2021-12-18-EgidimadeinItaly-21-11-scaled-e1678818703938.jpg","contentUrl":"https:\/\/egidimadeinitaly.com\/v25\/wp-content\/uploads\/2022\/04\/2021-12-18-EgidimadeinItaly-21-11-scaled-e1678818703938.jpg","width":900,"height":900,"caption":"Aldo Caron Sculpture en bronze sign\u00e9 et dat\u00e9"},{"@type":"BreadcrumbList","@id":"https:\/\/egidimadeinitaly.com\/fr\/artistes\/aldo-caron\/#breadcrumb","itemListElement":[{"@type":"ListItem","position":1,"name":"Home","item":"https:\/\/egidimadeinitaly.com\/fr\/"},{"@type":"ListItem","position":2,"name":"Aldo Caron"}]},{"@type":"WebSite","@id":"https:\/\/egidimadeinitaly.com\/fr\/#website","url":"https:\/\/egidimadeinitaly.com\/fr\/","name":"Egidi MadeinItaly","description":"Fine Art","potentialAction":[{"@type":"SearchAction","target":{"@type":"EntryPoint","urlTemplate":"https:\/\/egidimadeinitaly.com\/fr\/?s={search_term_string}"},"query-input":{"@type":"PropertyValueSpecification","valueRequired":true,"valueName":"search_term_string"}}],"inLanguage":"fr-FR"}]}},"_links":{"self":[{"href":"https:\/\/egidimadeinitaly.com\/fr\/wp-json\/wp\/v2\/artisti\/109491","targetHints":{"allow":["GET"]}}],"collection":[{"href":"https:\/\/egidimadeinitaly.com\/fr\/wp-json\/wp\/v2\/artisti"}],"about":[{"href":"https:\/\/egidimadeinitaly.com\/fr\/wp-json\/wp\/v2\/types\/artisti"}],"wp:featuredmedia":[{"embeddable":true,"href":"https:\/\/egidimadeinitaly.com\/fr\/wp-json\/wp\/v2\/media\/109239"}],"wp:attachment":[{"href":"https:\/\/egidimadeinitaly.com\/fr\/wp-json\/wp\/v2\/media?parent=109491"}],"wp:term":[{"taxonomy":"post_tag","embeddable":true,"href":"https:\/\/egidimadeinitaly.com\/fr\/wp-json\/wp\/v2\/tags?post=109491"},{"taxonomy":"tags","embeddable":true,"href":"https:\/\/egidimadeinitaly.com\/fr\/wp-json\/wp\/v2\/tags?post=109491"}],"curies":[{"name":"wp","href":"https:\/\/api.w.org\/{rel}","templated":true}]}}

<p><span style="font-weight: 400;">Aldo Caron </span>(1919-2006)</p>
<p><span style="font-weight: 400;">Né en Vénétie, Aldo Caron a suivi ses études à l&rsquo;Académie des beaux-arts de Brera à Milan, où il a été l&rsquo;élève de <a href="https://egidimadeinitaly.com/fr/la-collection-giacomo-manzu/">Giacomo Manzù</a> et de Marino Marini auquel il était particulièrement lié.</span></p>
<p><span style="font-weight: 400;"> C&rsquo;est auprès de ce dernier qu&rsquo;il apprendra à apprécier la sculpture et les possibilités infinies du bronze.</span></p>
<p><span style="font-weight: 400;">Sa sculpture, qui a rapidement débarqué sur les rives de l&rsquo;<strong>art informel</strong> où travaillaient alors des artistes tels que Mirko Basaldella et Leoncillo Leonardi, y est restée solidement ancrée.</span></p>
<p><span style="font-weight: 400;">Il a séjourné longtemps à Rome où le ministère de l&rsquo;Éducation nationale mit à sa disposition un atelier dans la Villa Massimo.</span></p>
<p><span style="font-weight: 400;"> Dans la capitale, il fréquente <a href="https://egidimadeinitaly.com/fr/artistes/leoncillo-leonardi/">Leoncillo</a>, Emilio Greco, Renato Guttuso, Marino Mazzacurati, Franco Gentilini, Afro et Mirko Basaldella.</span></p>
<p><span style="font-weight: 400;">Il est le directeur de l&rsquo;Académie des Beaux-Arts de Viterbe.</span></p>
<p><span style="font-weight: 400;">Il reçoit de nombreuses commandes publiques et participe aux expositions les plus importantes de l&rsquo;époque telles que les biennales et les quadriennales romaines.</span></p>
<p><span style="font-weight: 400;">Au début des années 1990, il se retire dans le </span><span style="font-weight: 400;">Trentin-Haut-Adige</span><span style="font-weight: 400;"> où il restera jusqu&rsquo;à sa mort.</span></p>
<p><span style="font-weight: 400;">En 1992, la Galerie d&rsquo;Art contemporain de Trente lui consacre une grande rétrospective.</span></p>
<p>&nbsp;</p>

<p>C&rsquo;est auprès Giacomo Manzù et Marino Marini  qu&rsquo;il apprendra à apprécier la sculpture et les possibilités infinies du bronze.</p>

<!-- This site is optimized with the Yoast SEO Premium plugin v27.4 (Yoast SEO v27.5) - https://yoast.com/product/yoast-seo-premium-wordpress/ -->
<title>Aldo Caron - Egidi MadeinItaly</title>
<meta name="description" content="Aldo Caron Peintre et sculpteur a étudié à l&#039;Académie des Beaux-Arts de Brera, élève de Manzù et Marino Marini Travaille à Rome" />
<meta name="robots" content="index, follow, max-snippet:-1, max-image-preview:large, max-video-preview:-1" />
<link rel="canonical" href="https://egidimadeinitaly.com/fr/artistes/aldo-caron/" />
<meta property="og:locale" content="fr_FR" />
<meta property="og:type" content="article" />
<meta property="og:title" content="Aldo Caron" />
<meta property="og:description" content="C&#039;est auprès Giacomo Manzù et Marino Marini qu&#039;il apprendra à apprécier la sculpture et les possibilités infinies du bronze." />
<meta property="og:url" content="https://egidimadeinitaly.com/fr/artistes/aldo-caron/" />
<meta property="og:site_name" content="Egidi MadeinItaly" />
<meta property="article:publisher" content="https://www.facebook.com/egidimadeinitaly/" />
<meta property="article:modified_time" content="2025-03-02T09:16:09+00:00" />
<meta property="og:image" content="https://egidimadeinitaly.com/wp-content/uploads/2022/04/2021-12-18-EgidimadeinItaly-21-11-scaled-e1678818703938.jpg" />
	<meta property="og:image:width" content="900" />
	<meta property="og:image:height" content="900" />
	<meta property="og:image:type" content="image/jpeg" />
<script type="application/ld+json" class="yoast-schema-graph">{"@context":"https:\/\/schema.org","@graph":[{"@type":"WebPage","@id":"https:\/\/egidimadeinitaly.com\/fr\/artisti\/aldo-caron\/","url":"https:\/\/egidimadeinitaly.com\/fr\/artistes\/aldo-caron\/","name":"Aldo Caron - Egidi MadeinItaly","isPartOf":{"@id":"https:\/\/egidimadeinitaly.com\/fr\/#website"},"primaryImageOfPage":{"@id":"https:\/\/egidimadeinitaly.com\/fr\/artistes\/aldo-caron\/#primaryimage"},"image":{"@id":"https:\/\/egidimadeinitaly.com\/fr\/artistes\/aldo-caron\/#primaryimage"},"thumbnailUrl":"https:\/\/egidimadeinitaly.com\/v25\/wp-content\/uploads\/2022\/04\/2021-12-18-EgidimadeinItaly-21-11-scaled-e1678818703938.jpg","datePublished":"2022-04-29T12:25:07+00:00","dateModified":"2025-03-02T09:16:09+00:00","description":"Aldo Caron Peintre et sculpteur a étudié à l'Académie des Beaux-Arts de Brera, élève de Manzù et Marino Marini Travaille à Rome","breadcrumb":{"@id":"https:\/\/egidimadeinitaly.com\/fr\/artistes\/aldo-caron\/#breadcrumb"},"inLanguage":"fr-FR","potentialAction":[{"@type":"ReadAction","target":["https:\/\/egidimadeinitaly.com\/fr\/artistes\/aldo-caron\/"]}]},{"@type":"ImageObject","inLanguage":"fr-FR","@id":"https:\/\/egidimadeinitaly.com\/fr\/artistes\/aldo-caron\/#primaryimage","url":"https:\/\/egidimadeinitaly.com\/v25\/wp-content\/uploads\/2022\/04\/2021-12-18-EgidimadeinItaly-21-11-scaled-e1678818703938.jpg","contentUrl":"https:\/\/egidimadeinitaly.com\/v25\/wp-content\/uploads\/2022\/04\/2021-12-18-EgidimadeinItaly-21-11-scaled-e1678818703938.jpg","width":900,"height":900,"caption":"Aldo Caron Sculpture en bronze signé et daté"},{"@type":"BreadcrumbList","@id":"https:\/\/egidimadeinitaly.com\/fr\/artistes\/aldo-caron\/#breadcrumb","itemListElement":[{"@type":"ListItem","position":1,"name":"Home","item":"https:\/\/egidimadeinitaly.com\/fr\/"},{"@type":"ListItem","position":2,"name":"Aldo Caron"}]},{"@type":"WebSite","@id":"https:\/\/egidimadeinitaly.com\/fr\/#website","url":"https:\/\/egidimadeinitaly.com\/fr\/","name":"Egidi MadeinItaly","description":"Fine Art","potentialAction":[{"@type":"SearchAction","target":{"@type":"EntryPoint","urlTemplate":"https:\/\/egidimadeinitaly.com\/fr\/?s={search_term_string}"},"query-input":{"@type":"PropertyValueSpecification","valueRequired":true,"valueName":"search_term_string"}}],"inLanguage":"fr-FR"}]}</script>
<!-- / Yoast SEO Premium plugin. -->

Aldo Caron Peintre et sculpteur a étudié à l'Académie des Beaux-Arts de Brera, élève de Manzù et Marino Marini Travaille à Rome

C'est auprès Giacomo Manzù et Marino Marini qu'il apprendra à apprécier la sculpture et les possibilités infinies du bronze.

Aldo Caron Sculpture en bronze signé et daté
