{"id":107852,"date":"2022-01-28T17:03:30","date_gmt":"2022-01-28T16:03:30","guid":{"rendered":"https:\/\/egidimadeinitaly.com\/ecomsite\/?post_type=artisti&#038;p=107852"},"modified":"2025-03-02T10:18:47","modified_gmt":"2025-03-02T09:18:47","slug":"riccardo-gatti","status":"publish","type":"artisti","link":"https:\/\/egidimadeinitaly.com\/fr\/artisti\/riccardo-gatti\/","title":{"rendered":"Riccardo Gatti"},"content":{"rendered":"<div class=\"wpb-content-wrapper\"><p>[vc_row][vc_column][vc_column_text]<strong>Riccardo Gatti<\/strong> est n\u00e9 \u00e0 Faenza en avril 1886.<\/p>\n<p>Ses d\u00e9buts \u00e0 Faenza sont comparables \u00e0 ceux de Pietro Melandri.<\/p>\n<p>Au tout d\u00e9but du XXe si\u00e8cle, tr\u00e8s jeune, il commence \u00e0 dessiner et \u00e0 modeler aux c\u00f4t\u00e9s d\u2019artistes prodigieux tels que Domenico Baccarini, Ercole Drei, Giovanni Guerrini, Francesco Nonni, Giuseppe Ugonia, pour n\u2019en citer que quelques-uns.<\/p>\n<p>Durant ses \u00e9tudes \u00e0 l&rsquo;\u00c9cole des arts et m\u00e9tiers de Faenza, il devient l&rsquo;\u00e9l\u00e8ve de Virginio Minardi et commence \u00e0 travailler \u00e0 l&rsquo;usine de ce dernier.<\/p>\n<p>Il s&rsquo;installe \u00e0 son compte vers 1927, apr\u00e8s avoir quitt\u00e9 l\u2019usine \u00ab Faventia Ars \u00bb de Castellani et Masini qui avaient repris la soci\u00e9t\u00e9 Minardi.<\/p>\n<p>Conseill\u00e9 par l&rsquo;\u00e9crivain et journaliste Giuseppe Fabbri, promoteur de l&rsquo;organisation de la production et de la vente de c\u00e9ramiques futuristes, il adaptera sur ses c\u00e9ramiques les dessins tir\u00e9s des esquisses de Giacomo Balla et de Mario Guido Dal Monte, dont il partage l&rsquo;esprit.<\/p>\n<p>Des \u0153uvres qu\u2019il exposera en octobre 1928 \u00e0 la \u00ab Premi\u00e8re Exposition de c\u00e9ramique futuriste \u00bb, inaugur\u00e9e par Filippo Tommaso Marinetti, dans les salles de la Societ\u00e0 Musicale \u00ab G. Sarti \u00bb de Faenza.<\/p>\n<p>Les c\u00e9ramistes Mario Ortolani et Anselmo Bucci rejoignent eux aussi l&rsquo;activisme productif de l&rsquo;organisation de la c\u00e9ramique futuriste voulue par Giuseppe Fabbri.<\/p>\n<p>Il est int\u00e9ressant de citer ce que Tullio d&rsquo;Albissola, qui \u00e9tait avec Riccardo Gatti lors de l&rsquo;exposition milanaise \u00ab <em>Trente-trois Futuristes \u00bb, pensait de ces cr\u00e9ations : \u00ab &#8230; en septembre 28, le c\u00e9ramiste de Faenza Riccardo Gatti a \u00e9galement r\u00e9alis\u00e9 des c\u00e9ramiques futuristes sur des dessins de Balla et d&rsquo;autres&#8230; mais dans le berceau de la majolique, l&rsquo;argile n&rsquo;a pas ob\u00e9i docilement aux inventions fantaisistes des innovateurs &#8230; \u00bb.<\/em><\/p>\n<p style=\"text-align: center;\">\n<p>[\/vc_column_text][\/vc_column][\/vc_row][vc_row][vc_column width=\u00a0\u00bb1\/1&Prime;][vc_custom_heading uncode_shortcode_id=\u00a0\u00bb268433&Prime;]<\/p>\n<h2 style=\"text-align: center;\">Vous poss\u00e9dez une \u0153uvre de Riccardo Gatti et vous voulez la vendre ?<\/h2>\n<p style=\"text-align: center;\">Appelez-nous au num\u00e9ro +39 3356585431 ou envoyez-nous un message WhatsApp au +39 3356585431<\/p>\n<p style=\"text-align: center;\"><strong><span style=\"color: #ff9900;\">VOUS POUVEZ NOUS FAIRE CONFIANCE<\/span><\/strong><\/p>\n<p style=\"text-align: center;\">Les meilleures estimations, comp\u00e9tence, s\u00e9rieux<\/p>\n<p>[\/vc_custom_heading][\/vc_column][\/vc_row]<\/p>\n<\/div>","protected":false},"excerpt":{"rendered":"<p>Il exposera en octobre 1928 \u00e0 la Premi\u00e8re Exposition de c\u00e9ramique futuriste inaugur\u00e9e par Filippo Tommaso Marinetti \u00e0 Faenza<\/p>\n","protected":false},"featured_media":108001,"parent":0,"template":"","format":"standard","meta":{"_acf_changed":false},"tags":[6507],"class_list":["post-107852","artisti","type-artisti","status-publish","format-standard","has-post-thumbnail","hentry","tags-g"],"acf":[],"yoast_head":"<!-- This site is optimized with the Yoast SEO Premium plugin v27.4 (Yoast SEO v27.5) - https:\/\/yoast.com\/product\/yoast-seo-premium-wordpress\/ -->\n<title>Riccardo Gatti - Egidi MadeinItaly<\/title>\n<meta name=\"description\" content=\"Riccardo Gatti c\u00e9ramiste, il adaptera sur ses c\u00e9ramiques les dessins tir\u00e9s des esqui sses de Giacomo Balla\" \/>\n<meta name=\"robots\" content=\"index, follow, max-snippet:-1, max-image-preview:large, max-video-preview:-1\" \/>\n<link rel=\"canonical\" href=\"https:\/\/egidimadeinitaly.com\/fr\/artisti\/riccardo-gatti\/\" \/>\n<meta property=\"og:locale\" content=\"fr_FR\" \/>\n<meta property=\"og:type\" content=\"article\" \/>\n<meta property=\"og:title\" content=\"Riccardo Gatti\" \/>\n<meta property=\"og:description\" content=\"Il exposera en octobre 1928 \u00e0 la Premi\u00e8re Exposition de c\u00e9ramique futuriste inaugur\u00e9e par Filippo Tommaso Marinetti \u00e0 Faenza\" \/>\n<meta property=\"og:url\" content=\"https:\/\/egidimadeinitaly.com\/fr\/artisti\/riccardo-gatti\/\" \/>\n<meta property=\"og:site_name\" content=\"Egidi MadeinItaly\" \/>\n<meta property=\"article:publisher\" content=\"https:\/\/www.facebook.com\/egidimadeinitaly\/\" \/>\n<meta property=\"article:modified_time\" content=\"2025-03-02T09:18:47+00:00\" \/>\n<meta property=\"og:image\" content=\"https:\/\/egidimadeinitaly.com\/wp-content\/uploads\/2022\/01\/2021-11-11-EgidimadeinItaly-19-79-scaled-e1670854906339.jpg\" \/>\n\t<meta property=\"og:image:width\" content=\"2560\" \/>\n\t<meta property=\"og:image:height\" content=\"2560\" \/>\n\t<meta property=\"og:image:type\" content=\"image\/jpeg\" \/>\n<script type=\"application\/ld+json\" class=\"yoast-schema-graph\">{\"@context\":\"https:\\\/\\\/schema.org\",\"@graph\":[{\"@type\":\"WebPage\",\"@id\":\"https:\\\/\\\/egidimadeinitaly.com\\\/fr\\\/artisti\\\/riccardo-gatti\\\/\",\"url\":\"https:\\\/\\\/egidimadeinitaly.com\\\/fr\\\/artisti\\\/riccardo-gatti\\\/\",\"name\":\"Riccardo Gatti - Egidi MadeinItaly\",\"isPartOf\":{\"@id\":\"https:\\\/\\\/egidimadeinitaly.com\\\/fr\\\/#website\"},\"primaryImageOfPage\":{\"@id\":\"https:\\\/\\\/egidimadeinitaly.com\\\/fr\\\/artisti\\\/riccardo-gatti\\\/#primaryimage\"},\"image\":{\"@id\":\"https:\\\/\\\/egidimadeinitaly.com\\\/fr\\\/artisti\\\/riccardo-gatti\\\/#primaryimage\"},\"thumbnailUrl\":\"https:\\\/\\\/egidimadeinitaly.com\\\/v25\\\/wp-content\\\/uploads\\\/2022\\\/01\\\/2021-11-11-EgidimadeinItaly-19-79-scaled-e1670854906339.jpg\",\"datePublished\":\"2022-01-28T16:03:30+00:00\",\"dateModified\":\"2025-03-02T09:18:47+00:00\",\"description\":\"Riccardo Gatti c\u00e9ramiste, il adaptera sur ses c\u00e9ramiques les dessins tir\u00e9s des esqui sses de Giacomo Balla\",\"breadcrumb\":{\"@id\":\"https:\\\/\\\/egidimadeinitaly.com\\\/fr\\\/artisti\\\/riccardo-gatti\\\/#breadcrumb\"},\"inLanguage\":\"fr-FR\",\"potentialAction\":[{\"@type\":\"ReadAction\",\"target\":[\"https:\\\/\\\/egidimadeinitaly.com\\\/fr\\\/artisti\\\/riccardo-gatti\\\/\"]}]},{\"@type\":\"ImageObject\",\"inLanguage\":\"fr-FR\",\"@id\":\"https:\\\/\\\/egidimadeinitaly.com\\\/fr\\\/artisti\\\/riccardo-gatti\\\/#primaryimage\",\"url\":\"https:\\\/\\\/egidimadeinitaly.com\\\/v25\\\/wp-content\\\/uploads\\\/2022\\\/01\\\/2021-11-11-EgidimadeinItaly-19-79-scaled-e1670854906339.jpg\",\"contentUrl\":\"https:\\\/\\\/egidimadeinitaly.com\\\/v25\\\/wp-content\\\/uploads\\\/2022\\\/01\\\/2021-11-11-EgidimadeinItaly-19-79-scaled-e1670854906339.jpg\",\"width\":2560,\"height\":2560,\"caption\":\"Pietro Gatti Faenza\"},{\"@type\":\"BreadcrumbList\",\"@id\":\"https:\\\/\\\/egidimadeinitaly.com\\\/fr\\\/artisti\\\/riccardo-gatti\\\/#breadcrumb\",\"itemListElement\":[{\"@type\":\"ListItem\",\"position\":1,\"name\":\"Home\",\"item\":\"https:\\\/\\\/egidimadeinitaly.com\\\/fr\\\/\"},{\"@type\":\"ListItem\",\"position\":2,\"name\":\"Riccardo Gatti\"}]},{\"@type\":\"WebSite\",\"@id\":\"https:\\\/\\\/egidimadeinitaly.com\\\/fr\\\/#website\",\"url\":\"https:\\\/\\\/egidimadeinitaly.com\\\/fr\\\/\",\"name\":\"Egidi MadeinItaly\",\"description\":\"Fine Art\",\"potentialAction\":[{\"@type\":\"SearchAction\",\"target\":{\"@type\":\"EntryPoint\",\"urlTemplate\":\"https:\\\/\\\/egidimadeinitaly.com\\\/fr\\\/?s={search_term_string}\"},\"query-input\":{\"@type\":\"PropertyValueSpecification\",\"valueRequired\":true,\"valueName\":\"search_term_string\"}}],\"inLanguage\":\"fr-FR\"}]}<\/script>\n<!-- \/ Yoast SEO Premium plugin. -->","yoast_head_json":{"title":"Riccardo Gatti - Egidi MadeinItaly","description":"Riccardo Gatti c\u00e9ramiste, il adaptera sur ses c\u00e9ramiques les dessins tir\u00e9s des esqui sses de Giacomo Balla","robots":{"index":"index","follow":"follow","max-snippet":"max-snippet:-1","max-image-preview":"max-image-preview:large","max-video-preview":"max-video-preview:-1"},"canonical":"https:\/\/egidimadeinitaly.com\/fr\/artisti\/riccardo-gatti\/","og_locale":"fr_FR","og_type":"article","og_title":"Riccardo Gatti","og_description":"Il exposera en octobre 1928 \u00e0 la Premi\u00e8re Exposition de c\u00e9ramique futuriste inaugur\u00e9e par Filippo Tommaso Marinetti \u00e0 Faenza","og_url":"https:\/\/egidimadeinitaly.com\/fr\/artisti\/riccardo-gatti\/","og_site_name":"Egidi MadeinItaly","article_publisher":"https:\/\/www.facebook.com\/egidimadeinitaly\/","article_modified_time":"2025-03-02T09:18:47+00:00","og_image":[{"width":2560,"height":2560,"url":"https:\/\/egidimadeinitaly.com\/wp-content\/uploads\/2022\/01\/2021-11-11-EgidimadeinItaly-19-79-scaled-e1670854906339.jpg","type":"image\/jpeg"}],"schema":{"@context":"https:\/\/schema.org","@graph":[{"@type":"WebPage","@id":"https:\/\/egidimadeinitaly.com\/fr\/artisti\/riccardo-gatti\/","url":"https:\/\/egidimadeinitaly.com\/fr\/artisti\/riccardo-gatti\/","name":"Riccardo Gatti - Egidi MadeinItaly","isPartOf":{"@id":"https:\/\/egidimadeinitaly.com\/fr\/#website"},"primaryImageOfPage":{"@id":"https:\/\/egidimadeinitaly.com\/fr\/artisti\/riccardo-gatti\/#primaryimage"},"image":{"@id":"https:\/\/egidimadeinitaly.com\/fr\/artisti\/riccardo-gatti\/#primaryimage"},"thumbnailUrl":"https:\/\/egidimadeinitaly.com\/v25\/wp-content\/uploads\/2022\/01\/2021-11-11-EgidimadeinItaly-19-79-scaled-e1670854906339.jpg","datePublished":"2022-01-28T16:03:30+00:00","dateModified":"2025-03-02T09:18:47+00:00","description":"Riccardo Gatti c\u00e9ramiste, il adaptera sur ses c\u00e9ramiques les dessins tir\u00e9s des esqui sses de Giacomo Balla","breadcrumb":{"@id":"https:\/\/egidimadeinitaly.com\/fr\/artisti\/riccardo-gatti\/#breadcrumb"},"inLanguage":"fr-FR","potentialAction":[{"@type":"ReadAction","target":["https:\/\/egidimadeinitaly.com\/fr\/artisti\/riccardo-gatti\/"]}]},{"@type":"ImageObject","inLanguage":"fr-FR","@id":"https:\/\/egidimadeinitaly.com\/fr\/artisti\/riccardo-gatti\/#primaryimage","url":"https:\/\/egidimadeinitaly.com\/v25\/wp-content\/uploads\/2022\/01\/2021-11-11-EgidimadeinItaly-19-79-scaled-e1670854906339.jpg","contentUrl":"https:\/\/egidimadeinitaly.com\/v25\/wp-content\/uploads\/2022\/01\/2021-11-11-EgidimadeinItaly-19-79-scaled-e1670854906339.jpg","width":2560,"height":2560,"caption":"Pietro Gatti Faenza"},{"@type":"BreadcrumbList","@id":"https:\/\/egidimadeinitaly.com\/fr\/artisti\/riccardo-gatti\/#breadcrumb","itemListElement":[{"@type":"ListItem","position":1,"name":"Home","item":"https:\/\/egidimadeinitaly.com\/fr\/"},{"@type":"ListItem","position":2,"name":"Riccardo Gatti"}]},{"@type":"WebSite","@id":"https:\/\/egidimadeinitaly.com\/fr\/#website","url":"https:\/\/egidimadeinitaly.com\/fr\/","name":"Egidi MadeinItaly","description":"Fine Art","potentialAction":[{"@type":"SearchAction","target":{"@type":"EntryPoint","urlTemplate":"https:\/\/egidimadeinitaly.com\/fr\/?s={search_term_string}"},"query-input":{"@type":"PropertyValueSpecification","valueRequired":true,"valueName":"search_term_string"}}],"inLanguage":"fr-FR"}]}},"_links":{"self":[{"href":"https:\/\/egidimadeinitaly.com\/fr\/wp-json\/wp\/v2\/artisti\/107852","targetHints":{"allow":["GET"]}}],"collection":[{"href":"https:\/\/egidimadeinitaly.com\/fr\/wp-json\/wp\/v2\/artisti"}],"about":[{"href":"https:\/\/egidimadeinitaly.com\/fr\/wp-json\/wp\/v2\/types\/artisti"}],"wp:featuredmedia":[{"embeddable":true,"href":"https:\/\/egidimadeinitaly.com\/fr\/wp-json\/wp\/v2\/media\/108001"}],"wp:attachment":[{"href":"https:\/\/egidimadeinitaly.com\/fr\/wp-json\/wp\/v2\/media?parent=107852"}],"wp:term":[{"taxonomy":"post_tag","embeddable":true,"href":"https:\/\/egidimadeinitaly.com\/fr\/wp-json\/wp\/v2\/tags?post=107852"},{"taxonomy":"tags","embeddable":true,"href":"https:\/\/egidimadeinitaly.com\/fr\/wp-json\/wp\/v2\/tags?post=107852"}],"curies":[{"name":"wp","href":"https:\/\/api.w.org\/{rel}","templated":true}]}}

<div class="wpb-content-wrapper"><p>[vc_row][vc_column][vc_column_text]<strong>Riccardo Gatti</strong> est né à Faenza en avril 1886.</p>
<p>Ses débuts à Faenza sont comparables à ceux de Pietro Melandri.</p>
<p>Au tout début du XXe siècle, très jeune, il commence à dessiner et à modeler aux côtés d’artistes prodigieux tels que Domenico Baccarini, Ercole Drei, Giovanni Guerrini, Francesco Nonni, Giuseppe Ugonia, pour n’en citer que quelques-uns.</p>
<p>Durant ses études à l&rsquo;École des arts et métiers de Faenza, il devient l&rsquo;élève de Virginio Minardi et commence à travailler à l&rsquo;usine de ce dernier.</p>
<p>Il s&rsquo;installe à son compte vers 1927, après avoir quitté l’usine « Faventia Ars » de Castellani et Masini qui avaient repris la société Minardi.</p>
<p>Conseillé par l&rsquo;écrivain et journaliste Giuseppe Fabbri, promoteur de l&rsquo;organisation de la production et de la vente de céramiques futuristes, il adaptera sur ses céramiques les dessins tirés des esquisses de Giacomo Balla et de Mario Guido Dal Monte, dont il partage l&rsquo;esprit.</p>
<p>Des œuvres qu’il exposera en octobre 1928 à la « Première Exposition de céramique futuriste », inaugurée par Filippo Tommaso Marinetti, dans les salles de la Società Musicale « G. Sarti » de Faenza.</p>
<p>Les céramistes Mario Ortolani et Anselmo Bucci rejoignent eux aussi l&rsquo;activisme productif de l&rsquo;organisation de la céramique futuriste voulue par Giuseppe Fabbri.</p>
<p>Il est intéressant de citer ce que Tullio d&rsquo;Albissola, qui était avec Riccardo Gatti lors de l&rsquo;exposition milanaise « <em>Trente-trois Futuristes », pensait de ces créations : « &#8230; en septembre 28, le céramiste de Faenza Riccardo Gatti a également réalisé des céramiques futuristes sur des dessins de Balla et d&rsquo;autres&#8230; mais dans le berceau de la majolique, l&rsquo;argile n&rsquo;a pas obéi docilement aux inventions fantaisistes des innovateurs &#8230; ».</em></p>
<p style="text-align: center;">
<p>[/vc_column_text][/vc_column][/vc_row][vc_row][vc_column width= »1/1&Prime;][vc_custom_heading uncode_shortcode_id= »268433&Prime;]</p>
<h2 style="text-align: center;">Vous possédez une œuvre de Riccardo Gatti et vous voulez la vendre ?</h2>
<p style="text-align: center;">Appelez-nous au numéro +39 3356585431 ou envoyez-nous un message WhatsApp au +39 3356585431</p>
<p style="text-align: center;"><strong><span style="color: #ff9900;">VOUS POUVEZ NOUS FAIRE CONFIANCE</span></strong></p>
<p style="text-align: center;">Les meilleures estimations, compétence, sérieux</p>
<p>[/vc_custom_heading][/vc_column][/vc_row]</p>
</div>

<p>Il exposera en octobre 1928 à la Première Exposition de céramique futuriste inaugurée par Filippo Tommaso Marinetti à Faenza</p>

<!-- This site is optimized with the Yoast SEO Premium plugin v27.4 (Yoast SEO v27.5) - https://yoast.com/product/yoast-seo-premium-wordpress/ -->
<title>Riccardo Gatti - Egidi MadeinItaly</title>
<meta name="description" content="Riccardo Gatti céramiste, il adaptera sur ses céramiques les dessins tirés des esqui sses de Giacomo Balla" />
<meta name="robots" content="index, follow, max-snippet:-1, max-image-preview:large, max-video-preview:-1" />
<link rel="canonical" href="https://egidimadeinitaly.com/fr/artisti/riccardo-gatti/" />
<meta property="og:locale" content="fr_FR" />
<meta property="og:type" content="article" />
<meta property="og:title" content="Riccardo Gatti" />
<meta property="og:description" content="Il exposera en octobre 1928 à la Première Exposition de céramique futuriste inaugurée par Filippo Tommaso Marinetti à Faenza" />
<meta property="og:url" content="https://egidimadeinitaly.com/fr/artisti/riccardo-gatti/" />
<meta property="og:site_name" content="Egidi MadeinItaly" />
<meta property="article:publisher" content="https://www.facebook.com/egidimadeinitaly/" />
<meta property="article:modified_time" content="2025-03-02T09:18:47+00:00" />
<meta property="og:image" content="https://egidimadeinitaly.com/wp-content/uploads/2022/01/2021-11-11-EgidimadeinItaly-19-79-scaled-e1670854906339.jpg" />
	<meta property="og:image:width" content="2560" />
	<meta property="og:image:height" content="2560" />
	<meta property="og:image:type" content="image/jpeg" />
<script type="application/ld+json" class="yoast-schema-graph">{"@context":"https:\/\/schema.org","@graph":[{"@type":"WebPage","@id":"https:\/\/egidimadeinitaly.com\/fr\/artisti\/riccardo-gatti\/","url":"https:\/\/egidimadeinitaly.com\/fr\/artisti\/riccardo-gatti\/","name":"Riccardo Gatti - Egidi MadeinItaly","isPartOf":{"@id":"https:\/\/egidimadeinitaly.com\/fr\/#website"},"primaryImageOfPage":{"@id":"https:\/\/egidimadeinitaly.com\/fr\/artisti\/riccardo-gatti\/#primaryimage"},"image":{"@id":"https:\/\/egidimadeinitaly.com\/fr\/artisti\/riccardo-gatti\/#primaryimage"},"thumbnailUrl":"https:\/\/egidimadeinitaly.com\/v25\/wp-content\/uploads\/2022\/01\/2021-11-11-EgidimadeinItaly-19-79-scaled-e1670854906339.jpg","datePublished":"2022-01-28T16:03:30+00:00","dateModified":"2025-03-02T09:18:47+00:00","description":"Riccardo Gatti céramiste, il adaptera sur ses céramiques les dessins tirés des esqui sses de Giacomo Balla","breadcrumb":{"@id":"https:\/\/egidimadeinitaly.com\/fr\/artisti\/riccardo-gatti\/#breadcrumb"},"inLanguage":"fr-FR","potentialAction":[{"@type":"ReadAction","target":["https:\/\/egidimadeinitaly.com\/fr\/artisti\/riccardo-gatti\/"]}]},{"@type":"ImageObject","inLanguage":"fr-FR","@id":"https:\/\/egidimadeinitaly.com\/fr\/artisti\/riccardo-gatti\/#primaryimage","url":"https:\/\/egidimadeinitaly.com\/v25\/wp-content\/uploads\/2022\/01\/2021-11-11-EgidimadeinItaly-19-79-scaled-e1670854906339.jpg","contentUrl":"https:\/\/egidimadeinitaly.com\/v25\/wp-content\/uploads\/2022\/01\/2021-11-11-EgidimadeinItaly-19-79-scaled-e1670854906339.jpg","width":2560,"height":2560,"caption":"Pietro Gatti Faenza"},{"@type":"BreadcrumbList","@id":"https:\/\/egidimadeinitaly.com\/fr\/artisti\/riccardo-gatti\/#breadcrumb","itemListElement":[{"@type":"ListItem","position":1,"name":"Home","item":"https:\/\/egidimadeinitaly.com\/fr\/"},{"@type":"ListItem","position":2,"name":"Riccardo Gatti"}]},{"@type":"WebSite","@id":"https:\/\/egidimadeinitaly.com\/fr\/#website","url":"https:\/\/egidimadeinitaly.com\/fr\/","name":"Egidi MadeinItaly","description":"Fine Art","potentialAction":[{"@type":"SearchAction","target":{"@type":"EntryPoint","urlTemplate":"https:\/\/egidimadeinitaly.com\/fr\/?s={search_term_string}"},"query-input":{"@type":"PropertyValueSpecification","valueRequired":true,"valueName":"search_term_string"}}],"inLanguage":"fr-FR"}]}</script>
<!-- / Yoast SEO Premium plugin. -->

Riccardo Gatti céramiste, il adaptera sur ses céramiques les dessins tirés des esqui sses de Giacomo Balla

Il exposera en octobre 1928 à la Première Exposition de céramique futuriste inaugurée par Filippo Tommaso Marinetti à Faenza
