{"id":107015,"date":"2022-01-10T13:45:19","date_gmt":"2022-01-10T12:45:19","guid":{"rendered":"https:\/\/egidimadeinitaly.com\/ecomsite\/artisti\/roberto-melli-ferrare-1885-rome-1958\/"},"modified":"2025-03-02T10:20:18","modified_gmt":"2025-03-02T09:20:18","slug":"roberto-melli","status":"publish","type":"artisti","link":"https:\/\/egidimadeinitaly.com\/fr\/artisti\/roberto-melli\/","title":{"rendered":"Roberto Melli"},"content":{"rendered":"<p>Roberto Melli (Ferrara 1885- Roma 1958) apr\u00e8s avoir fr\u00e9quent\u00e9 l&rsquo;atelier du sculpteur ferrarais Arrigo Minerbi (1881\u20131960) o\u00f9 il r\u00e9alise ses premiers moulages en pl\u00e2tre.<\/p>\n<p>\u00c0 partir de 1902, <strong>Roberto Melli<\/strong> s\u2019installe \u00e0 G\u00eanes o\u00f9 il travaille comme apprenti sculpteur et xylographe, et illustre un num\u00e9ro de la revue \u00ab Ebe \u00bb.<\/p>\n<h2>Melli s&rsquo;installe \u00e0 Rome<\/h2>\n<p>En 1911, Melli d\u00e9cide d\u2019aller vivre \u00e0 Rome o\u00f9 il participe aux expositions de la S\u00e9cession romaine.<\/p>\n<p>Il se consacre principalement \u00e0 la sculpture jusqu&rsquo;en 1911.<\/p>\n<p>En 1918, il est, avec Mario Broglio, l&rsquo;un des fondateurs de la revue et du mouvement \u00ab <em><strong>Valori Plastici<\/strong> <\/em>\u00bb, et se consacre exclusivement \u00e0 la peinture.<\/p>\n<h2>Manifeste du Primordialisme <em>plastique<\/em><\/h2>\n<p>En 1933, il signe le \u00ab <em>Manifeste du Primordialisme plastique<\/em> \u00bb avec <a href=\"https:\/\/egidimadeinitaly.com\/fr\/artistes\/giuseppe-capogrossi\/\">Giuseppe Capogrossi<\/a> et <a href=\"https:\/\/egidimadeinitaly.com\/fr\/artistes\/emanuele-cavalli\/\">Emanuele Cavalli<\/a>.<\/p>\n<p>1936 est l\u2019ann\u00e9e de sa premi\u00e8re exposition personnelle, pr\u00e9sent\u00e9e \u00e0 la Galleria della Cometa o\u00f9 il est introduit par Libero De Libero.<br \/>\nDeux ans plus tard, \u00e9tant d\u2019origine juive il subit les interdictions des lois raciales.<\/p>\n<p>Apr\u00e8s la guerre, il reprend ses fonctions d&rsquo;enseignant \u00e0 l&rsquo;Acad\u00e9mie des Beaux-Arts de Rome.<\/p>\n<h3>Galleria del Secolo<\/h3>\n<p>En 1947 il pr\u00e9sente une exposition de peintures et de sculptures \u00e0 la <strong>Galleria del Secolo<\/strong> [Galerie du Si\u00e8cle] .<br \/>\nLa XVe et la XVIIe Biennale de Venise lui consacrent une exposition personnelle.<\/p>\n<p>En plus d&rsquo;\u00eatre un artiste, <strong>Roberto Melli<\/strong> \u00e9tait un critique avis\u00e9 capable de saisir les tendances contemporaines les plus significatives.<br \/>\nIl s&rsquo;adonne \u00e9galement \u00e0 la po\u00e9sie et, en 1957, il publie un recueil intitul\u00e9 \u00ab Long Fabulous Night \u00bb qui rassemble des po\u00e8mes \u00e9crits depuis 1935.<\/p>\n<h5>FIRENZE, <em>Sindacale<\/em> 1928,1930, 1932,1934, 1935, 1936, <strong>Societ\u00e0 Belle<\/strong> Arti 1930, 1934.<\/h5>\n<h2 style=\"text-align: center;\">Vous poss\u00e9dez une \u0153uvre de Roberto Melli et vous voulez la vendre ?<\/h2>\n<p style=\"text-align: center;\">Appelez-nous au num\u00e9ro +39 3356585431 ou envoyez-nous un message WhatsApp au +39 3356585431<\/p>\n<p style=\"text-align: center;\"><span style=\"color: #ff6600;\"><strong>VOUS POUVEZ NOUS FAIRE CONFIANCE<\/strong><\/span><\/p>\n<p style=\"text-align: center;\">Les meilleures estimations, comp\u00e9tence, s\u00e9rieux<\/p>\n<p style=\"text-align: center;\">\n","protected":false},"excerpt":{"rendered":"<p>Au cours de ses premi\u00e8res ann\u00e9es \u00e0 Rome, Roberto Melli s&rsquo;est \u00e9galement int\u00e9ress\u00e9 au cin\u00e9ma, et a r\u00e9alis\u00e9<br \/>\nun film bas\u00e9 sur un conte d&rsquo;Andersen.<\/p>\n","protected":false},"featured_media":106969,"parent":0,"template":"","format":"standard","meta":{"_acf_changed":false},"tags":[6509],"class_list":["post-107015","artisti","type-artisti","status-publish","format-standard","has-post-thumbnail","hentry","tags-m"],"acf":[],"yoast_head":"<!-- This site is optimized with the Yoast SEO Premium plugin v27.4 (Yoast SEO v27.5) - https:\/\/yoast.com\/product\/yoast-seo-premium-wordpress\/ -->\n<title>Roberto Melli - Egidi MadeinItaly<\/title>\n<meta name=\"description\" content=\"Roberto Melli est un professeur, critique d&#039;art, peintre et sculpteur qui a contribu\u00e9 \u00e0 la formation de l&#039;\u00c9cole romaine.\" \/>\n<meta name=\"robots\" content=\"index, follow, max-snippet:-1, max-image-preview:large, max-video-preview:-1\" \/>\n<link rel=\"canonical\" href=\"https:\/\/egidimadeinitaly.com\/fr\/artistes\/roberto-melli\/\" \/>\n<meta property=\"og:locale\" content=\"fr_FR\" \/>\n<meta property=\"og:type\" content=\"article\" \/>\n<meta property=\"og:title\" content=\"Roberto Melli\" \/>\n<meta property=\"og:description\" content=\"Au cours de ses premi\u00e8res ann\u00e9es \u00e0 Rome, Roberto Melli s&#039;est \u00e9galement int\u00e9ress\u00e9 au cin\u00e9ma, et a r\u00e9alis\u00e9 un film bas\u00e9 sur un conte d&#039;Andersen.\" \/>\n<meta property=\"og:url\" content=\"https:\/\/egidimadeinitaly.com\/fr\/artistes\/roberto-melli\/\" \/>\n<meta property=\"og:site_name\" content=\"Egidi MadeinItaly\" \/>\n<meta property=\"article:publisher\" content=\"https:\/\/www.facebook.com\/egidimadeinitaly\/\" \/>\n<meta property=\"article:modified_time\" content=\"2025-03-02T09:20:18+00:00\" \/>\n<meta property=\"og:image\" content=\"https:\/\/egidimadeinitaly.com\/wp-content\/uploads\/2022\/01\/D0681A10-E87F-410A-8C34-F0FD944EADAD-scaled-e1691007214633.jpeg\" \/>\n\t<meta property=\"og:image:width\" content=\"436\" \/>\n\t<meta property=\"og:image:height\" content=\"500\" \/>\n\t<meta property=\"og:image:type\" content=\"image\/jpeg\" \/>\n<script type=\"application\/ld+json\" class=\"yoast-schema-graph\">{\"@context\":\"https:\\\/\\\/schema.org\",\"@graph\":[{\"@type\":\"WebPage\",\"@id\":\"https:\\\/\\\/egidimadeinitaly.com\\\/fr\\\/artisti\\\/roberto-melli\\\/\",\"url\":\"https:\\\/\\\/egidimadeinitaly.com\\\/fr\\\/artistes\\\/roberto-melli\\\/\",\"name\":\"Roberto Melli - Egidi MadeinItaly\",\"isPartOf\":{\"@id\":\"https:\\\/\\\/egidimadeinitaly.com\\\/fr\\\/#website\"},\"primaryImageOfPage\":{\"@id\":\"https:\\\/\\\/egidimadeinitaly.com\\\/fr\\\/artistes\\\/roberto-melli\\\/#primaryimage\"},\"image\":{\"@id\":\"https:\\\/\\\/egidimadeinitaly.com\\\/fr\\\/artistes\\\/roberto-melli\\\/#primaryimage\"},\"thumbnailUrl\":\"https:\\\/\\\/egidimadeinitaly.com\\\/v25\\\/wp-content\\\/uploads\\\/2022\\\/01\\\/D0681A10-E87F-410A-8C34-F0FD944EADAD-scaled-e1746713234291.jpeg\",\"datePublished\":\"2022-01-10T12:45:19+00:00\",\"dateModified\":\"2025-03-02T09:20:18+00:00\",\"description\":\"Roberto Melli est un professeur, critique d'art, peintre et sculpteur qui a contribu\u00e9 \u00e0 la formation de l'\u00c9cole romaine.\",\"breadcrumb\":{\"@id\":\"https:\\\/\\\/egidimadeinitaly.com\\\/fr\\\/artistes\\\/roberto-melli\\\/#breadcrumb\"},\"inLanguage\":\"fr-FR\",\"potentialAction\":[{\"@type\":\"ReadAction\",\"target\":[\"https:\\\/\\\/egidimadeinitaly.com\\\/fr\\\/artistes\\\/roberto-melli\\\/\"]}]},{\"@type\":\"ImageObject\",\"inLanguage\":\"fr-FR\",\"@id\":\"https:\\\/\\\/egidimadeinitaly.com\\\/fr\\\/artistes\\\/roberto-melli\\\/#primaryimage\",\"url\":\"https:\\\/\\\/egidimadeinitaly.com\\\/v25\\\/wp-content\\\/uploads\\\/2022\\\/01\\\/D0681A10-E87F-410A-8C34-F0FD944EADAD-scaled-e1746713234291.jpeg\",\"contentUrl\":\"https:\\\/\\\/egidimadeinitaly.com\\\/v25\\\/wp-content\\\/uploads\\\/2022\\\/01\\\/D0681A10-E87F-410A-8C34-F0FD944EADAD-scaled-e1746713234291.jpeg\",\"width\":332,\"height\":394,\"caption\":\"Roberto Melli\"},{\"@type\":\"BreadcrumbList\",\"@id\":\"https:\\\/\\\/egidimadeinitaly.com\\\/fr\\\/artistes\\\/roberto-melli\\\/#breadcrumb\",\"itemListElement\":[{\"@type\":\"ListItem\",\"position\":1,\"name\":\"Home\",\"item\":\"https:\\\/\\\/egidimadeinitaly.com\\\/fr\\\/\"},{\"@type\":\"ListItem\",\"position\":2,\"name\":\"Roberto Melli\"}]},{\"@type\":\"WebSite\",\"@id\":\"https:\\\/\\\/egidimadeinitaly.com\\\/fr\\\/#website\",\"url\":\"https:\\\/\\\/egidimadeinitaly.com\\\/fr\\\/\",\"name\":\"Egidi MadeinItaly\",\"description\":\"Fine Art\",\"potentialAction\":[{\"@type\":\"SearchAction\",\"target\":{\"@type\":\"EntryPoint\",\"urlTemplate\":\"https:\\\/\\\/egidimadeinitaly.com\\\/fr\\\/?s={search_term_string}\"},\"query-input\":{\"@type\":\"PropertyValueSpecification\",\"valueRequired\":true,\"valueName\":\"search_term_string\"}}],\"inLanguage\":\"fr-FR\"}]}<\/script>\n<!-- \/ Yoast SEO Premium plugin. -->","yoast_head_json":{"title":"Roberto Melli - Egidi MadeinItaly","description":"Roberto Melli est un professeur, critique d'art, peintre et sculpteur qui a contribu\u00e9 \u00e0 la formation de l'\u00c9cole romaine.","robots":{"index":"index","follow":"follow","max-snippet":"max-snippet:-1","max-image-preview":"max-image-preview:large","max-video-preview":"max-video-preview:-1"},"canonical":"https:\/\/egidimadeinitaly.com\/fr\/artistes\/roberto-melli\/","og_locale":"fr_FR","og_type":"article","og_title":"Roberto Melli","og_description":"Au cours de ses premi\u00e8res ann\u00e9es \u00e0 Rome, Roberto Melli s'est \u00e9galement int\u00e9ress\u00e9 au cin\u00e9ma, et a r\u00e9alis\u00e9 un film bas\u00e9 sur un conte d'Andersen.","og_url":"https:\/\/egidimadeinitaly.com\/fr\/artistes\/roberto-melli\/","og_site_name":"Egidi MadeinItaly","article_publisher":"https:\/\/www.facebook.com\/egidimadeinitaly\/","article_modified_time":"2025-03-02T09:20:18+00:00","og_image":[{"width":436,"height":500,"url":"https:\/\/egidimadeinitaly.com\/wp-content\/uploads\/2022\/01\/D0681A10-E87F-410A-8C34-F0FD944EADAD-scaled-e1691007214633.jpeg","type":"image\/jpeg"}],"schema":{"@context":"https:\/\/schema.org","@graph":[{"@type":"WebPage","@id":"https:\/\/egidimadeinitaly.com\/fr\/artisti\/roberto-melli\/","url":"https:\/\/egidimadeinitaly.com\/fr\/artistes\/roberto-melli\/","name":"Roberto Melli - Egidi MadeinItaly","isPartOf":{"@id":"https:\/\/egidimadeinitaly.com\/fr\/#website"},"primaryImageOfPage":{"@id":"https:\/\/egidimadeinitaly.com\/fr\/artistes\/roberto-melli\/#primaryimage"},"image":{"@id":"https:\/\/egidimadeinitaly.com\/fr\/artistes\/roberto-melli\/#primaryimage"},"thumbnailUrl":"https:\/\/egidimadeinitaly.com\/v25\/wp-content\/uploads\/2022\/01\/D0681A10-E87F-410A-8C34-F0FD944EADAD-scaled-e1746713234291.jpeg","datePublished":"2022-01-10T12:45:19+00:00","dateModified":"2025-03-02T09:20:18+00:00","description":"Roberto Melli est un professeur, critique d'art, peintre et sculpteur qui a contribu\u00e9 \u00e0 la formation de l'\u00c9cole romaine.","breadcrumb":{"@id":"https:\/\/egidimadeinitaly.com\/fr\/artistes\/roberto-melli\/#breadcrumb"},"inLanguage":"fr-FR","potentialAction":[{"@type":"ReadAction","target":["https:\/\/egidimadeinitaly.com\/fr\/artistes\/roberto-melli\/"]}]},{"@type":"ImageObject","inLanguage":"fr-FR","@id":"https:\/\/egidimadeinitaly.com\/fr\/artistes\/roberto-melli\/#primaryimage","url":"https:\/\/egidimadeinitaly.com\/v25\/wp-content\/uploads\/2022\/01\/D0681A10-E87F-410A-8C34-F0FD944EADAD-scaled-e1746713234291.jpeg","contentUrl":"https:\/\/egidimadeinitaly.com\/v25\/wp-content\/uploads\/2022\/01\/D0681A10-E87F-410A-8C34-F0FD944EADAD-scaled-e1746713234291.jpeg","width":332,"height":394,"caption":"Roberto Melli"},{"@type":"BreadcrumbList","@id":"https:\/\/egidimadeinitaly.com\/fr\/artistes\/roberto-melli\/#breadcrumb","itemListElement":[{"@type":"ListItem","position":1,"name":"Home","item":"https:\/\/egidimadeinitaly.com\/fr\/"},{"@type":"ListItem","position":2,"name":"Roberto Melli"}]},{"@type":"WebSite","@id":"https:\/\/egidimadeinitaly.com\/fr\/#website","url":"https:\/\/egidimadeinitaly.com\/fr\/","name":"Egidi MadeinItaly","description":"Fine Art","potentialAction":[{"@type":"SearchAction","target":{"@type":"EntryPoint","urlTemplate":"https:\/\/egidimadeinitaly.com\/fr\/?s={search_term_string}"},"query-input":{"@type":"PropertyValueSpecification","valueRequired":true,"valueName":"search_term_string"}}],"inLanguage":"fr-FR"}]}},"_links":{"self":[{"href":"https:\/\/egidimadeinitaly.com\/fr\/wp-json\/wp\/v2\/artisti\/107015","targetHints":{"allow":["GET"]}}],"collection":[{"href":"https:\/\/egidimadeinitaly.com\/fr\/wp-json\/wp\/v2\/artisti"}],"about":[{"href":"https:\/\/egidimadeinitaly.com\/fr\/wp-json\/wp\/v2\/types\/artisti"}],"wp:featuredmedia":[{"embeddable":true,"href":"https:\/\/egidimadeinitaly.com\/fr\/wp-json\/wp\/v2\/media\/106969"}],"wp:attachment":[{"href":"https:\/\/egidimadeinitaly.com\/fr\/wp-json\/wp\/v2\/media?parent=107015"}],"wp:term":[{"taxonomy":"post_tag","embeddable":true,"href":"https:\/\/egidimadeinitaly.com\/fr\/wp-json\/wp\/v2\/tags?post=107015"},{"taxonomy":"tags","embeddable":true,"href":"https:\/\/egidimadeinitaly.com\/fr\/wp-json\/wp\/v2\/tags?post=107015"}],"curies":[{"name":"wp","href":"https:\/\/api.w.org\/{rel}","templated":true}]}}

<p>Roberto Melli (Ferrara 1885- Roma 1958) après avoir fréquenté l&rsquo;atelier du sculpteur ferrarais Arrigo Minerbi (1881–1960) où il réalise ses premiers moulages en plâtre.</p>
<p>À partir de 1902, <strong>Roberto Melli</strong> s’installe à Gênes où il travaille comme apprenti sculpteur et xylographe, et illustre un numéro de la revue « Ebe ».</p>
<h2>Melli s&rsquo;installe à Rome</h2>
<p>En 1911, Melli décide d’aller vivre à Rome où il participe aux expositions de la Sécession romaine.</p>
<p>Il se consacre principalement à la sculpture jusqu&rsquo;en 1911.</p>
<p>En 1918, il est, avec Mario Broglio, l&rsquo;un des fondateurs de la revue et du mouvement « <em><strong>Valori Plastici</strong> </em>», et se consacre exclusivement à la peinture.</p>
<h2>Manifeste du Primordialisme <em>plastique</em></h2>
<p>En 1933, il signe le « <em>Manifeste du Primordialisme plastique</em> » avec <a href="https://egidimadeinitaly.com/fr/artistes/giuseppe-capogrossi/">Giuseppe Capogrossi</a> et <a href="https://egidimadeinitaly.com/fr/artistes/emanuele-cavalli/">Emanuele Cavalli</a>.</p>
<p>1936 est l’année de sa première exposition personnelle, présentée à la Galleria della Cometa où il est introduit par Libero De Libero.<br />
Deux ans plus tard, étant d’origine juive il subit les interdictions des lois raciales.</p>
<p>Après la guerre, il reprend ses fonctions d&rsquo;enseignant à l&rsquo;Académie des Beaux-Arts de Rome.</p>
<h3>Galleria del Secolo</h3>
<p>En 1947 il présente une exposition de peintures et de sculptures à la <strong>Galleria del Secolo</strong> [Galerie du Siècle] .<br />
La XVe et la XVIIe Biennale de Venise lui consacrent une exposition personnelle.</p>
<p>En plus d&rsquo;être un artiste, <strong>Roberto Melli</strong> était un critique avisé capable de saisir les tendances contemporaines les plus significatives.<br />
Il s&rsquo;adonne également à la poésie et, en 1957, il publie un recueil intitulé « Long Fabulous Night » qui rassemble des poèmes écrits depuis 1935.</p>
<h5>FIRENZE, <em>Sindacale</em> 1928,1930, 1932,1934, 1935, 1936, <strong>Società Belle</strong> Arti 1930, 1934.</h5>
<h2 style="text-align: center;">Vous possédez une œuvre de Roberto Melli et vous voulez la vendre ?</h2>
<p style="text-align: center;">Appelez-nous au numéro +39 3356585431 ou envoyez-nous un message WhatsApp au +39 3356585431</p>
<p style="text-align: center;"><span style="color: #ff6600;"><strong>VOUS POUVEZ NOUS FAIRE CONFIANCE</strong></span></p>
<p style="text-align: center;">Les meilleures estimations, compétence, sérieux</p>
<p style="text-align: center;">

<p>Au cours de ses premières années à Rome, Roberto Melli s&rsquo;est également intéressé au cinéma, et a réalisé<br />
un film basé sur un conte d&rsquo;Andersen.</p>

<!-- This site is optimized with the Yoast SEO Premium plugin v27.4 (Yoast SEO v27.5) - https://yoast.com/product/yoast-seo-premium-wordpress/ -->
<title>Roberto Melli - Egidi MadeinItaly</title>
<meta name="description" content="Roberto Melli est un professeur, critique d&#039;art, peintre et sculpteur qui a contribué à la formation de l&#039;École romaine." />
<meta name="robots" content="index, follow, max-snippet:-1, max-image-preview:large, max-video-preview:-1" />
<link rel="canonical" href="https://egidimadeinitaly.com/fr/artistes/roberto-melli/" />
<meta property="og:locale" content="fr_FR" />
<meta property="og:type" content="article" />
<meta property="og:title" content="Roberto Melli" />
<meta property="og:description" content="Au cours de ses premières années à Rome, Roberto Melli s&#039;est également intéressé au cinéma, et a réalisé un film basé sur un conte d&#039;Andersen." />
<meta property="og:url" content="https://egidimadeinitaly.com/fr/artistes/roberto-melli/" />
<meta property="og:site_name" content="Egidi MadeinItaly" />
<meta property="article:publisher" content="https://www.facebook.com/egidimadeinitaly/" />
<meta property="article:modified_time" content="2025-03-02T09:20:18+00:00" />
<meta property="og:image" content="https://egidimadeinitaly.com/wp-content/uploads/2022/01/D0681A10-E87F-410A-8C34-F0FD944EADAD-scaled-e1691007214633.jpeg" />
	<meta property="og:image:width" content="436" />
	<meta property="og:image:height" content="500" />
	<meta property="og:image:type" content="image/jpeg" />
<script type="application/ld+json" class="yoast-schema-graph">{"@context":"https:\/\/schema.org","@graph":[{"@type":"WebPage","@id":"https:\/\/egidimadeinitaly.com\/fr\/artisti\/roberto-melli\/","url":"https:\/\/egidimadeinitaly.com\/fr\/artistes\/roberto-melli\/","name":"Roberto Melli - Egidi MadeinItaly","isPartOf":{"@id":"https:\/\/egidimadeinitaly.com\/fr\/#website"},"primaryImageOfPage":{"@id":"https:\/\/egidimadeinitaly.com\/fr\/artistes\/roberto-melli\/#primaryimage"},"image":{"@id":"https:\/\/egidimadeinitaly.com\/fr\/artistes\/roberto-melli\/#primaryimage"},"thumbnailUrl":"https:\/\/egidimadeinitaly.com\/v25\/wp-content\/uploads\/2022\/01\/D0681A10-E87F-410A-8C34-F0FD944EADAD-scaled-e1746713234291.jpeg","datePublished":"2022-01-10T12:45:19+00:00","dateModified":"2025-03-02T09:20:18+00:00","description":"Roberto Melli est un professeur, critique d'art, peintre et sculpteur qui a contribué à la formation de l'École romaine.","breadcrumb":{"@id":"https:\/\/egidimadeinitaly.com\/fr\/artistes\/roberto-melli\/#breadcrumb"},"inLanguage":"fr-FR","potentialAction":[{"@type":"ReadAction","target":["https:\/\/egidimadeinitaly.com\/fr\/artistes\/roberto-melli\/"]}]},{"@type":"ImageObject","inLanguage":"fr-FR","@id":"https:\/\/egidimadeinitaly.com\/fr\/artistes\/roberto-melli\/#primaryimage","url":"https:\/\/egidimadeinitaly.com\/v25\/wp-content\/uploads\/2022\/01\/D0681A10-E87F-410A-8C34-F0FD944EADAD-scaled-e1746713234291.jpeg","contentUrl":"https:\/\/egidimadeinitaly.com\/v25\/wp-content\/uploads\/2022\/01\/D0681A10-E87F-410A-8C34-F0FD944EADAD-scaled-e1746713234291.jpeg","width":332,"height":394,"caption":"Roberto Melli"},{"@type":"BreadcrumbList","@id":"https:\/\/egidimadeinitaly.com\/fr\/artistes\/roberto-melli\/#breadcrumb","itemListElement":[{"@type":"ListItem","position":1,"name":"Home","item":"https:\/\/egidimadeinitaly.com\/fr\/"},{"@type":"ListItem","position":2,"name":"Roberto Melli"}]},{"@type":"WebSite","@id":"https:\/\/egidimadeinitaly.com\/fr\/#website","url":"https:\/\/egidimadeinitaly.com\/fr\/","name":"Egidi MadeinItaly","description":"Fine Art","potentialAction":[{"@type":"SearchAction","target":{"@type":"EntryPoint","urlTemplate":"https:\/\/egidimadeinitaly.com\/fr\/?s={search_term_string}"},"query-input":{"@type":"PropertyValueSpecification","valueRequired":true,"valueName":"search_term_string"}}],"inLanguage":"fr-FR"}]}</script>
<!-- / Yoast SEO Premium plugin. -->

Roberto Melli est un professeur, critique d'art, peintre et sculpteur qui a contribué à la formation de l'École romaine.

Au cours de ses premières années à Rome, Roberto Melli s'est également intéressé au cinéma, et a réalisé un film basé sur un conte d'Andersen.
