{"id":103381,"date":"2021-08-18T14:30:51","date_gmt":"2021-08-18T13:30:51","guid":{"rendered":"http:\/\/egidimadeinitaly.demonewlogic.it\/artisti\/adriana-pircherle-1905-1996\/"},"modified":"2026-02-26T16:39:33","modified_gmt":"2026-02-26T15:39:33","slug":"adriana-pircherle","status":"publish","type":"artisti","link":"https:\/\/egidimadeinitaly.com\/fr\/artisti\/adriana-pircherle\/","title":{"rendered":"Adriana Pircherle"},"content":{"rendered":"<div class=\"wpb-content-wrapper\"><p><strong>Adriana Pincherle<\/strong>\u00a0(Rome 1905 \u2013 Florence 1996) est la s\u0153ur a\u00een\u00e9e de l\u2019\u00e9crivain\u00a0<em>Alberto Moravia<\/em>.<\/p>\n<p>Apr\u00e8s avoir termin\u00e9 des \u00e9tudes classiques, elle commence \u00e0 fr\u00e9quenter l\u2019atelier \u00ab pour jeunes filles \u00bb du graveur Alfredo Petrucci, puis les cours de la \u00ab Scuola Libera del Nudo \u00bb \u00e0 l\u2019Acad\u00e9mie des Beaux-arts de Rome, ce qui lui permet de conna\u00eetre le milieu artistique romain.<\/p>\n<p>Elle fait ses d\u00e9buts artistiques en 1931, et son travail est imm\u00e9diatement appr\u00e9ci\u00e9 par l\u2019historien de l\u2019art\u00a0<a href=\"https:\/\/egidimadeinitaly.com\/fr\/le-temps-du-caravage\/\">Roberto Longhi<\/a>.<\/p>\n<p>Elle fr\u00e9quente la \u00ab\u00a0<a href=\"https:\/\/egidimadeinitaly.com\/fr\/ecole-romaine\/\">Scuola Romana<\/a>\u00a0\u00bb et s\u2019int\u00e9resse en particulier au mouvement impressionniste, \u00e0 Henri Matisse et aux Fauves.<\/p>\n<p>En tout \u00e9tat de cause, le fait d\u2019avoir fait la connaissance du groupe \u00ab<em>\u00a0I Sei di Torino<\/em>\u00a0\u00bb (Boswell, Paulucci, Francesco Menzio, Galante, Levi, et Gigi Chessa) lui sugg\u00e8re de commencer la r\u00e9\u00e9laboration de l\u2019art fran\u00e7ais.<\/p>\n<p>Adriana Pincherle expose \u00e0 la galerie \u00ab\u00a0<a href=\"https:\/\/egidimadeinitaly.com\/fr\/galleria-della-cometa\/\">La Cometa\u00a0<\/a>\u00bb avec\u00a0<a href=\"https:\/\/egidimadeinitaly.com\/fr\/katy-castellucci-lecole-romaine-et-au-dela\/\">Katy Castellucci<\/a>.<\/p>\n<p>En raison des lois raciales impos\u00e9es en Italie pendant la Seconde Guerre mondiale, elle doit se cacher pendant plusieurs ann\u00e9es.<\/p>\n<p>Dans les ann\u00e9es 1940, elle s\u2019installe \u00e0 Florence avec son mari le peintre Onofrio Martinelli (1900-1966), o\u00f9 elle continue de travailler r\u00e9guli\u00e8rement et participe \u00e0 plusieurs \u00e9ditions de la Biennale de Venise et \u00e0 de nombreuses expositions en Italie et \u00e0 l\u2019\u00e9tranger.<\/p>\n<p>En France, elle expose \u00e0 la Galerie de la Jeune Europe, au 46 rue Vavin \u00e0 Paris.[vc_row][vc_column width=\u00a0\u00bb1\/1&Prime;][vc_custom_heading uncode_shortcode_id=\u00a0\u00bb181147&Prime;]<\/p>\n<p style=\"text-align: center;\">\n<p>[\/vc_custom_heading][\/vc_column][\/vc_row]<\/p>\n<\/div>","protected":false},"excerpt":{"rendered":"<p>Adriana Pincherle est la s\u0153ur a\u00een\u00e9e de l\u2019\u00e9crivain Alberto Moravia. Elle fait ses d\u00e9buts artistiques en 1931, et son travail est imm\u00e9diatement appr\u00e9ci\u00e9 par l\u2019historien de l\u2019art Roberto Longhi.<\/p>\n","protected":false},"featured_media":103118,"parent":0,"template":"","format":"standard","meta":{"_acf_changed":false},"tags":[6694],"class_list":["post-103381","artisti","type-artisti","status-publish","format-standard","has-post-thumbnail","hentry","tag-ecole-romaine","tags-p-fr"],"acf":[],"yoast_head":"<!-- This site is optimized with the Yoast SEO Premium plugin v27.4 (Yoast SEO v27.5) - https:\/\/yoast.com\/product\/yoast-seo-premium-wordpress\/ -->\n<title>Adriana Pircherle - Egidi MadeinItaly<\/title>\n<meta name=\"description\" content=\"Elle fr\u00e9quente la Scuola Romana et s\u2019int\u00e9resse en particulier au mouvement impressionniste, \u00e0 Henri Matisse et aux Fauves.\" \/>\n<meta name=\"robots\" content=\"index, follow, max-snippet:-1, max-image-preview:large, max-video-preview:-1\" \/>\n<link rel=\"canonical\" href=\"https:\/\/egidimadeinitaly.com\/fr\/artistes\/adriana-pircherle\/\" \/>\n<meta property=\"og:locale\" content=\"fr_FR\" \/>\n<meta property=\"og:type\" content=\"article\" \/>\n<meta property=\"og:title\" content=\"Adriana Pircherle\" \/>\n<meta property=\"og:description\" content=\"Adriana Pincherle est la s\u0153ur a\u00een\u00e9e de l\u2019\u00e9crivain Alberto Moravia. Elle fait ses d\u00e9buts artistiques en 1931, et son travail est imm\u00e9diatement appr\u00e9ci\u00e9 par l\u2019historien de l\u2019art Roberto Longhi.\" \/>\n<meta property=\"og:url\" content=\"https:\/\/egidimadeinitaly.com\/fr\/artistes\/adriana-pircherle\/\" \/>\n<meta property=\"og:site_name\" content=\"Egidi MadeinItaly\" \/>\n<meta property=\"article:publisher\" content=\"https:\/\/www.facebook.com\/egidimadeinitaly\/\" \/>\n<meta property=\"article:modified_time\" content=\"2026-02-26T15:39:33+00:00\" \/>\n<meta property=\"og:image\" content=\"https:\/\/egidimadeinitaly.com\/v25\/wp-content\/uploads\/2021\/08\/F69A45D1-FB36-4224-82DE-929CDB6C5403-e1722605005912.jpeg\" \/>\n\t<meta property=\"og:image:width\" content=\"630\" \/>\n\t<meta property=\"og:image:height\" content=\"452\" \/>\n\t<meta property=\"og:image:type\" content=\"image\/jpeg\" \/>\n<script type=\"application\/ld+json\" class=\"yoast-schema-graph\">{\"@context\":\"https:\\\/\\\/schema.org\",\"@graph\":[{\"@type\":\"WebPage\",\"@id\":\"https:\\\/\\\/egidimadeinitaly.com\\\/fr\\\/artisti\\\/adriana-pircherle\\\/\",\"url\":\"https:\\\/\\\/egidimadeinitaly.com\\\/fr\\\/artistes\\\/adriana-pircherle\\\/\",\"name\":\"Adriana Pircherle - Egidi MadeinItaly\",\"isPartOf\":{\"@id\":\"https:\\\/\\\/egidimadeinitaly.com\\\/fr\\\/#website\"},\"primaryImageOfPage\":{\"@id\":\"https:\\\/\\\/egidimadeinitaly.com\\\/fr\\\/artistes\\\/adriana-pircherle\\\/#primaryimage\"},\"image\":{\"@id\":\"https:\\\/\\\/egidimadeinitaly.com\\\/fr\\\/artistes\\\/adriana-pircherle\\\/#primaryimage\"},\"thumbnailUrl\":\"https:\\\/\\\/egidimadeinitaly.com\\\/v25\\\/wp-content\\\/uploads\\\/2021\\\/08\\\/F69A45D1-FB36-4224-82DE-929CDB6C5403-e1722605005912.jpeg\",\"datePublished\":\"2021-08-18T13:30:51+00:00\",\"dateModified\":\"2026-02-26T15:39:33+00:00\",\"description\":\"Elle fr\u00e9quente la Scuola Romana et s\u2019int\u00e9resse en particulier au mouvement impressionniste, \u00e0 Henri Matisse et aux Fauves.\",\"breadcrumb\":{\"@id\":\"https:\\\/\\\/egidimadeinitaly.com\\\/fr\\\/artistes\\\/adriana-pircherle\\\/#breadcrumb\"},\"inLanguage\":\"fr-FR\",\"potentialAction\":[{\"@type\":\"ReadAction\",\"target\":[\"https:\\\/\\\/egidimadeinitaly.com\\\/fr\\\/artistes\\\/adriana-pircherle\\\/\"]}]},{\"@type\":\"ImageObject\",\"inLanguage\":\"fr-FR\",\"@id\":\"https:\\\/\\\/egidimadeinitaly.com\\\/fr\\\/artistes\\\/adriana-pircherle\\\/#primaryimage\",\"url\":\"https:\\\/\\\/egidimadeinitaly.com\\\/v25\\\/wp-content\\\/uploads\\\/2021\\\/08\\\/F69A45D1-FB36-4224-82DE-929CDB6C5403-e1722605005912.jpeg\",\"contentUrl\":\"https:\\\/\\\/egidimadeinitaly.com\\\/v25\\\/wp-content\\\/uploads\\\/2021\\\/08\\\/F69A45D1-FB36-4224-82DE-929CDB6C5403-e1722605005912.jpeg\",\"width\":630,\"height\":452,\"caption\":\"Adriana Pincherle\"},{\"@type\":\"BreadcrumbList\",\"@id\":\"https:\\\/\\\/egidimadeinitaly.com\\\/fr\\\/artistes\\\/adriana-pircherle\\\/#breadcrumb\",\"itemListElement\":[{\"@type\":\"ListItem\",\"position\":1,\"name\":\"Home\",\"item\":\"https:\\\/\\\/egidimadeinitaly.com\\\/fr\\\/\"},{\"@type\":\"ListItem\",\"position\":2,\"name\":\"Adriana Pircherle\"}]},{\"@type\":\"WebSite\",\"@id\":\"https:\\\/\\\/egidimadeinitaly.com\\\/fr\\\/#website\",\"url\":\"https:\\\/\\\/egidimadeinitaly.com\\\/fr\\\/\",\"name\":\"Egidi MadeinItaly\",\"description\":\"Fine Art\",\"potentialAction\":[{\"@type\":\"SearchAction\",\"target\":{\"@type\":\"EntryPoint\",\"urlTemplate\":\"https:\\\/\\\/egidimadeinitaly.com\\\/fr\\\/?s={search_term_string}\"},\"query-input\":{\"@type\":\"PropertyValueSpecification\",\"valueRequired\":true,\"valueName\":\"search_term_string\"}}],\"inLanguage\":\"fr-FR\"}]}<\/script>\n<!-- \/ Yoast SEO Premium plugin. -->","yoast_head_json":{"title":"Adriana Pircherle - Egidi MadeinItaly","description":"Elle fr\u00e9quente la Scuola Romana et s\u2019int\u00e9resse en particulier au mouvement impressionniste, \u00e0 Henri Matisse et aux Fauves.","robots":{"index":"index","follow":"follow","max-snippet":"max-snippet:-1","max-image-preview":"max-image-preview:large","max-video-preview":"max-video-preview:-1"},"canonical":"https:\/\/egidimadeinitaly.com\/fr\/artistes\/adriana-pircherle\/","og_locale":"fr_FR","og_type":"article","og_title":"Adriana Pircherle","og_description":"Adriana Pincherle est la s\u0153ur a\u00een\u00e9e de l\u2019\u00e9crivain Alberto Moravia. Elle fait ses d\u00e9buts artistiques en 1931, et son travail est imm\u00e9diatement appr\u00e9ci\u00e9 par l\u2019historien de l\u2019art Roberto Longhi.","og_url":"https:\/\/egidimadeinitaly.com\/fr\/artistes\/adriana-pircherle\/","og_site_name":"Egidi MadeinItaly","article_publisher":"https:\/\/www.facebook.com\/egidimadeinitaly\/","article_modified_time":"2026-02-26T15:39:33+00:00","og_image":[{"width":630,"height":452,"url":"https:\/\/egidimadeinitaly.com\/v25\/wp-content\/uploads\/2021\/08\/F69A45D1-FB36-4224-82DE-929CDB6C5403-e1722605005912.jpeg","type":"image\/jpeg"}],"schema":{"@context":"https:\/\/schema.org","@graph":[{"@type":"WebPage","@id":"https:\/\/egidimadeinitaly.com\/fr\/artisti\/adriana-pircherle\/","url":"https:\/\/egidimadeinitaly.com\/fr\/artistes\/adriana-pircherle\/","name":"Adriana Pircherle - Egidi MadeinItaly","isPartOf":{"@id":"https:\/\/egidimadeinitaly.com\/fr\/#website"},"primaryImageOfPage":{"@id":"https:\/\/egidimadeinitaly.com\/fr\/artistes\/adriana-pircherle\/#primaryimage"},"image":{"@id":"https:\/\/egidimadeinitaly.com\/fr\/artistes\/adriana-pircherle\/#primaryimage"},"thumbnailUrl":"https:\/\/egidimadeinitaly.com\/v25\/wp-content\/uploads\/2021\/08\/F69A45D1-FB36-4224-82DE-929CDB6C5403-e1722605005912.jpeg","datePublished":"2021-08-18T13:30:51+00:00","dateModified":"2026-02-26T15:39:33+00:00","description":"Elle fr\u00e9quente la Scuola Romana et s\u2019int\u00e9resse en particulier au mouvement impressionniste, \u00e0 Henri Matisse et aux Fauves.","breadcrumb":{"@id":"https:\/\/egidimadeinitaly.com\/fr\/artistes\/adriana-pircherle\/#breadcrumb"},"inLanguage":"fr-FR","potentialAction":[{"@type":"ReadAction","target":["https:\/\/egidimadeinitaly.com\/fr\/artistes\/adriana-pircherle\/"]}]},{"@type":"ImageObject","inLanguage":"fr-FR","@id":"https:\/\/egidimadeinitaly.com\/fr\/artistes\/adriana-pircherle\/#primaryimage","url":"https:\/\/egidimadeinitaly.com\/v25\/wp-content\/uploads\/2021\/08\/F69A45D1-FB36-4224-82DE-929CDB6C5403-e1722605005912.jpeg","contentUrl":"https:\/\/egidimadeinitaly.com\/v25\/wp-content\/uploads\/2021\/08\/F69A45D1-FB36-4224-82DE-929CDB6C5403-e1722605005912.jpeg","width":630,"height":452,"caption":"Adriana Pincherle"},{"@type":"BreadcrumbList","@id":"https:\/\/egidimadeinitaly.com\/fr\/artistes\/adriana-pircherle\/#breadcrumb","itemListElement":[{"@type":"ListItem","position":1,"name":"Home","item":"https:\/\/egidimadeinitaly.com\/fr\/"},{"@type":"ListItem","position":2,"name":"Adriana Pircherle"}]},{"@type":"WebSite","@id":"https:\/\/egidimadeinitaly.com\/fr\/#website","url":"https:\/\/egidimadeinitaly.com\/fr\/","name":"Egidi MadeinItaly","description":"Fine Art","potentialAction":[{"@type":"SearchAction","target":{"@type":"EntryPoint","urlTemplate":"https:\/\/egidimadeinitaly.com\/fr\/?s={search_term_string}"},"query-input":{"@type":"PropertyValueSpecification","valueRequired":true,"valueName":"search_term_string"}}],"inLanguage":"fr-FR"}]}},"_links":{"self":[{"href":"https:\/\/egidimadeinitaly.com\/fr\/wp-json\/wp\/v2\/artisti\/103381","targetHints":{"allow":["GET"]}}],"collection":[{"href":"https:\/\/egidimadeinitaly.com\/fr\/wp-json\/wp\/v2\/artisti"}],"about":[{"href":"https:\/\/egidimadeinitaly.com\/fr\/wp-json\/wp\/v2\/types\/artisti"}],"wp:featuredmedia":[{"embeddable":true,"href":"https:\/\/egidimadeinitaly.com\/fr\/wp-json\/wp\/v2\/media\/103118"}],"wp:attachment":[{"href":"https:\/\/egidimadeinitaly.com\/fr\/wp-json\/wp\/v2\/media?parent=103381"}],"wp:term":[{"taxonomy":"post_tag","embeddable":true,"href":"https:\/\/egidimadeinitaly.com\/fr\/wp-json\/wp\/v2\/tags?post=103381"},{"taxonomy":"tags","embeddable":true,"href":"https:\/\/egidimadeinitaly.com\/fr\/wp-json\/wp\/v2\/tags?post=103381"}],"curies":[{"name":"wp","href":"https:\/\/api.w.org\/{rel}","templated":true}]}}

<div class="wpb-content-wrapper"><p><strong>Adriana Pincherle</strong> (Rome 1905 – Florence 1996) est la sœur aînée de l’écrivain <em>Alberto Moravia</em>.</p>
<p>Après avoir terminé des études classiques, elle commence à fréquenter l’atelier « pour jeunes filles » du graveur Alfredo Petrucci, puis les cours de la « Scuola Libera del Nudo » à l’Académie des Beaux-arts de Rome, ce qui lui permet de connaître le milieu artistique romain.</p>
<p>Elle fait ses débuts artistiques en 1931, et son travail est immédiatement apprécié par l’historien de l’art <a href="https://egidimadeinitaly.com/fr/le-temps-du-caravage/">Roberto Longhi</a>.</p>
<p>Elle fréquente la « <a href="https://egidimadeinitaly.com/fr/ecole-romaine/">Scuola Romana</a> » et s’intéresse en particulier au mouvement impressionniste, à Henri Matisse et aux Fauves.</p>
<p>En tout état de cause, le fait d’avoir fait la connaissance du groupe «<em> I Sei di Torino</em> » (Boswell, Paulucci, Francesco Menzio, Galante, Levi, et Gigi Chessa) lui suggère de commencer la réélaboration de l’art français.</p>
<p>Adriana Pincherle expose à la galerie « <a href="https://egidimadeinitaly.com/fr/galleria-della-cometa/">La Cometa </a>» avec <a href="https://egidimadeinitaly.com/fr/katy-castellucci-lecole-romaine-et-au-dela/">Katy Castellucci</a>.</p>
<p>En raison des lois raciales imposées en Italie pendant la Seconde Guerre mondiale, elle doit se cacher pendant plusieurs années.</p>
<p>Dans les années 1940, elle s’installe à Florence avec son mari le peintre Onofrio Martinelli (1900-1966), où elle continue de travailler régulièrement et participe à plusieurs éditions de la Biennale de Venise et à de nombreuses expositions en Italie et à l’étranger.</p>
<p>En France, elle expose à la Galerie de la Jeune Europe, au 46 rue Vavin à Paris.[vc_row][vc_column width= »1/1&Prime;][vc_custom_heading uncode_shortcode_id= »181147&Prime;]</p>
<p style="text-align: center;">
<p>[/vc_custom_heading][/vc_column][/vc_row]</p>
</div>

<p>Adriana Pincherle est la sœur aînée de l’écrivain Alberto Moravia. Elle fait ses débuts artistiques en 1931, et son travail est immédiatement apprécié par l’historien de l’art Roberto Longhi.</p>

<!-- This site is optimized with the Yoast SEO Premium plugin v27.4 (Yoast SEO v27.5) - https://yoast.com/product/yoast-seo-premium-wordpress/ -->
<title>Adriana Pircherle - Egidi MadeinItaly</title>
<meta name="description" content="Elle fréquente la Scuola Romana et s’intéresse en particulier au mouvement impressionniste, à Henri Matisse et aux Fauves." />
<meta name="robots" content="index, follow, max-snippet:-1, max-image-preview:large, max-video-preview:-1" />
<link rel="canonical" href="https://egidimadeinitaly.com/fr/artistes/adriana-pircherle/" />
<meta property="og:locale" content="fr_FR" />
<meta property="og:type" content="article" />
<meta property="og:title" content="Adriana Pircherle" />
<meta property="og:description" content="Adriana Pincherle est la sœur aînée de l’écrivain Alberto Moravia. Elle fait ses débuts artistiques en 1931, et son travail est immédiatement apprécié par l’historien de l’art Roberto Longhi." />
<meta property="og:url" content="https://egidimadeinitaly.com/fr/artistes/adriana-pircherle/" />
<meta property="og:site_name" content="Egidi MadeinItaly" />
<meta property="article:publisher" content="https://www.facebook.com/egidimadeinitaly/" />
<meta property="article:modified_time" content="2026-02-26T15:39:33+00:00" />
<meta property="og:image" content="https://egidimadeinitaly.com/v25/wp-content/uploads/2021/08/F69A45D1-FB36-4224-82DE-929CDB6C5403-e1722605005912.jpeg" />
	<meta property="og:image:width" content="630" />
	<meta property="og:image:height" content="452" />
	<meta property="og:image:type" content="image/jpeg" />
<script type="application/ld+json" class="yoast-schema-graph">{"@context":"https:\/\/schema.org","@graph":[{"@type":"WebPage","@id":"https:\/\/egidimadeinitaly.com\/fr\/artisti\/adriana-pircherle\/","url":"https:\/\/egidimadeinitaly.com\/fr\/artistes\/adriana-pircherle\/","name":"Adriana Pircherle - Egidi MadeinItaly","isPartOf":{"@id":"https:\/\/egidimadeinitaly.com\/fr\/#website"},"primaryImageOfPage":{"@id":"https:\/\/egidimadeinitaly.com\/fr\/artistes\/adriana-pircherle\/#primaryimage"},"image":{"@id":"https:\/\/egidimadeinitaly.com\/fr\/artistes\/adriana-pircherle\/#primaryimage"},"thumbnailUrl":"https:\/\/egidimadeinitaly.com\/v25\/wp-content\/uploads\/2021\/08\/F69A45D1-FB36-4224-82DE-929CDB6C5403-e1722605005912.jpeg","datePublished":"2021-08-18T13:30:51+00:00","dateModified":"2026-02-26T15:39:33+00:00","description":"Elle fréquente la Scuola Romana et s’intéresse en particulier au mouvement impressionniste, à Henri Matisse et aux Fauves.","breadcrumb":{"@id":"https:\/\/egidimadeinitaly.com\/fr\/artistes\/adriana-pircherle\/#breadcrumb"},"inLanguage":"fr-FR","potentialAction":[{"@type":"ReadAction","target":["https:\/\/egidimadeinitaly.com\/fr\/artistes\/adriana-pircherle\/"]}]},{"@type":"ImageObject","inLanguage":"fr-FR","@id":"https:\/\/egidimadeinitaly.com\/fr\/artistes\/adriana-pircherle\/#primaryimage","url":"https:\/\/egidimadeinitaly.com\/v25\/wp-content\/uploads\/2021\/08\/F69A45D1-FB36-4224-82DE-929CDB6C5403-e1722605005912.jpeg","contentUrl":"https:\/\/egidimadeinitaly.com\/v25\/wp-content\/uploads\/2021\/08\/F69A45D1-FB36-4224-82DE-929CDB6C5403-e1722605005912.jpeg","width":630,"height":452,"caption":"Adriana Pincherle"},{"@type":"BreadcrumbList","@id":"https:\/\/egidimadeinitaly.com\/fr\/artistes\/adriana-pircherle\/#breadcrumb","itemListElement":[{"@type":"ListItem","position":1,"name":"Home","item":"https:\/\/egidimadeinitaly.com\/fr\/"},{"@type":"ListItem","position":2,"name":"Adriana Pircherle"}]},{"@type":"WebSite","@id":"https:\/\/egidimadeinitaly.com\/fr\/#website","url":"https:\/\/egidimadeinitaly.com\/fr\/","name":"Egidi MadeinItaly","description":"Fine Art","potentialAction":[{"@type":"SearchAction","target":{"@type":"EntryPoint","urlTemplate":"https:\/\/egidimadeinitaly.com\/fr\/?s={search_term_string}"},"query-input":{"@type":"PropertyValueSpecification","valueRequired":true,"valueName":"search_term_string"}}],"inLanguage":"fr-FR"}]}</script>
<!-- / Yoast SEO Premium plugin. -->

Elle fréquente la Scuola Romana et s’intéresse en particulier au mouvement impressionniste, à Henri Matisse et aux Fauves.

Adriana Pincherle est la sœur aînée de l’écrivain Alberto Moravia. Elle fait ses débuts artistiques en 1931, et son travail est immédiatement apprécié par l’historien de l’art Roberto Longhi.
