{"id":101837,"date":"2021-07-22T15:31:22","date_gmt":"2021-07-22T14:31:22","guid":{"rendered":"http:\/\/egidimadeinitaly.demonewlogic.it\/?post_type=artisti&#038;p=101837"},"modified":"2025-08-25T10:57:54","modified_gmt":"2025-08-25T09:57:54","slug":"isa-bergamo","status":"publish","type":"artisti","link":"https:\/\/egidimadeinitaly.com\/fr\/artisti\/isa-bergamo\/","title":{"rendered":"ISA Bergamo"},"content":{"rendered":"<h1>Isa Bergamo<\/h1>\n<p>L&rsquo;usine I.S.A. (Industria Salotti e Arredamenti), \u00e9galement connue sous le nom de ISA, ISA Bergamo et ISA Italia, a \u00e9t\u00e9 fond\u00e9e \u00e0 la fin des ann\u00e9es 1940 pr\u00e8s de Bergame, \u00e0 Ponte San Pietro.<\/p>\n<p>Elle a produit une s\u00e9rie de mod\u00e8les remarquables con\u00e7us par <a href=\"https:\/\/egidimadeinitaly.com\/fr\/gio-ponti-le-genie-italien\/\">Gio Ponti<\/a> et par <a href=\"https:\/\/egidimadeinitaly.com\/fr\/artistes\/ico-parisi\/\">Ico et Luisa Parisi<\/a>.<\/p>\n<p>Elle a fabriqu\u00e9 des mod\u00e8les de meubles et de si\u00e8ges pour Veronesi, Fiori et Morelli.<\/p>\n<p>Dans les ann\u00e9es 1960, il avait un d\u00e9partement qui produisait des meubles pour le march\u00e9 am\u00e9ricain.<\/p>\n<p>Au cours de cette p\u00e9riode, il a acquis la licence de production de la c\u00e9l\u00e8bre chaise Sheriff de l&rsquo;architecte br\u00e9silien Sergio Rodrigues.<\/p>\n<p>Il est int\u00e9ressant de lire la biographie de Tino Sana intitul\u00e9e \u00ab\u00a0L&rsquo;orphelin qui savait r\u00eaver\u00a0\u00bb o\u00f9, dans un chapitre, il raconte son exp\u00e9rience d&rsquo;ouvrier qualifi\u00e9 chez ISA pendant les ann\u00e9es du boom \u00e9conomique.<\/p>\n<p style=\"text-align: center;\">\n","protected":false},"excerpt":{"rendered":"<p> ISA Bergamo a produit une s\u00e9rie de mod\u00e8les remarquables con\u00e7us par Gio Ponti et par Ico et Luisa Parisi.<\/p>\n","protected":false},"featured_media":101058,"parent":0,"template":"","format":"standard","meta":{"_acf_changed":false},"tags":[6506],"class_list":["post-101837","artisti","type-artisti","status-publish","format-standard","has-post-thumbnail","hentry","tags-b"],"acf":[],"yoast_head":"<!-- This site is optimized with the Yoast SEO Premium plugin v27.4 (Yoast SEO v27.5) - https:\/\/yoast.com\/product\/yoast-seo-premium-wordpress\/ -->\n<title>ISA Bergamo - Egidi MadeinItaly<\/title>\n<meta name=\"description\" content=\"Les canap\u00e9s et fauteuils ISA Bergamo sont tr\u00e8s recherch\u00e9s par les grands d\u00e9corateurs internationaux. Venez lire la bio.\" \/>\n<meta name=\"robots\" content=\"index, follow, max-snippet:-1, max-image-preview:large, max-video-preview:-1\" \/>\n<link rel=\"canonical\" href=\"https:\/\/egidimadeinitaly.com\/fr\/artistes\/isa-bergamo\/\" \/>\n<meta property=\"og:locale\" content=\"fr_FR\" \/>\n<meta property=\"og:type\" content=\"article\" \/>\n<meta property=\"og:title\" content=\"ISA Bergamo\" \/>\n<meta property=\"og:description\" content=\"ISA Bergamo a produit une s\u00e9rie de mod\u00e8les remarquables con\u00e7us par Gio Ponti et par Ico et Luisa Parisi.\" \/>\n<meta property=\"og:url\" content=\"https:\/\/egidimadeinitaly.com\/fr\/artistes\/isa-bergamo\/\" \/>\n<meta property=\"og:site_name\" content=\"Egidi MadeinItaly\" \/>\n<meta property=\"article:publisher\" content=\"https:\/\/www.facebook.com\/egidimadeinitaly\/\" \/>\n<meta property=\"article:modified_time\" content=\"2025-08-25T09:57:54+00:00\" \/>\n<meta property=\"og:image\" content=\"https:\/\/egidimadeinitaly.com\/v25\/wp-content\/uploads\/2021\/06\/4D8860BD-75A6-49B8-B769-5531F6D52FC9-scaled-e1718102560363.jpeg\" \/>\n\t<meta property=\"og:image:width\" content=\"800\" \/>\n\t<meta property=\"og:image:height\" content=\"600\" \/>\n\t<meta property=\"og:image:type\" content=\"image\/jpeg\" \/>\n<script type=\"application\/ld+json\" class=\"yoast-schema-graph\">{\"@context\":\"https:\\\/\\\/schema.org\",\"@graph\":[{\"@type\":\"WebPage\",\"@id\":\"https:\\\/\\\/egidimadeinitaly.com\\\/fr\\\/artisti\\\/isa-bergamo\\\/\",\"url\":\"https:\\\/\\\/egidimadeinitaly.com\\\/fr\\\/artistes\\\/isa-bergamo\\\/\",\"name\":\"ISA Bergamo - Egidi MadeinItaly\",\"isPartOf\":{\"@id\":\"https:\\\/\\\/egidimadeinitaly.com\\\/fr\\\/#website\"},\"primaryImageOfPage\":{\"@id\":\"https:\\\/\\\/egidimadeinitaly.com\\\/fr\\\/artistes\\\/isa-bergamo\\\/#primaryimage\"},\"image\":{\"@id\":\"https:\\\/\\\/egidimadeinitaly.com\\\/fr\\\/artistes\\\/isa-bergamo\\\/#primaryimage\"},\"thumbnailUrl\":\"https:\\\/\\\/egidimadeinitaly.com\\\/v25\\\/wp-content\\\/uploads\\\/2021\\\/06\\\/4D8860BD-75A6-49B8-B769-5531F6D52FC9-scaled-e1718102560363.jpeg\",\"datePublished\":\"2021-07-22T14:31:22+00:00\",\"dateModified\":\"2025-08-25T09:57:54+00:00\",\"description\":\"Les canap\u00e9s et fauteuils ISA Bergamo sont tr\u00e8s recherch\u00e9s par les grands d\u00e9corateurs internationaux. Venez lire la bio.\",\"breadcrumb\":{\"@id\":\"https:\\\/\\\/egidimadeinitaly.com\\\/fr\\\/artistes\\\/isa-bergamo\\\/#breadcrumb\"},\"inLanguage\":\"fr-FR\",\"potentialAction\":[{\"@type\":\"ReadAction\",\"target\":[\"https:\\\/\\\/egidimadeinitaly.com\\\/fr\\\/artistes\\\/isa-bergamo\\\/\"]}]},{\"@type\":\"ImageObject\",\"inLanguage\":\"fr-FR\",\"@id\":\"https:\\\/\\\/egidimadeinitaly.com\\\/fr\\\/artistes\\\/isa-bergamo\\\/#primaryimage\",\"url\":\"https:\\\/\\\/egidimadeinitaly.com\\\/v25\\\/wp-content\\\/uploads\\\/2021\\\/06\\\/4D8860BD-75A6-49B8-B769-5531F6D52FC9-scaled-e1718102560363.jpeg\",\"contentUrl\":\"https:\\\/\\\/egidimadeinitaly.com\\\/v25\\\/wp-content\\\/uploads\\\/2021\\\/06\\\/4D8860BD-75A6-49B8-B769-5531F6D52FC9-scaled-e1718102560363.jpeg\",\"width\":800,\"height\":600,\"caption\":\"\u00c9tiquette originale Isa Bergamo et Ico Parisi\"},{\"@type\":\"BreadcrumbList\",\"@id\":\"https:\\\/\\\/egidimadeinitaly.com\\\/fr\\\/artistes\\\/isa-bergamo\\\/#breadcrumb\",\"itemListElement\":[{\"@type\":\"ListItem\",\"position\":1,\"name\":\"Home\",\"item\":\"https:\\\/\\\/egidimadeinitaly.com\\\/fr\\\/\"},{\"@type\":\"ListItem\",\"position\":2,\"name\":\"ISA Bergamo\"}]},{\"@type\":\"WebSite\",\"@id\":\"https:\\\/\\\/egidimadeinitaly.com\\\/fr\\\/#website\",\"url\":\"https:\\\/\\\/egidimadeinitaly.com\\\/fr\\\/\",\"name\":\"Egidi MadeinItaly\",\"description\":\"Fine Art\",\"potentialAction\":[{\"@type\":\"SearchAction\",\"target\":{\"@type\":\"EntryPoint\",\"urlTemplate\":\"https:\\\/\\\/egidimadeinitaly.com\\\/fr\\\/?s={search_term_string}\"},\"query-input\":{\"@type\":\"PropertyValueSpecification\",\"valueRequired\":true,\"valueName\":\"search_term_string\"}}],\"inLanguage\":\"fr-FR\"}]}<\/script>\n<!-- \/ Yoast SEO Premium plugin. -->","yoast_head_json":{"title":"ISA Bergamo - Egidi MadeinItaly","description":"Les canap\u00e9s et fauteuils ISA Bergamo sont tr\u00e8s recherch\u00e9s par les grands d\u00e9corateurs internationaux. Venez lire la bio.","robots":{"index":"index","follow":"follow","max-snippet":"max-snippet:-1","max-image-preview":"max-image-preview:large","max-video-preview":"max-video-preview:-1"},"canonical":"https:\/\/egidimadeinitaly.com\/fr\/artistes\/isa-bergamo\/","og_locale":"fr_FR","og_type":"article","og_title":"ISA Bergamo","og_description":"ISA Bergamo a produit une s\u00e9rie de mod\u00e8les remarquables con\u00e7us par Gio Ponti et par Ico et Luisa Parisi.","og_url":"https:\/\/egidimadeinitaly.com\/fr\/artistes\/isa-bergamo\/","og_site_name":"Egidi MadeinItaly","article_publisher":"https:\/\/www.facebook.com\/egidimadeinitaly\/","article_modified_time":"2025-08-25T09:57:54+00:00","og_image":[{"width":800,"height":600,"url":"https:\/\/egidimadeinitaly.com\/v25\/wp-content\/uploads\/2021\/06\/4D8860BD-75A6-49B8-B769-5531F6D52FC9-scaled-e1718102560363.jpeg","type":"image\/jpeg"}],"schema":{"@context":"https:\/\/schema.org","@graph":[{"@type":"WebPage","@id":"https:\/\/egidimadeinitaly.com\/fr\/artisti\/isa-bergamo\/","url":"https:\/\/egidimadeinitaly.com\/fr\/artistes\/isa-bergamo\/","name":"ISA Bergamo - Egidi MadeinItaly","isPartOf":{"@id":"https:\/\/egidimadeinitaly.com\/fr\/#website"},"primaryImageOfPage":{"@id":"https:\/\/egidimadeinitaly.com\/fr\/artistes\/isa-bergamo\/#primaryimage"},"image":{"@id":"https:\/\/egidimadeinitaly.com\/fr\/artistes\/isa-bergamo\/#primaryimage"},"thumbnailUrl":"https:\/\/egidimadeinitaly.com\/v25\/wp-content\/uploads\/2021\/06\/4D8860BD-75A6-49B8-B769-5531F6D52FC9-scaled-e1718102560363.jpeg","datePublished":"2021-07-22T14:31:22+00:00","dateModified":"2025-08-25T09:57:54+00:00","description":"Les canap\u00e9s et fauteuils ISA Bergamo sont tr\u00e8s recherch\u00e9s par les grands d\u00e9corateurs internationaux. Venez lire la bio.","breadcrumb":{"@id":"https:\/\/egidimadeinitaly.com\/fr\/artistes\/isa-bergamo\/#breadcrumb"},"inLanguage":"fr-FR","potentialAction":[{"@type":"ReadAction","target":["https:\/\/egidimadeinitaly.com\/fr\/artistes\/isa-bergamo\/"]}]},{"@type":"ImageObject","inLanguage":"fr-FR","@id":"https:\/\/egidimadeinitaly.com\/fr\/artistes\/isa-bergamo\/#primaryimage","url":"https:\/\/egidimadeinitaly.com\/v25\/wp-content\/uploads\/2021\/06\/4D8860BD-75A6-49B8-B769-5531F6D52FC9-scaled-e1718102560363.jpeg","contentUrl":"https:\/\/egidimadeinitaly.com\/v25\/wp-content\/uploads\/2021\/06\/4D8860BD-75A6-49B8-B769-5531F6D52FC9-scaled-e1718102560363.jpeg","width":800,"height":600,"caption":"\u00c9tiquette originale Isa Bergamo et Ico Parisi"},{"@type":"BreadcrumbList","@id":"https:\/\/egidimadeinitaly.com\/fr\/artistes\/isa-bergamo\/#breadcrumb","itemListElement":[{"@type":"ListItem","position":1,"name":"Home","item":"https:\/\/egidimadeinitaly.com\/fr\/"},{"@type":"ListItem","position":2,"name":"ISA Bergamo"}]},{"@type":"WebSite","@id":"https:\/\/egidimadeinitaly.com\/fr\/#website","url":"https:\/\/egidimadeinitaly.com\/fr\/","name":"Egidi MadeinItaly","description":"Fine Art","potentialAction":[{"@type":"SearchAction","target":{"@type":"EntryPoint","urlTemplate":"https:\/\/egidimadeinitaly.com\/fr\/?s={search_term_string}"},"query-input":{"@type":"PropertyValueSpecification","valueRequired":true,"valueName":"search_term_string"}}],"inLanguage":"fr-FR"}]}},"_links":{"self":[{"href":"https:\/\/egidimadeinitaly.com\/fr\/wp-json\/wp\/v2\/artisti\/101837","targetHints":{"allow":["GET"]}}],"collection":[{"href":"https:\/\/egidimadeinitaly.com\/fr\/wp-json\/wp\/v2\/artisti"}],"about":[{"href":"https:\/\/egidimadeinitaly.com\/fr\/wp-json\/wp\/v2\/types\/artisti"}],"wp:featuredmedia":[{"embeddable":true,"href":"https:\/\/egidimadeinitaly.com\/fr\/wp-json\/wp\/v2\/media\/101058"}],"wp:attachment":[{"href":"https:\/\/egidimadeinitaly.com\/fr\/wp-json\/wp\/v2\/media?parent=101837"}],"wp:term":[{"taxonomy":"post_tag","embeddable":true,"href":"https:\/\/egidimadeinitaly.com\/fr\/wp-json\/wp\/v2\/tags?post=101837"},{"taxonomy":"tags","embeddable":true,"href":"https:\/\/egidimadeinitaly.com\/fr\/wp-json\/wp\/v2\/tags?post=101837"}],"curies":[{"name":"wp","href":"https:\/\/api.w.org\/{rel}","templated":true}]}}

<h1>Isa Bergamo</h1>
<p>L&rsquo;usine I.S.A. (Industria Salotti e Arredamenti), également connue sous le nom de ISA, ISA Bergamo et ISA Italia, a été fondée à la fin des années 1940 près de Bergame, à Ponte San Pietro.</p>
<p>Elle a produit une série de modèles remarquables conçus par <a href="https://egidimadeinitaly.com/fr/gio-ponti-le-genie-italien/">Gio Ponti</a> et par <a href="https://egidimadeinitaly.com/fr/artistes/ico-parisi/">Ico et Luisa Parisi</a>.</p>
<p>Elle a fabriqué des modèles de meubles et de sièges pour Veronesi, Fiori et Morelli.</p>
<p>Dans les années 1960, il avait un département qui produisait des meubles pour le marché américain.</p>
<p>Au cours de cette période, il a acquis la licence de production de la célèbre chaise Sheriff de l&rsquo;architecte brésilien Sergio Rodrigues.</p>
<p>Il est intéressant de lire la biographie de Tino Sana intitulée « L&rsquo;orphelin qui savait rêver » où, dans un chapitre, il raconte son expérience d&rsquo;ouvrier qualifié chez ISA pendant les années du boom économique.</p>
<p style="text-align: center;">

<p> ISA Bergamo a produit une série de modèles remarquables conçus par Gio Ponti et par Ico et Luisa Parisi.</p>

<!-- This site is optimized with the Yoast SEO Premium plugin v27.4 (Yoast SEO v27.5) - https://yoast.com/product/yoast-seo-premium-wordpress/ -->
<title>ISA Bergamo - Egidi MadeinItaly</title>
<meta name="description" content="Les canapés et fauteuils ISA Bergamo sont très recherchés par les grands décorateurs internationaux. Venez lire la bio." />
<meta name="robots" content="index, follow, max-snippet:-1, max-image-preview:large, max-video-preview:-1" />
<link rel="canonical" href="https://egidimadeinitaly.com/fr/artistes/isa-bergamo/" />
<meta property="og:locale" content="fr_FR" />
<meta property="og:type" content="article" />
<meta property="og:title" content="ISA Bergamo" />
<meta property="og:description" content="ISA Bergamo a produit une série de modèles remarquables conçus par Gio Ponti et par Ico et Luisa Parisi." />
<meta property="og:url" content="https://egidimadeinitaly.com/fr/artistes/isa-bergamo/" />
<meta property="og:site_name" content="Egidi MadeinItaly" />
<meta property="article:publisher" content="https://www.facebook.com/egidimadeinitaly/" />
<meta property="article:modified_time" content="2025-08-25T09:57:54+00:00" />
<meta property="og:image" content="https://egidimadeinitaly.com/v25/wp-content/uploads/2021/06/4D8860BD-75A6-49B8-B769-5531F6D52FC9-scaled-e1718102560363.jpeg" />
	<meta property="og:image:width" content="800" />
	<meta property="og:image:height" content="600" />
	<meta property="og:image:type" content="image/jpeg" />
<script type="application/ld+json" class="yoast-schema-graph">{"@context":"https:\/\/schema.org","@graph":[{"@type":"WebPage","@id":"https:\/\/egidimadeinitaly.com\/fr\/artisti\/isa-bergamo\/","url":"https:\/\/egidimadeinitaly.com\/fr\/artistes\/isa-bergamo\/","name":"ISA Bergamo - Egidi MadeinItaly","isPartOf":{"@id":"https:\/\/egidimadeinitaly.com\/fr\/#website"},"primaryImageOfPage":{"@id":"https:\/\/egidimadeinitaly.com\/fr\/artistes\/isa-bergamo\/#primaryimage"},"image":{"@id":"https:\/\/egidimadeinitaly.com\/fr\/artistes\/isa-bergamo\/#primaryimage"},"thumbnailUrl":"https:\/\/egidimadeinitaly.com\/v25\/wp-content\/uploads\/2021\/06\/4D8860BD-75A6-49B8-B769-5531F6D52FC9-scaled-e1718102560363.jpeg","datePublished":"2021-07-22T14:31:22+00:00","dateModified":"2025-08-25T09:57:54+00:00","description":"Les canapés et fauteuils ISA Bergamo sont très recherchés par les grands décorateurs internationaux. Venez lire la bio.","breadcrumb":{"@id":"https:\/\/egidimadeinitaly.com\/fr\/artistes\/isa-bergamo\/#breadcrumb"},"inLanguage":"fr-FR","potentialAction":[{"@type":"ReadAction","target":["https:\/\/egidimadeinitaly.com\/fr\/artistes\/isa-bergamo\/"]}]},{"@type":"ImageObject","inLanguage":"fr-FR","@id":"https:\/\/egidimadeinitaly.com\/fr\/artistes\/isa-bergamo\/#primaryimage","url":"https:\/\/egidimadeinitaly.com\/v25\/wp-content\/uploads\/2021\/06\/4D8860BD-75A6-49B8-B769-5531F6D52FC9-scaled-e1718102560363.jpeg","contentUrl":"https:\/\/egidimadeinitaly.com\/v25\/wp-content\/uploads\/2021\/06\/4D8860BD-75A6-49B8-B769-5531F6D52FC9-scaled-e1718102560363.jpeg","width":800,"height":600,"caption":"Étiquette originale Isa Bergamo et Ico Parisi"},{"@type":"BreadcrumbList","@id":"https:\/\/egidimadeinitaly.com\/fr\/artistes\/isa-bergamo\/#breadcrumb","itemListElement":[{"@type":"ListItem","position":1,"name":"Home","item":"https:\/\/egidimadeinitaly.com\/fr\/"},{"@type":"ListItem","position":2,"name":"ISA Bergamo"}]},{"@type":"WebSite","@id":"https:\/\/egidimadeinitaly.com\/fr\/#website","url":"https:\/\/egidimadeinitaly.com\/fr\/","name":"Egidi MadeinItaly","description":"Fine Art","potentialAction":[{"@type":"SearchAction","target":{"@type":"EntryPoint","urlTemplate":"https:\/\/egidimadeinitaly.com\/fr\/?s={search_term_string}"},"query-input":{"@type":"PropertyValueSpecification","valueRequired":true,"valueName":"search_term_string"}}],"inLanguage":"fr-FR"}]}</script>
<!-- / Yoast SEO Premium plugin. -->

Les canapés et fauteuils ISA Bergamo sont très recherchés par les grands décorateurs internationaux. Venez lire la bio.

ISA Bergamo a produit une série de modèles remarquables conçus par Gio Ponti et par Ico et Luisa Parisi.

Étiquette originale Isa Bergamo et Ico Parisi
