{"id":101581,"date":"2021-07-13T15:34:38","date_gmt":"2021-07-13T14:34:38","guid":{"rendered":"http:\/\/egidimadeinitaly.demonewlogic.it\/?post_type=artisti&#038;p=101581"},"modified":"2025-03-02T10:27:01","modified_gmt":"2025-03-02T09:27:01","slug":"kaare-klint","status":"publish","type":"artisti","link":"https:\/\/egidimadeinitaly.com\/fr\/artisti\/kaare-klint\/","title":{"rendered":"Kaare Klint"},"content":{"rendered":"<p>Kaare Klint est n\u00e9 au Danemark en 1888 et a \u00e9t\u00e9 l&rsquo;un des plus importants architectes et designers de meubles scandinaves. Son fr\u00e8re Tage a fond\u00e9 la prestigieuse marque familiale \u00ab\u00a0<a href=\"https:\/\/egidimadeinitaly.com\/ecomsite\/fr\/produit\/design-fr\/luminaires-fr-2\/lustres-fr\/lustre-danois-annees-80-le-klint\/\">Le Klint<\/a>\u00a0\u00bb en 1943 et a \u00e9t\u00e9 \u00e9galement professeur d&rsquo;architecture. Il a collabor\u00e9 avec son coll\u00e8gue Rasmussens Snedkeri qui partageait avec lui une passion pour le style dit \u00a0du r\u00e9alisme classique, et ensemble ils ont produit une ligne de mobilier haut de gamme. On peut ais\u00e9ment affirmer que Kaare Klint \u00a0a \u00e9t\u00e9 le p\u00e8re du design scandinave. La preuve en est que ses nombreux projets de mobilier embl\u00e9matiques sont expos\u00e9s dans les meilleurs mus\u00e9es du monde: par exemple l\u2019<em>iconique si\u00e8ge<\/em> de fen\u00eatre au <a href=\"https:\/\/www.faaborgmuseum.dk\/udforsk-kunsten\/kaare-klints-mobler\/\">Faaborg Museum<\/a> en 1914. En 1930, il a con\u00e7u son chef-d&rsquo;\u0153uvre \u00e0 Copenhague, l&rsquo;ic\u00f4ne \u00ab\u00a0Safari Chair\u00a0\u00bb con\u00e7ue pour l&rsquo;\u00e9glise locale de Bethl\u00e9em.<\/p>\n","protected":false},"excerpt":{"rendered":"<p>Kaare Klint Designer scandinave<\/p>\n","protected":false},"featured_media":92632,"parent":0,"template":"","format":"standard","meta":{"_acf_changed":false},"tags":[6524],"class_list":["post-101581","artisti","type-artisti","status-publish","format-standard","has-post-thumbnail","hentry","tags-k"],"acf":[],"yoast_head":"<!-- This site is optimized with the Yoast SEO Premium plugin v27.4 (Yoast SEO v27.5) - https:\/\/yoast.com\/product\/yoast-seo-premium-wordpress\/ -->\n<title>Kaare Klint - Egidi MadeinItaly<\/title>\n<meta name=\"description\" content=\"Kaare Klint grand architecte danois p\u00e8re du design scandinave du vingti\u00e8me si\u00e8cle. Lustres exclusifs ici sur Egidi MadeinItaly\" \/>\n<meta name=\"robots\" content=\"index, follow, max-snippet:-1, max-image-preview:large, max-video-preview:-1\" \/>\n<link rel=\"canonical\" href=\"https:\/\/egidimadeinitaly.com\/fr\/artisti\/kaare-klint\/\" \/>\n<meta property=\"og:locale\" content=\"fr_FR\" \/>\n<meta property=\"og:type\" content=\"article\" \/>\n<meta property=\"og:title\" content=\"Kaare Klint\" \/>\n<meta property=\"og:description\" content=\"Kaare Klint Designer scandinave\" \/>\n<meta property=\"og:url\" content=\"https:\/\/egidimadeinitaly.com\/fr\/artisti\/kaare-klint\/\" \/>\n<meta property=\"og:site_name\" content=\"Egidi MadeinItaly\" \/>\n<meta property=\"article:publisher\" content=\"https:\/\/www.facebook.com\/egidimadeinitaly\/\" \/>\n<meta property=\"article:modified_time\" content=\"2025-03-02T09:27:01+00:00\" \/>\n<meta property=\"og:image\" content=\"https:\/\/egidimadeinitaly.com\/wp-content\/uploads\/2020\/09\/4BA1C1FC-425C-4856-8C8C-03C3EB417C06-scaled-e1723399251832.jpeg\" \/>\n\t<meta property=\"og:image:width\" content=\"2560\" \/>\n\t<meta property=\"og:image:height\" content=\"1709\" \/>\n\t<meta property=\"og:image:type\" content=\"image\/jpeg\" \/>\n<script type=\"application\/ld+json\" class=\"yoast-schema-graph\">{\"@context\":\"https:\\\/\\\/schema.org\",\"@graph\":[{\"@type\":\"WebPage\",\"@id\":\"https:\\\/\\\/egidimadeinitaly.com\\\/fr\\\/artisti\\\/kaare-klint\\\/\",\"url\":\"https:\\\/\\\/egidimadeinitaly.com\\\/fr\\\/artisti\\\/kaare-klint\\\/\",\"name\":\"Kaare Klint - Egidi MadeinItaly\",\"isPartOf\":{\"@id\":\"https:\\\/\\\/egidimadeinitaly.com\\\/fr\\\/#website\"},\"primaryImageOfPage\":{\"@id\":\"https:\\\/\\\/egidimadeinitaly.com\\\/fr\\\/artisti\\\/kaare-klint\\\/#primaryimage\"},\"image\":{\"@id\":\"https:\\\/\\\/egidimadeinitaly.com\\\/fr\\\/artisti\\\/kaare-klint\\\/#primaryimage\"},\"thumbnailUrl\":\"https:\\\/\\\/egidimadeinitaly.com\\\/v25\\\/wp-content\\\/uploads\\\/2020\\\/09\\\/4BA1C1FC-425C-4856-8C8C-03C3EB417C06-scaled-e1723399251832.jpeg\",\"datePublished\":\"2021-07-13T14:34:38+00:00\",\"dateModified\":\"2025-03-02T09:27:01+00:00\",\"description\":\"Kaare Klint grand architecte danois p\u00e8re du design scandinave du vingti\u00e8me si\u00e8cle. Lustres exclusifs ici sur Egidi MadeinItaly\",\"breadcrumb\":{\"@id\":\"https:\\\/\\\/egidimadeinitaly.com\\\/fr\\\/artisti\\\/kaare-klint\\\/#breadcrumb\"},\"inLanguage\":\"fr-FR\",\"potentialAction\":[{\"@type\":\"ReadAction\",\"target\":[\"https:\\\/\\\/egidimadeinitaly.com\\\/fr\\\/artisti\\\/kaare-klint\\\/\"]}]},{\"@type\":\"ImageObject\",\"inLanguage\":\"fr-FR\",\"@id\":\"https:\\\/\\\/egidimadeinitaly.com\\\/fr\\\/artisti\\\/kaare-klint\\\/#primaryimage\",\"url\":\"https:\\\/\\\/egidimadeinitaly.com\\\/v25\\\/wp-content\\\/uploads\\\/2020\\\/09\\\/4BA1C1FC-425C-4856-8C8C-03C3EB417C06-scaled-e1723399251832.jpeg\",\"contentUrl\":\"https:\\\/\\\/egidimadeinitaly.com\\\/v25\\\/wp-content\\\/uploads\\\/2020\\\/09\\\/4BA1C1FC-425C-4856-8C8C-03C3EB417C06-scaled-e1723399251832.jpeg\",\"width\":2560,\"height\":1709,\"caption\":\"Lustre Scandinave \u00c9clair\u00e9 Anne\u00e9s 80 Le Klint\"},{\"@type\":\"BreadcrumbList\",\"@id\":\"https:\\\/\\\/egidimadeinitaly.com\\\/fr\\\/artisti\\\/kaare-klint\\\/#breadcrumb\",\"itemListElement\":[{\"@type\":\"ListItem\",\"position\":1,\"name\":\"Home\",\"item\":\"https:\\\/\\\/egidimadeinitaly.com\\\/fr\\\/\"},{\"@type\":\"ListItem\",\"position\":2,\"name\":\"Kaare Klint\"}]},{\"@type\":\"WebSite\",\"@id\":\"https:\\\/\\\/egidimadeinitaly.com\\\/fr\\\/#website\",\"url\":\"https:\\\/\\\/egidimadeinitaly.com\\\/fr\\\/\",\"name\":\"Egidi MadeinItaly\",\"description\":\"Fine Art\",\"potentialAction\":[{\"@type\":\"SearchAction\",\"target\":{\"@type\":\"EntryPoint\",\"urlTemplate\":\"https:\\\/\\\/egidimadeinitaly.com\\\/fr\\\/?s={search_term_string}\"},\"query-input\":{\"@type\":\"PropertyValueSpecification\",\"valueRequired\":true,\"valueName\":\"search_term_string\"}}],\"inLanguage\":\"fr-FR\"}]}<\/script>\n<!-- \/ Yoast SEO Premium plugin. -->","yoast_head_json":{"title":"Kaare Klint - Egidi MadeinItaly","description":"Kaare Klint grand architecte danois p\u00e8re du design scandinave du vingti\u00e8me si\u00e8cle. Lustres exclusifs ici sur Egidi MadeinItaly","robots":{"index":"index","follow":"follow","max-snippet":"max-snippet:-1","max-image-preview":"max-image-preview:large","max-video-preview":"max-video-preview:-1"},"canonical":"https:\/\/egidimadeinitaly.com\/fr\/artisti\/kaare-klint\/","og_locale":"fr_FR","og_type":"article","og_title":"Kaare Klint","og_description":"Kaare Klint Designer scandinave","og_url":"https:\/\/egidimadeinitaly.com\/fr\/artisti\/kaare-klint\/","og_site_name":"Egidi MadeinItaly","article_publisher":"https:\/\/www.facebook.com\/egidimadeinitaly\/","article_modified_time":"2025-03-02T09:27:01+00:00","og_image":[{"width":2560,"height":1709,"url":"https:\/\/egidimadeinitaly.com\/wp-content\/uploads\/2020\/09\/4BA1C1FC-425C-4856-8C8C-03C3EB417C06-scaled-e1723399251832.jpeg","type":"image\/jpeg"}],"schema":{"@context":"https:\/\/schema.org","@graph":[{"@type":"WebPage","@id":"https:\/\/egidimadeinitaly.com\/fr\/artisti\/kaare-klint\/","url":"https:\/\/egidimadeinitaly.com\/fr\/artisti\/kaare-klint\/","name":"Kaare Klint - Egidi MadeinItaly","isPartOf":{"@id":"https:\/\/egidimadeinitaly.com\/fr\/#website"},"primaryImageOfPage":{"@id":"https:\/\/egidimadeinitaly.com\/fr\/artisti\/kaare-klint\/#primaryimage"},"image":{"@id":"https:\/\/egidimadeinitaly.com\/fr\/artisti\/kaare-klint\/#primaryimage"},"thumbnailUrl":"https:\/\/egidimadeinitaly.com\/v25\/wp-content\/uploads\/2020\/09\/4BA1C1FC-425C-4856-8C8C-03C3EB417C06-scaled-e1723399251832.jpeg","datePublished":"2021-07-13T14:34:38+00:00","dateModified":"2025-03-02T09:27:01+00:00","description":"Kaare Klint grand architecte danois p\u00e8re du design scandinave du vingti\u00e8me si\u00e8cle. Lustres exclusifs ici sur Egidi MadeinItaly","breadcrumb":{"@id":"https:\/\/egidimadeinitaly.com\/fr\/artisti\/kaare-klint\/#breadcrumb"},"inLanguage":"fr-FR","potentialAction":[{"@type":"ReadAction","target":["https:\/\/egidimadeinitaly.com\/fr\/artisti\/kaare-klint\/"]}]},{"@type":"ImageObject","inLanguage":"fr-FR","@id":"https:\/\/egidimadeinitaly.com\/fr\/artisti\/kaare-klint\/#primaryimage","url":"https:\/\/egidimadeinitaly.com\/v25\/wp-content\/uploads\/2020\/09\/4BA1C1FC-425C-4856-8C8C-03C3EB417C06-scaled-e1723399251832.jpeg","contentUrl":"https:\/\/egidimadeinitaly.com\/v25\/wp-content\/uploads\/2020\/09\/4BA1C1FC-425C-4856-8C8C-03C3EB417C06-scaled-e1723399251832.jpeg","width":2560,"height":1709,"caption":"Lustre Scandinave \u00c9clair\u00e9 Anne\u00e9s 80 Le Klint"},{"@type":"BreadcrumbList","@id":"https:\/\/egidimadeinitaly.com\/fr\/artisti\/kaare-klint\/#breadcrumb","itemListElement":[{"@type":"ListItem","position":1,"name":"Home","item":"https:\/\/egidimadeinitaly.com\/fr\/"},{"@type":"ListItem","position":2,"name":"Kaare Klint"}]},{"@type":"WebSite","@id":"https:\/\/egidimadeinitaly.com\/fr\/#website","url":"https:\/\/egidimadeinitaly.com\/fr\/","name":"Egidi MadeinItaly","description":"Fine Art","potentialAction":[{"@type":"SearchAction","target":{"@type":"EntryPoint","urlTemplate":"https:\/\/egidimadeinitaly.com\/fr\/?s={search_term_string}"},"query-input":{"@type":"PropertyValueSpecification","valueRequired":true,"valueName":"search_term_string"}}],"inLanguage":"fr-FR"}]}},"_links":{"self":[{"href":"https:\/\/egidimadeinitaly.com\/fr\/wp-json\/wp\/v2\/artisti\/101581","targetHints":{"allow":["GET"]}}],"collection":[{"href":"https:\/\/egidimadeinitaly.com\/fr\/wp-json\/wp\/v2\/artisti"}],"about":[{"href":"https:\/\/egidimadeinitaly.com\/fr\/wp-json\/wp\/v2\/types\/artisti"}],"wp:featuredmedia":[{"embeddable":true,"href":"https:\/\/egidimadeinitaly.com\/fr\/wp-json\/wp\/v2\/media\/92632"}],"wp:attachment":[{"href":"https:\/\/egidimadeinitaly.com\/fr\/wp-json\/wp\/v2\/media?parent=101581"}],"wp:term":[{"taxonomy":"post_tag","embeddable":true,"href":"https:\/\/egidimadeinitaly.com\/fr\/wp-json\/wp\/v2\/tags?post=101581"},{"taxonomy":"tags","embeddable":true,"href":"https:\/\/egidimadeinitaly.com\/fr\/wp-json\/wp\/v2\/tags?post=101581"}],"curies":[{"name":"wp","href":"https:\/\/api.w.org\/{rel}","templated":true}]}}

<p>Kaare Klint est né au Danemark en 1888 et a été l&rsquo;un des plus importants architectes et designers de meubles scandinaves. Son frère Tage a fondé la prestigieuse marque familiale « <a href="https://egidimadeinitaly.com/ecomsite/fr/produit/design-fr/luminaires-fr-2/lustres-fr/lustre-danois-annees-80-le-klint/">Le Klint</a> » en 1943 et a été également professeur d&rsquo;architecture. Il a collaboré avec son collègue Rasmussens Snedkeri qui partageait avec lui une passion pour le style dit  du réalisme classique, et ensemble ils ont produit une ligne de mobilier haut de gamme. On peut aisément affirmer que Kaare Klint  a été le père du design scandinave. La preuve en est que ses nombreux projets de mobilier emblématiques sont exposés dans les meilleurs musées du monde: par exemple l’<em>iconique siège</em> de fenêtre au <a href="https://www.faaborgmuseum.dk/udforsk-kunsten/kaare-klints-mobler/">Faaborg Museum</a> en 1914. En 1930, il a conçu son chef-d&rsquo;œuvre à Copenhague, l&rsquo;icône « Safari Chair » conçue pour l&rsquo;église locale de Bethléem.</p>

<!-- This site is optimized with the Yoast SEO Premium plugin v27.4 (Yoast SEO v27.5) - https://yoast.com/product/yoast-seo-premium-wordpress/ -->
<title>Kaare Klint - Egidi MadeinItaly</title>
<meta name="description" content="Kaare Klint grand architecte danois père du design scandinave du vingtième siècle. Lustres exclusifs ici sur Egidi MadeinItaly" />
<meta name="robots" content="index, follow, max-snippet:-1, max-image-preview:large, max-video-preview:-1" />
<link rel="canonical" href="https://egidimadeinitaly.com/fr/artisti/kaare-klint/" />
<meta property="og:locale" content="fr_FR" />
<meta property="og:type" content="article" />
<meta property="og:title" content="Kaare Klint" />
<meta property="og:description" content="Kaare Klint Designer scandinave" />
<meta property="og:url" content="https://egidimadeinitaly.com/fr/artisti/kaare-klint/" />
<meta property="og:site_name" content="Egidi MadeinItaly" />
<meta property="article:publisher" content="https://www.facebook.com/egidimadeinitaly/" />
<meta property="article:modified_time" content="2025-03-02T09:27:01+00:00" />
<meta property="og:image" content="https://egidimadeinitaly.com/wp-content/uploads/2020/09/4BA1C1FC-425C-4856-8C8C-03C3EB417C06-scaled-e1723399251832.jpeg" />
	<meta property="og:image:width" content="2560" />
	<meta property="og:image:height" content="1709" />
	<meta property="og:image:type" content="image/jpeg" />
<script type="application/ld+json" class="yoast-schema-graph">{"@context":"https:\/\/schema.org","@graph":[{"@type":"WebPage","@id":"https:\/\/egidimadeinitaly.com\/fr\/artisti\/kaare-klint\/","url":"https:\/\/egidimadeinitaly.com\/fr\/artisti\/kaare-klint\/","name":"Kaare Klint - Egidi MadeinItaly","isPartOf":{"@id":"https:\/\/egidimadeinitaly.com\/fr\/#website"},"primaryImageOfPage":{"@id":"https:\/\/egidimadeinitaly.com\/fr\/artisti\/kaare-klint\/#primaryimage"},"image":{"@id":"https:\/\/egidimadeinitaly.com\/fr\/artisti\/kaare-klint\/#primaryimage"},"thumbnailUrl":"https:\/\/egidimadeinitaly.com\/v25\/wp-content\/uploads\/2020\/09\/4BA1C1FC-425C-4856-8C8C-03C3EB417C06-scaled-e1723399251832.jpeg","datePublished":"2021-07-13T14:34:38+00:00","dateModified":"2025-03-02T09:27:01+00:00","description":"Kaare Klint grand architecte danois père du design scandinave du vingtième siècle. Lustres exclusifs ici sur Egidi MadeinItaly","breadcrumb":{"@id":"https:\/\/egidimadeinitaly.com\/fr\/artisti\/kaare-klint\/#breadcrumb"},"inLanguage":"fr-FR","potentialAction":[{"@type":"ReadAction","target":["https:\/\/egidimadeinitaly.com\/fr\/artisti\/kaare-klint\/"]}]},{"@type":"ImageObject","inLanguage":"fr-FR","@id":"https:\/\/egidimadeinitaly.com\/fr\/artisti\/kaare-klint\/#primaryimage","url":"https:\/\/egidimadeinitaly.com\/v25\/wp-content\/uploads\/2020\/09\/4BA1C1FC-425C-4856-8C8C-03C3EB417C06-scaled-e1723399251832.jpeg","contentUrl":"https:\/\/egidimadeinitaly.com\/v25\/wp-content\/uploads\/2020\/09\/4BA1C1FC-425C-4856-8C8C-03C3EB417C06-scaled-e1723399251832.jpeg","width":2560,"height":1709,"caption":"Lustre Scandinave Éclairé Anneés 80 Le Klint"},{"@type":"BreadcrumbList","@id":"https:\/\/egidimadeinitaly.com\/fr\/artisti\/kaare-klint\/#breadcrumb","itemListElement":[{"@type":"ListItem","position":1,"name":"Home","item":"https:\/\/egidimadeinitaly.com\/fr\/"},{"@type":"ListItem","position":2,"name":"Kaare Klint"}]},{"@type":"WebSite","@id":"https:\/\/egidimadeinitaly.com\/fr\/#website","url":"https:\/\/egidimadeinitaly.com\/fr\/","name":"Egidi MadeinItaly","description":"Fine Art","potentialAction":[{"@type":"SearchAction","target":{"@type":"EntryPoint","urlTemplate":"https:\/\/egidimadeinitaly.com\/fr\/?s={search_term_string}"},"query-input":{"@type":"PropertyValueSpecification","valueRequired":true,"valueName":"search_term_string"}}],"inLanguage":"fr-FR"}]}</script>
<!-- / Yoast SEO Premium plugin. -->

Kaare Klint grand architecte danois père du design scandinave du vingtième siècle. Lustres exclusifs ici sur Egidi MadeinItaly

Lustre Scandinave Éclairé Anneés 80 Le Klint
