{"id":100624,"date":"2021-06-23T13:27:27","date_gmt":"2021-06-23T12:27:27","guid":{"rendered":"http:\/\/egidimadeinitaly.demonewlogic.it\/artisti\/peter-ghyczy\/"},"modified":"2025-03-02T10:28:40","modified_gmt":"2025-03-02T09:28:40","slug":"peter-ghyczy","status":"publish","type":"artisti","link":"https:\/\/egidimadeinitaly.com\/fr\/artisti\/peter-ghyczy\/","title":{"rendered":"Peter Ghyczy"},"content":{"rendered":"<p>En 2018, Peter Ghyczy a f\u00eat\u00e9 les 50 ans de son fauteuil Garden Egg Chair, plus connu sous le nom d\u2019Egg Chair.<\/p>\n<p>D\u2019origine hongroise, mais vivant aux Pays-Bas, cosmopolite par nature, Peter Ghyczy (se prononce Guygee) est un cr\u00e9ateur infatigable\u00a0 avec une id\u00e9e fixe : le fonctionnel.<\/p>\n<p>\u00c0 l&rsquo;occasion du 50\u00b0 anniversaire de l&rsquo;Egg Chair, son travail a fait l\u2019objet d\u2019une s\u00e9rie d\u2019\u00e9v\u00e9nements et de c\u00e9l\u00e9brations, dont une exposition \u00e0 Bruxelles, un nouveau livre, et la pr\u00e9sence de sa marque \u00e0 la Milano Design Week en avril 2018.<\/p>\n<p>N\u00e9 en 1940 \u00e0 Budapest, Peter Ghyczy a quitt\u00e9 la Hongrie pour s\u2019installer en Allemagne.<\/p>\n<p>Il a suivi les cours de sculpture de l&rsquo;Acad\u00e9mie d&rsquo;art de D\u00fcsseldorf, puis les cours d\u2019architecture de l\u2019\u00c9cole sup\u00e9rieure polytechnique d\u2019Aix-la-Chapelle. Il a travaill\u00e9 comme assistant du professeur Rudolf Steinbach, sur un projet de l&rsquo;UNESCO en \u00c9gypte, et ensuite \u00e0 Paris.<\/p>\n<p>1968 est l&rsquo;ann\u00e9e de la cr\u00e9ation du Garden Egg Chair. \u00c0 l&rsquo;\u00e9poque Ghyczy est nomm\u00e9 responsable du d\u00e9veloppement de meubles en polyur\u00e9thane au Reuter Institut de Lemf\u00f6rde. C\u2019est alors qu\u2019il dessine le Garden Egg Chair, qui fait son entr\u00e9e sur la sc\u00e8ne du design et dans la vie quotidienne des familles d\u2019Europe du Nord.<\/p>\n<p>Ce fauteuil devient rapidement une ic\u00f4ne non seulement des maisons de ces ann\u00e9es-l\u00e0, mais aussi de l\u2019histoire du design. Il fait partie des expositions permanentes du Victoria &amp; Albert Museum de Londres, du Mus\u00e9e Wende (Californie, \u00c9tats-Unis) et du mus\u00e9e du Design de Holon (Holon, Isra\u00ebl).<\/p>\n<p>Parmi ses amateurs et ses collectionneurs, citons Karl Lagerfeld, Frida Giannini, Lisa Perry, The Osbournes, Dave Stewart of the Eurythmics et Tom Dixon).<\/p>\n<p>&nbsp;<\/p>\n","protected":false},"excerpt":{"rendered":"<p>En 2018, l\u2019ADAM Museum de Bruxelles lui a consacr\u00e9 une exposition intitul\u00e9e \u00ab Peter Ghyczy: 50 years of functionalism \u00bb, organis\u00e9e par Kunty Moureau.<\/p>\n","protected":false},"featured_media":0,"parent":0,"template":"","format":"standard","meta":{"_acf_changed":false},"tags":[6507],"class_list":["post-100624","artisti","type-artisti","status-publish","format-standard","hentry","tags-g"],"acf":[],"yoast_head":"<!-- This site is optimized with the Yoast SEO Premium plugin v27.4 (Yoast SEO v27.5) - https:\/\/yoast.com\/product\/yoast-seo-premium-wordpress\/ -->\n<title>Peter Ghyczy - Egidi MadeinItaly<\/title>\n<meta name=\"description\" content=\"Peter Ghyczy d&#039;origine hongroise mais cosmopolite par nature. Il est un cr\u00e9ateur infatigable\u00a0 avec une id\u00e9e fixe le fonctionnel\" \/>\n<meta name=\"robots\" content=\"index, follow, max-snippet:-1, max-image-preview:large, max-video-preview:-1\" \/>\n<link rel=\"canonical\" href=\"https:\/\/egidimadeinitaly.com\/fr\/artisti\/peter-ghyczy\/\" \/>\n<meta property=\"og:locale\" content=\"fr_FR\" \/>\n<meta property=\"og:type\" content=\"article\" \/>\n<meta property=\"og:title\" content=\"Peter Ghyczy\" \/>\n<meta property=\"og:description\" content=\"En 2018, l\u2019ADAM Museum de Bruxelles lui a consacr\u00e9 une exposition intitul\u00e9e \u00ab Peter Ghyczy: 50 years of functionalism \u00bb, organis\u00e9e par Kunty Moureau.\" \/>\n<meta property=\"og:url\" content=\"https:\/\/egidimadeinitaly.com\/fr\/artisti\/peter-ghyczy\/\" \/>\n<meta property=\"og:site_name\" content=\"Egidi MadeinItaly\" \/>\n<meta property=\"article:publisher\" content=\"https:\/\/www.facebook.com\/egidimadeinitaly\/\" \/>\n<meta property=\"article:modified_time\" content=\"2025-03-02T09:28:40+00:00\" \/>\n<script type=\"application\/ld+json\" class=\"yoast-schema-graph\">{\"@context\":\"https:\\\/\\\/schema.org\",\"@graph\":[{\"@type\":\"WebPage\",\"@id\":\"https:\\\/\\\/egidimadeinitaly.com\\\/fr\\\/artisti\\\/peter-ghyczy\\\/\",\"url\":\"https:\\\/\\\/egidimadeinitaly.com\\\/fr\\\/artisti\\\/peter-ghyczy\\\/\",\"name\":\"Peter Ghyczy - Egidi MadeinItaly\",\"isPartOf\":{\"@id\":\"https:\\\/\\\/egidimadeinitaly.com\\\/fr\\\/#website\"},\"datePublished\":\"2021-06-23T12:27:27+00:00\",\"dateModified\":\"2025-03-02T09:28:40+00:00\",\"description\":\"Peter Ghyczy d'origine hongroise mais cosmopolite par nature. Il est un cr\u00e9ateur infatigable\u00a0 avec une id\u00e9e fixe le fonctionnel\",\"breadcrumb\":{\"@id\":\"https:\\\/\\\/egidimadeinitaly.com\\\/fr\\\/artisti\\\/peter-ghyczy\\\/#breadcrumb\"},\"inLanguage\":\"fr-FR\",\"potentialAction\":[{\"@type\":\"ReadAction\",\"target\":[\"https:\\\/\\\/egidimadeinitaly.com\\\/fr\\\/artisti\\\/peter-ghyczy\\\/\"]}]},{\"@type\":\"BreadcrumbList\",\"@id\":\"https:\\\/\\\/egidimadeinitaly.com\\\/fr\\\/artisti\\\/peter-ghyczy\\\/#breadcrumb\",\"itemListElement\":[{\"@type\":\"ListItem\",\"position\":1,\"name\":\"Home\",\"item\":\"https:\\\/\\\/egidimadeinitaly.com\\\/fr\\\/\"},{\"@type\":\"ListItem\",\"position\":2,\"name\":\"Peter Ghyczy\"}]},{\"@type\":\"WebSite\",\"@id\":\"https:\\\/\\\/egidimadeinitaly.com\\\/fr\\\/#website\",\"url\":\"https:\\\/\\\/egidimadeinitaly.com\\\/fr\\\/\",\"name\":\"Egidi MadeinItaly\",\"description\":\"Fine Art\",\"potentialAction\":[{\"@type\":\"SearchAction\",\"target\":{\"@type\":\"EntryPoint\",\"urlTemplate\":\"https:\\\/\\\/egidimadeinitaly.com\\\/fr\\\/?s={search_term_string}\"},\"query-input\":{\"@type\":\"PropertyValueSpecification\",\"valueRequired\":true,\"valueName\":\"search_term_string\"}}],\"inLanguage\":\"fr-FR\"}]}<\/script>\n<!-- \/ Yoast SEO Premium plugin. -->","yoast_head_json":{"title":"Peter Ghyczy - Egidi MadeinItaly","description":"Peter Ghyczy d'origine hongroise mais cosmopolite par nature. Il est un cr\u00e9ateur infatigable\u00a0 avec une id\u00e9e fixe le fonctionnel","robots":{"index":"index","follow":"follow","max-snippet":"max-snippet:-1","max-image-preview":"max-image-preview:large","max-video-preview":"max-video-preview:-1"},"canonical":"https:\/\/egidimadeinitaly.com\/fr\/artisti\/peter-ghyczy\/","og_locale":"fr_FR","og_type":"article","og_title":"Peter Ghyczy","og_description":"En 2018, l\u2019ADAM Museum de Bruxelles lui a consacr\u00e9 une exposition intitul\u00e9e \u00ab Peter Ghyczy: 50 years of functionalism \u00bb, organis\u00e9e par Kunty Moureau.","og_url":"https:\/\/egidimadeinitaly.com\/fr\/artisti\/peter-ghyczy\/","og_site_name":"Egidi MadeinItaly","article_publisher":"https:\/\/www.facebook.com\/egidimadeinitaly\/","article_modified_time":"2025-03-02T09:28:40+00:00","schema":{"@context":"https:\/\/schema.org","@graph":[{"@type":"WebPage","@id":"https:\/\/egidimadeinitaly.com\/fr\/artisti\/peter-ghyczy\/","url":"https:\/\/egidimadeinitaly.com\/fr\/artisti\/peter-ghyczy\/","name":"Peter Ghyczy - Egidi MadeinItaly","isPartOf":{"@id":"https:\/\/egidimadeinitaly.com\/fr\/#website"},"datePublished":"2021-06-23T12:27:27+00:00","dateModified":"2025-03-02T09:28:40+00:00","description":"Peter Ghyczy d'origine hongroise mais cosmopolite par nature. Il est un cr\u00e9ateur infatigable\u00a0 avec une id\u00e9e fixe le fonctionnel","breadcrumb":{"@id":"https:\/\/egidimadeinitaly.com\/fr\/artisti\/peter-ghyczy\/#breadcrumb"},"inLanguage":"fr-FR","potentialAction":[{"@type":"ReadAction","target":["https:\/\/egidimadeinitaly.com\/fr\/artisti\/peter-ghyczy\/"]}]},{"@type":"BreadcrumbList","@id":"https:\/\/egidimadeinitaly.com\/fr\/artisti\/peter-ghyczy\/#breadcrumb","itemListElement":[{"@type":"ListItem","position":1,"name":"Home","item":"https:\/\/egidimadeinitaly.com\/fr\/"},{"@type":"ListItem","position":2,"name":"Peter Ghyczy"}]},{"@type":"WebSite","@id":"https:\/\/egidimadeinitaly.com\/fr\/#website","url":"https:\/\/egidimadeinitaly.com\/fr\/","name":"Egidi MadeinItaly","description":"Fine Art","potentialAction":[{"@type":"SearchAction","target":{"@type":"EntryPoint","urlTemplate":"https:\/\/egidimadeinitaly.com\/fr\/?s={search_term_string}"},"query-input":{"@type":"PropertyValueSpecification","valueRequired":true,"valueName":"search_term_string"}}],"inLanguage":"fr-FR"}]}},"_links":{"self":[{"href":"https:\/\/egidimadeinitaly.com\/fr\/wp-json\/wp\/v2\/artisti\/100624","targetHints":{"allow":["GET"]}}],"collection":[{"href":"https:\/\/egidimadeinitaly.com\/fr\/wp-json\/wp\/v2\/artisti"}],"about":[{"href":"https:\/\/egidimadeinitaly.com\/fr\/wp-json\/wp\/v2\/types\/artisti"}],"wp:attachment":[{"href":"https:\/\/egidimadeinitaly.com\/fr\/wp-json\/wp\/v2\/media?parent=100624"}],"wp:term":[{"taxonomy":"post_tag","embeddable":true,"href":"https:\/\/egidimadeinitaly.com\/fr\/wp-json\/wp\/v2\/tags?post=100624"},{"taxonomy":"tags","embeddable":true,"href":"https:\/\/egidimadeinitaly.com\/fr\/wp-json\/wp\/v2\/tags?post=100624"}],"curies":[{"name":"wp","href":"https:\/\/api.w.org\/{rel}","templated":true}]}}

<p>En 2018, Peter Ghyczy a fêté les 50 ans de son fauteuil Garden Egg Chair, plus connu sous le nom d’Egg Chair.</p>
<p>D’origine hongroise, mais vivant aux Pays-Bas, cosmopolite par nature, Peter Ghyczy (se prononce Guygee) est un créateur infatigable  avec une idée fixe : le fonctionnel.</p>
<p>À l&rsquo;occasion du 50° anniversaire de l&rsquo;Egg Chair, son travail a fait l’objet d’une série d’événements et de célébrations, dont une exposition à Bruxelles, un nouveau livre, et la présence de sa marque à la Milano Design Week en avril 2018.</p>
<p>Né en 1940 à Budapest, Peter Ghyczy a quitté la Hongrie pour s’installer en Allemagne.</p>
<p>Il a suivi les cours de sculpture de l&rsquo;Académie d&rsquo;art de Düsseldorf, puis les cours d’architecture de l’École supérieure polytechnique d’Aix-la-Chapelle. Il a travaillé comme assistant du professeur Rudolf Steinbach, sur un projet de l&rsquo;UNESCO en Égypte, et ensuite à Paris.</p>
<p>1968 est l&rsquo;année de la création du Garden Egg Chair. À l&rsquo;époque Ghyczy est nommé responsable du développement de meubles en polyuréthane au Reuter Institut de Lemförde. C’est alors qu’il dessine le Garden Egg Chair, qui fait son entrée sur la scène du design et dans la vie quotidienne des familles d’Europe du Nord.</p>
<p>Ce fauteuil devient rapidement une icône non seulement des maisons de ces années-là, mais aussi de l’histoire du design. Il fait partie des expositions permanentes du Victoria &amp; Albert Museum de Londres, du Musée Wende (Californie, États-Unis) et du musée du Design de Holon (Holon, Israël).</p>
<p>Parmi ses amateurs et ses collectionneurs, citons Karl Lagerfeld, Frida Giannini, Lisa Perry, The Osbournes, Dave Stewart of the Eurythmics et Tom Dixon).</p>
<p>&nbsp;</p>

<p>En 2018, l’ADAM Museum de Bruxelles lui a consacré une exposition intitulée « Peter Ghyczy: 50 years of functionalism », organisée par Kunty Moureau.</p>

<!-- This site is optimized with the Yoast SEO Premium plugin v27.4 (Yoast SEO v27.5) - https://yoast.com/product/yoast-seo-premium-wordpress/ -->
<title>Peter Ghyczy - Egidi MadeinItaly</title>
<meta name="description" content="Peter Ghyczy d&#039;origine hongroise mais cosmopolite par nature. Il est un créateur infatigable  avec une idée fixe le fonctionnel" />
<meta name="robots" content="index, follow, max-snippet:-1, max-image-preview:large, max-video-preview:-1" />
<link rel="canonical" href="https://egidimadeinitaly.com/fr/artisti/peter-ghyczy/" />
<meta property="og:locale" content="fr_FR" />
<meta property="og:type" content="article" />
<meta property="og:title" content="Peter Ghyczy" />
<meta property="og:description" content="En 2018, l’ADAM Museum de Bruxelles lui a consacré une exposition intitulée « Peter Ghyczy: 50 years of functionalism », organisée par Kunty Moureau." />
<meta property="og:url" content="https://egidimadeinitaly.com/fr/artisti/peter-ghyczy/" />
<meta property="og:site_name" content="Egidi MadeinItaly" />
<meta property="article:publisher" content="https://www.facebook.com/egidimadeinitaly/" />
<meta property="article:modified_time" content="2025-03-02T09:28:40+00:00" />
<script type="application/ld+json" class="yoast-schema-graph">{"@context":"https:\/\/schema.org","@graph":[{"@type":"WebPage","@id":"https:\/\/egidimadeinitaly.com\/fr\/artisti\/peter-ghyczy\/","url":"https:\/\/egidimadeinitaly.com\/fr\/artisti\/peter-ghyczy\/","name":"Peter Ghyczy - Egidi MadeinItaly","isPartOf":{"@id":"https:\/\/egidimadeinitaly.com\/fr\/#website"},"datePublished":"2021-06-23T12:27:27+00:00","dateModified":"2025-03-02T09:28:40+00:00","description":"Peter Ghyczy d'origine hongroise mais cosmopolite par nature. Il est un créateur infatigable  avec une idée fixe le fonctionnel","breadcrumb":{"@id":"https:\/\/egidimadeinitaly.com\/fr\/artisti\/peter-ghyczy\/#breadcrumb"},"inLanguage":"fr-FR","potentialAction":[{"@type":"ReadAction","target":["https:\/\/egidimadeinitaly.com\/fr\/artisti\/peter-ghyczy\/"]}]},{"@type":"BreadcrumbList","@id":"https:\/\/egidimadeinitaly.com\/fr\/artisti\/peter-ghyczy\/#breadcrumb","itemListElement":[{"@type":"ListItem","position":1,"name":"Home","item":"https:\/\/egidimadeinitaly.com\/fr\/"},{"@type":"ListItem","position":2,"name":"Peter Ghyczy"}]},{"@type":"WebSite","@id":"https:\/\/egidimadeinitaly.com\/fr\/#website","url":"https:\/\/egidimadeinitaly.com\/fr\/","name":"Egidi MadeinItaly","description":"Fine Art","potentialAction":[{"@type":"SearchAction","target":{"@type":"EntryPoint","urlTemplate":"https:\/\/egidimadeinitaly.com\/fr\/?s={search_term_string}"},"query-input":{"@type":"PropertyValueSpecification","valueRequired":true,"valueName":"search_term_string"}}],"inLanguage":"fr-FR"}]}</script>
<!-- / Yoast SEO Premium plugin. -->

Peter Ghyczy d'origine hongroise mais cosmopolite par nature. Il est un créateur infatigable  avec une idée fixe le fonctionnel

En 2018, l’ADAM Museum de Bruxelles lui a consacré une exposition intitulée « Peter Ghyczy: 50 years of functionalism », organisée par Kunty Moureau.
